at com.google.android.apps.gsa.shared.util.concurrent.a.ap.run(SourceFile:1)
at com.google.android.apps.gsa.shared.util.concurrent.a.ap.run(SourceFile:1)
at java.util.concurrent.ThreadPoolExecutor.runWorker(ThreadPoolExecutor.java:1162)
at java.util.concurrent.ThreadPoolExecutor$Worker.run(ThreadPoolExecutor.java:636)
at java.lang.Thread.run(Thread.java:764)
at com.google.android.apps.gsa.shared.util.concurrent.a.l.run(SourceFile:5)
2019-03-19 11:20:14.852 593-593/? W//system/bin/hw/android.hidl.allocator@1.0-service: ashmem_create_region(640) returning hidl_memory(0x7400c2c350, 640)
2019-03-19 11:20:14.854 593-593/? W//system/bin/hw/android.hidl.allocator@1.0-service: ashmem_create_region(640) returning hidl_memory(0x7400c2c350, 640)
2019-03-19 11:20:14.854 5216-5251/? W/zygote: Skipping duplicate class check due to unrecognized classloader
2019-03-19 11:20:14.854 593-593/? W//system/bin/hw/android.hidl.allocator@1.0-service: ashmem_create_region(640) returning hidl_memory(0x7400c2c350, 640)
2019-03-19 11:20:14.855 593-593/? W//system/bin/hw/android.hidl.allocator@1.0-service: ashmem_create_region(8192) returning hidl_memory(0x7400c2c350, 8192)
2019-03-19 11:20:14.856 593-593/? I/chatty: uid=1000(system) allocator@1.0-s identical 2 lines
2019-03-19 11:20:14.856 593-593/? W//system/bin/hw/android.hidl.allocator@1.0-service: ashmem_create_region(8192) returning hidl_memory(0x7400c2c350, 8192)
2019-03-19 11:20:14.861 595-5255/? D/libperfdclientstub: perf_lock_rel stub called by pid: 595
2019-03-19 11:20:14.863 5216-5251/? D/CronetProvider: Tried to load org.chromium.net.impl.NativeCronetProvider provider class but it wasn't included in the app classpath
2019-03-19 11:20:14.876 5216-5251/? I/cr_CronetLibraryLoader: Cronet version: 70.0.3538.80, arch: armv8l
2019-03-19 11:20:14.881 5216-5254/? W/CronetHttpEngine: Upload request without a content type.
2019-03-19 11:20:14.894 5216-5233/? W/SpeechLevelGenerator: Really low audio levels detected. The audio input may have issues.
2019-03-19 11:20:14.947 5216-5267/? D/NetworkSecurityConfig: No Network Security Config specified, using platform default
2019-03-19 11:20:15.182 664-797/? W/AudioFlinger::EffectModule: EffectModule 0xf2d7d080 destructor called with unreleased interface
2019-03-19 11:20:15.182 664-797/? W/AudioFlinger::EffectHandle: disconnect Effect handle 0xf2d2e5c0 disconnected after thread destruction
2019-03-19 11:20:15.632 5216-5240/? W/RecognitionDispatcher: Could not stop engine: 3.
2019-03-19 11:20:15.633 5021-5021/? I/KKSpeechRecognizer: onBeginningOfSpeech
2019-03-19 11:20:15.780 5021-5037/? I/Unity: GotPartialResult (Filename: ./Runtime/Export/Debug.bindings.h Line: 45)
2019-03-19 11:20:16.544 5021-5037/? I/chatty: uid=10076(com.bds.ymtcpsvr) UnityMain identical 3 lines
2019-03-19 11:20:16.612 5021-5037/? I/Unity: GotPartialResult (Filename: ./Runtime/Export/Debug.bindings.h Line: 45)
2019-03-19 11:20:16.693 5021-5037/? I/Unity: GotPartialResult Alright (Filename: ./Runtime/Export/Debug.bindings.h Line: 45)
2019-03-19 11:20:16.707 5021-5037/? I/Unity: GotPartialResult alright (Filename: ./Runtime/Export/Debug.bindings.h Line: 45)
2019-03-19 11:20:16.798 5021-5037/? I/chatty: uid=10076(com.bds.ymtcpsvr) UnityMain identical 3 lines
2019-03-19 11:20:16.851 5021-5037/? I/Unity: GotPartialResult alright (Filename: ./Runtime/Export/Debug.bindings.h Line: 45)
2019-03-19 11:20:17.468 5021-5037/? I/Unity: GotPartialResult alright just a moment (Filename: ./Runtime/Export/Debug.bindings.h Line: 45)
2019-03-19 11:20:17.678 5216-5240/? I/MicrophoneInputStream: mic_close com.google.android.apps.gsa.speech.audio.ae@f33d129
2019-03-19 11:20:17.710 595-595/? D/audio_hw_primary: disable_audio_route: usecase(9) reset and update mixer path: audio-record
2019-03-19 11:20:17.711 595-595/? D/audio_hw_primary: disable_snd_device: snd_device(80: voice-rec-dmic-ef-fluence)
2019-03-19 11:20:17.724 5021-5021/? I/KKSpeechRecognizer: onEndOfSpeech
2019-03-19 11:20:17.734 5021-5037/? I/Unity: End Of Speech (Filename: ./Runtime/Export/Debug.bindings.h Line: 45)
2019-03-19 11:20:17.750 5021-5037/? I/Unity: exit (Filename: ./Runtime/Export/Debug.bindings.h Line: 45)
2019-03-19 11:20:17.808 5216-5240/? I/AudioController: internalShutdown
2019-03-19 11:20:17.816 5216-5216/? I/RecognizerImpl: Supplied requestId [yg-5hUpUH4Y] is not the one that is currently active [null]
2019-03-19 11:20:17.818 593-593/? W//system/bin/hw/android.hidl.allocator@1.0-service: ashmem_create_region(3840) returning hidl_memory(0x7400c2c350, 3840)
2019-03-19 11:20:17.820 593-593/? W//system/bin/hw/android.hidl.allocator@1.0-service: ashmem_create_region(3840) returning hidl_memory(0x7400c2c350, 3840)
2019-03-19 11:20:17.829 5021-5037/? I/Unity: GotFinalResult alright just a moment (Filename: ./Runtime/Export/Debug.bindings.h Line: 45)
2019-03-19 11:20:18.342 664-797/? W/AudioFlinger::EffectModule: EffectModule 0xf2d7c480 destructor called with unreleased interface
2019-03-19 11:20:18.342 664-797/? W/AudioFlinger::EffectHandle: disconnect Effect handle 0xf2d2e700 disconnected after thread destruction
2019-03-19 11:20:19.743 1635-1661/? E/AbstractServiceBroker: Getting service failed java.lang.SecurityException: GoogleCertificatesRslt: not whitelisted: pkg=com.google.android.apps.speechservices, sha1=38918a453d07199354f8b19af05ec6562ced5788, atk=false, ver=15090019.true at qgs.b(:com.google.android.gms@15090019@15.0.90 (040400-231259764):2) at qgy.a(:com.google.android.gms@15090019@15.0.90 (040400-231259764):21) at com.google.android.contextmanager.service.ContextManagerChimeraService.a(:com.google.android.gms@15090019@15.0.90 (040400-231259764):10) at yzp.a(:com.google.android.gms@15090019@15.0.90 (040400-231259764):17) at ray.a(:com.google.android.gms@15090019@15.0.90 (040400-231259764):40) at rdu.onTransact(:com.google.android.gms@15090019@15.0.90 (040400-231259764):36)
at android.os.Binder.transact(Binder.java:604) at dvm.onTransact(:com.google.android.gms@15090019@15.0.90 (040400-231259764):3)
at android.os.Binder.execTransact(Binder.java:674)
2019-03-19 11:20:19.744 5216-5256/? E/AndroidRuntime: FATAL EXCEPTION: GcoreGoogleApiClient Process: com.google.android.apps.speechservices:search, PID: 5216 java.lang.SecurityException: GoogleCertificatesRslt: not whitelisted: pkg=com.google.android.apps.speechservices, sha1=38918a453d07199354f8b19af05ec6562ced5788, atk=false, ver=15090019.true
at android.os.Parcel.readException(Parcel.java:1944)
at android.os.Parcel.readException(Parcel.java:1890)
at com.google.android.gms.common.internal.x.a(Unknown Source:36)
at com.google.android.gms.common.internal.an.a(Unknown Source:39)
at com.google.android.gms.common.api.internal.q.UZ(Unknown Source:14)
at com.google.android.gms.common.api.internal.v.run(Unknown Source:5)
at java.util.concurrent.Executors$RunnableAdapter.call(Executors.java:457)
at java.util.concurrent.FutureTask.run(FutureTask.java:266)
at java.util.concurrent.ThreadPoolExecutor.runWorker(ThreadPoolExecutor.java:1162)
at java.util.concurrent.ThreadPoolExecutor$Worker.run(ThreadPoolExecutor.java:636)
at com.google.android.gms.internal.x.run(Unknown Source:7)
at java.lang.Thread.run(Thread.java:764)
2019-03-19 11:20:19.757 1064-1078/? I/ActivityManager: Start proc 5276:com.google.android.apps.speechservices:crash_report/u0a74 for broadcast com.google.android.apps.speechservices/com.google.android.apps.gsa.silentfeedback.SilentFeedbackReceiver
2019-03-19 11:20:19.758 5276-5276/? W/zygote: Using default instruction set features for ARM CPU variant (cortex-a9) using conservative defaults
2019-03-19 11:20:19.813 5216-5256/? I/Process: Sending signal. PID: 5216 SIG: 9
2019-03-19 11:20:19.838 1064-3920/? D/ConnectivityService: ConnectivityService NetworkRequestInfo binderDied(NetworkRequest [ LISTEN id=17, [ Capabilities: INTERNET&NOT_RESTRICTED&TRUSTED] ], android.os.BinderProxy@29dbc45)
2019-03-19 11:20:19.838 1064-5209/? I/MediaFocusControl: AudioFocus removeFocusStackEntryOnDeath(): removing entry for android.os.BinderProxy@ee45f9a
2019-03-19 11:20:19.838 1064-1288/? I/ActivityManager: Process com.google.android.apps.speechservices:search (pid 5216) has died: vis BFGS
2019-03-19 11:20:19.839 1064-1288/? W/ActivityManager: Scheduling restart of crashed service com.google.android.apps.speechservices/com.google.android.apps.gsa.search.core.service.SearchService in 1000ms
2019-03-19 11:20:19.839 1064-1288/? W/ActivityManager: Service crashed 2 times, stopping: ServiceRecord{4ec7336 u0 com.google.android.apps.speechservices/com.google.android.voicesearch.serviceapi.GoogleRecognitionService}
2019-03-19 11:20:19.839 1064-1080/? W/zygote64: kill(-5216, 9) failed: No such process
2019-03-19 11:20:19.839 1064-1080/? I/zygote64: Successfully killed process cgroup uid 10074 pid 5216 in 0ms
2019-03-19 11:20:19.855 5276-5276/? D/AndroidRuntime: Shutting down VM
2019-03-19 11:20:19.855 5276-5276/? E/AndroidRuntime: FATAL EXCEPTION: main Process: com.google.android.apps.speechservices:crash_report, PID: 5276 java.lang.SecurityException: GoogleCertificatesRslt: not whitelisted: pkg=com.google.android.apps.speechservices, sha1=38918a453d07199354f8b19af05ec6562ced5788, atk=false, ver=15090019.true
at android.os.Parcel.readException(Parcel.java:1944)
at android.os.Parcel.readException(Parcel.java:1890)
at com.google.android.gms.common.internal.x.a(Unknown Source:36)
at com.google.android.gms.common.internal.an.a(Unknown Source:39)
at com.google.android.gms.common.api.internal.q.UZ(Unknown Source:14)
at com.google.android.gms.common.api.internal.v.run(Unknown Source:5)
at java.util.concurrent.Executors$RunnableAdapter.call(Executors.java:457)
at java.util.concurrent.FutureTask.run(FutureTask.java:266)
at java.util.concurrent.ThreadPoolExecutor.runWorker(ThreadPoolExecutor.java:1162)
at java.util.concurrent.ThreadPoolExecutor$Worker.run(ThreadPoolExecutor.java:636)
at com.google.android.gms.internal.x.run(Unknown Source:7)
at java.lang.Thread.run(Thread.java:764)
2019-03-19 11:20:19.898 1064-5302/? W/ActivityManager: Process com.google.android.apps.speechservices:search has crashed too many times: killing!
2019-03-19 11:20:19.899 1064-5302/? I/ActivityManager: Killing 5276:com.google.android.apps.speechservices:crash_report/u0a74 (adj 0): crash
2019-03-19 11:20:19.900 1064-1080/? W/zygote64: kill(-5276, 9) failed: No such process
2019-03-19 11:20:19.902 1064-1078/? W/BroadcastQueue: Background execution not allowed: receiving Intent { act=android.intent.action.DROPBOX_ENTRY_ADDED flg=0x10 (has extras) } to com.google.android.gms/.stats.service.DropBoxEntryAddedReceiver
2019-03-19 11:20:19.902 1064-1078/? W/BroadcastQueue: Background execution not allowed: receiving Intent { act=android.intent.action.DROPBOX_ENTRY_ADDED flg=0x10 (has extras) } to com.google.android.gms/.chimera.GmsIntentOperationService$PersistentTrustedReceiver
2019-03-19 11:20:19.902 1064-1078/? W/BroadcastQueue: Unable to launch app com.google.android.apps.speechservices/10074 for broadcast Intent { flg=0x10 cmp=com.google.android.apps.speechservices/com.google.android.apps.gsa.silentfeedback.SilentFeedbackReceiver (has extras) }: process is bad
2019-03-19 11:20:19.916 1064-1078/? W/BroadcastQueue: Background execution not allowed: receiving Intent { act=android.intent.action.DROPBOX_ENTRY_ADDED flg=0x10 (has extras) } to com.google.android.gms/.stats.service.DropBoxEntryAddedReceiver
2019-03-19 11:20:19.916 1064-1078/? W/BroadcastQueue: Background execution not allowed: receiving Intent { act=android.intent.action.DROPBOX_ENTRY_ADDED flg=0x10 (has extras) } to com.google.android.gms/.chimera.GmsIntentOperationService$PersistentTrustedReceiver
2019-03-19 11:20:19.943 1064-1080/? W/zygote64: kill(-5276, 9) failed: No such process
2019-03-19 11:20:19.943 1064-1080/? I/zygote64: Successfully killed process cgroup uid 10074 pid 5276 in 43ms
2019-03-19 11:20:20.848 5310-5310/? W/zygote: Using default instruction set features for ARM CPU variant (cortex-a9) using conservative defaults
2019-03-19 11:20:20.850 1064-1078/? I/ActivityManager: Start proc 5310:com.google.android.apps.speechservices:search/u0a74 for service com.google.android.apps.speechservices/com.google.android.apps.gsa.search.core.service.SearchService
2019-03-19 11:20:20.968 5310-5310/? E/WorkerLoader: No worker found for workerId microdetection.
2019-03-19 11:20:20.969 5310-5310/? I/SearchService: We were killed and are starting back!
2019-03-19 11:20:20.970 1064-1309/? W/ActivityManager: Unable to start service Intent { act=com.google.android.apps.gsa.search.core.BroadcastListenerService.action.START cmp=com.google.android.apps.speechservices/com.google.android.apps.gsa.search.core.BroadcastListenerService } U=0: not found
2019-03-19 11:20:21.147 5021-5037/? I/Unity: enter (Filename: ./Runtime/Export/Debug.bindings.h Line: 45)
2019-03-19 11:20:22.950 5021-5037/? I/Unity: Staff (Game1Staff) (Filename: ./Runtime/Export/Debug.bindings.h Line: 45)
2019-03-19 11:20:22.952 5021-5037/? I/Unity: voice: g1staff1 (Filename: ./Runtime/Export/Debug.bindings.h Line: 45)
2019-03-19 11:20:23.956 5021-5037/? I/Unity: exit (Filename: ./Runtime/Export/Debug.bindings.h Line: 45)
2019-03-19 11:20:24.677 5021-5037/? I/Unity: enter (Filename: ./Runtime/Export/Debug.bindings.h Line: 45)
2019-03-19 11:20:25.884 5310-5324/? I/zygote: Waiting for a blocking GC ProfileSaver
2019-03-19 11:20:26.120 5021-5037/? I/Unity: Staff (Game1Staff) (Filename: ./Runtime/Export/Debug.bindings.h Line: 45)
2019-03-19 11:20:26.120 5021-5037/? I/Unity: StartRecording... (Filename: ./Runtime/Export/Debug.bindings.h Line: 45)
2019-03-19 11:20:26.129 5310-5310/? I/GRecognitionServiceImpl: #startListening [en-US]
2019-03-19 11:20:26.155 5310-5310/? E/WorkerLoader: No worker found for workerId networkmonitor.
2019-03-19 11:20:26.156 5310-5310/? E/WorkerLoader: No worker found for workerId sharedmicrodetection.
2019-03-19 11:20:26.160 5310-5310/? E/WorkerLoader: No worker found for workerId actions.
2019-03-19 11:20:26.170 5310-5310/? I/AudioRouter: Route changed: ROUTE_NO_AUDIO->ROUTE_NO_BLUETOOTH,CONNECTION_TYPE_NONE->CONNECTION_TYPE_NONE
2019-03-19 11:20:26.171 5310-5336/? W/AudioManager: Use of stream types is deprecated for operations other than volume control
2019-03-19 11:20:26.171 5310-5336/? W/AudioManager: See the documentation of requestAudioFocus() for what to use instead with android.media.AudioAttributes to qualify your playback use case
2019-03-19 11:20:26.176 1064-1309/? I/MediaFocusControl: AudioFocus requestAudioFocus() from uid/pid 10074/5310 clientId=android.media.AudioManager@d4b368fcom.google.android.apps.gsa.speech.audio.c.b@53ffd1c req=4 flags=0x0
2019-03-19 11:20:26.207 5310-5310/? I/AudioController: Created new AudioSource
2019-03-19 11:20:26.211 5310-5335/? I/MicrophoneInputStream: mic_starting com.google.android.apps.gsa.speech.audio.ae@f33d129
2019-03-19 11:20:26.211 595-595/? W/DeviceHAL: Device 0xec558000 open_input_stream: Invalid argument
2019-03-19 11:20:26.214 5021-5021/? I/KKSpeechRecognizer: onReadyForSpeech
2019-03-19 11:20:26.215 664-5343/? I/AudioFlinger: AudioFlinger's thread 0xf0b03480 tid=5343 ready to run
2019-03-19 11:20:26.220 5310-5341/? I/S3RecognizerInfoBuilder: S3PreambleType 0
2019-03-19 11:20:26.225 5310-5337/? I/FavoriteContactNamesSup: get()
2019-03-19 11:20:26.225 5310-5337/? I/FavoriteContactNamesSup: get() : Execute directly (BG thread)
2019-03-19 11:20:26.226 5310-5337/? I/FavoriteContactNamesSup: get()
2019-03-19 11:20:26.226 5310-5337/? I/FavoriteContactNamesSup: get() : Execute directly (BG thread)
2019-03-19 11:20:26.226 5310-5337/? I/FavoriteContactNamesSup: get()
2019-03-19 11:20:26.227 5310-5337/? I/FavoriteContactNamesSup: get() : Execute directly (BG thread)
2019-03-19 11:20:26.229 1635-1635/? W/ChimeraUtils: Non Chimera context
2019-03-19 11:20:26.229 1635-1635/? W/ChimeraUtils: Non Chimera context
2019-03-19 11:20:26.233 5310-5310/? I/BgTaskExecutorImpl: Starting EXCLUSIVE background task fetch_location_reporting_state.
2019-03-19 11:20:26.234 5310-5337/? D/CronetProvider: Tried to load org.chromium.net.impl.NativeCronetProvider provider class but it wasn't included in the app classpath
2019-03-19 11:20:26.239 595-5350/? D/libperfdclientstub: perf_lock_acq stub called by pid: 595
2019-03-19 11:20:26.240 595-5350/? D/audio_route: Apply path: echo-reference
2019-03-19 11:20:26.241 5310-5335/? I/MicrophoneInputStream: mic_started com.google.android.apps.gsa.speech.audio.ae@f33d129
2019-03-19 11:20:26.242 593-593/? W//system/bin/hw/android.hidl.allocator@1.0-service: ashmem_create_region(3840) returning hidl_memory(0x7400c2c350, 3840)
2019-03-19 11:20:26.243 593-593/? W//system/bin/hw/android.hidl.allocator@1.0-service: ashmem_create_region(3840) returning hidl_memory(0x7400c2c350, 3840)
2019-03-19 11:20:26.244 595-5350/? D/audio_hw_primary: enable_snd_device: snd_device(80: voice-rec-dmic-ef-fluence)
2019-03-19 11:20:26.244 595-5350/? D/audio_route: Apply path: voice-rec-dmic-ef-fluence
2019-03-19 11:20:26.259 595-5350/? D/ACDB-LOADER: ACDB -> send_audio_cal, acdb_id = 111, path = 1, app id = 0x11132, sample rate = 48000
2019-03-19 11:20:26.259 595-5350/? D/ACDB-LOADER: ACDB -> send_asm_topology
2019-03-19 11:20:26.259 595-5350/? D/ACDB-LOADER: ACDB -> ACDB_CMD_GET_AUDPROC_STREAM_TOPOLOGY_ID
2019-03-19 11:20:26.259 595-5350/? D/ACDB-LOADER: ACDB -> send_adm_topology
2019-03-19 11:20:26.259 595-5350/? D/ACDB-LOADER: ACDB -> ACDB_CMD_GET_AUDPROC_COMMON_TOPOLOGY_ID
2019-03-19 11:20:26.259 595-5350/? D/ACDB-LOADER: ACDB -> send_audtable
2019-03-19 11:20:26.259 595-5350/? D/ACDB-LOADER: ACDB -> ACDB_CMD_GET_AUDPROC_COMMON_TABLE_SIZE
2019-03-19 11:20:26.259 595-5350/? D/ACDB-LOADER: ACDB -> ACDB_CMD_GET_AUDPROC_COMMON_TABLE
2019-03-19 11:20:26.259 595-5350/? D/ACDB-LOADER: ACDB -> AUDIO_SET_AUDPROC_CAL
2019-03-19 11:20:26.259 595-5350/? D/ACDB-LOADER: ACDB -> send_audvoltable
2019-03-19 11:20:26.259 595-5350/? D/ACDB-LOADER: ACDB -> ACDB_CMD_GET_AUDPROC_VOL_STEP_TABLE_SIZE
2019-03-19 11:20:26.259 595-5350/? D/ACDB-LOADER: ACDB -> ACDB_CMD_GET_AUDPROC_GAIN_DEP_STEP_TABLE, vol index 0
2019-03-19 11:20:26.259 595-5350/? E/ACDB-LOADER: Error: ACDB AudProc vol returned = -19
2019-03-19 11:20:26.259 595-5350/? D/ACDB-LOADER: ACDB -> AUDIO_SET_VOL_CAL cal type = 12
2019-03-19 11:20:26.260 595-5350/? D/ACDB-LOADER: ACDB -> ACDB_CMD_GET_AUDPROC_STREAM_TABLE_SIZE
2019-03-19 11:20:26.260 595-5350/? D/ACDB-LOADER: ACDB -> send_audstrmtable
2019-03-19 11:20:26.260 595-5350/? D/ACDB-LOADER: ACDB -> ACDB_CMD_GET_AUDPROC_STREAM_TABLE_V2
2019-03-19 11:20:26.260 595-5350/? D/ACDB-LOADER: ACDB -> audstrm_cal->cal_type.cal_data.cal_size = 16
2019-03-19 11:20:26.260 595-5350/? D/ACDB-LOADER: ACDB -> send_afe_topology
2019-03-19 11:20:26.260 595-5350/? D/ACDB-LOADER: ACDB -> ACDB_CMD_GET_AFE_TOPOLOGY_ID
2019-03-19 11:20:26.260 595-5350/? D/ACDB-LOADER: ACDB -> GET_AFE_TOPOLOGY_ID for adcd_id 111, Topology Id 112fb
2019-03-19 11:20:26.260 595-5350/? D/ACDB-LOADER: ACDB -> send_afe_cal
2019-03-19 11:20:26.260 595-5350/? D/ACDB-LOADER: ACDB -> ACDB_CMD_GET_AFE_COMMON_TABLE_SIZE
2019-03-19 11:20:26.260 595-5350/? E/ACDB-LOADER: Error: ACDB_CMD_GET_AFE_COMMON_TABLE_SIZE Returned = -19
2019-03-19 11:20:26.260 595-5350/? D/ACDB-LOADER: ACDB -> ACDB_CMD_GET_AFE_COMMON_TABLE
2019-03-19 11:20:26.260 595-5350/? E/ACDB-LOADER: Error: ACDB AFE returned = -19
2019-03-19 11:20:26.260 595-5350/? D/ACDB-LOADER: ACDB -> AUDIO_SET_AFE_CAL
2019-03-19 11:20:26.260 595-5350/? D/ACDB-LOADER: ACDB -> send_hw_delay : acdb_id = 111 path = 1
2019-03-19 11:20:26.260 595-5350/? D/ACDB-LOADER: ACDB -> ACDB_AVSYNC_INFO: ACDB_CMD_GET_DEVICE_PROPERTY
2019-03-19 11:20:26.260 595-5350/? D/audio_hw_primary: enable_audio_route: usecase(9) apply and update mixer path: audio-record
2019-03-19 11:20:26.260 595-5350/? D/audio_route: Apply path: audio-record
2019-03-19 11:20:26.280 5310-5337/? W/zygote: Skipping duplicate class check due to unrecognized classloader
2019-03-19 11:20:26.281 5310-5352/? I/OMXClient: Treble IOmx obtained
2019-03-19 11:20:26.282 682-1268/? I/OMXMaster: makeComponentInstance(OMX.google.amrwb.encoder) in omx@1.0-service process
2019-03-19 11:20:26.285 682-1268/? E/OMXNodeInstance: getConfig(0xeb322ae0:google.amrwb.encoder, ConfigAndroidVendorExtension(0x6f100004)) ERROR: Undefined(0x80001001)
2019-03-19 11:20:26.290 593-593/? W//system/bin/hw/android.hidl.allocator@1.0-service: ashmem_create_region(640) returning hidl_memory(0x7400c2c350, 640)
2019-03-19 11:20:26.293 593-593/? I/chatty: uid=1000(system) allocator@1.0-s identical 1 line
2019-03-19 11:20:26.293 593-593/? W//system/bin/hw/android.hidl.allocator@1.0-service: ashmem_create_region(640) returning hidl_memory(0x7400c2c350, 640)
2019-03-19 11:20:26.293 595-5350/? D/libperfdclientstub: perf_lock_rel stub called by pid: 595
2019-03-19 11:20:26.293 593-593/? W//system/bin/hw/android.hidl.allocator@1.0-service: ashmem_create_region(640) returning hidl_memory(0x7400c2c350, 640)
2019-03-19 11:20:26.295 593-593/? W//system/bin/hw/android.hidl.allocator@1.0-service: ashmem_create_region(8192) returning hidl_memory(0x7400c2c350, 8192)
2019-03-19 11:20:26.295 593-593/? I/chatty: uid=1000(system) allocator@1.0-s identical 2 lines
2019-03-19 11:20:26.295 593-593/? W//system/bin/hw/android.hidl.allocator@1.0-service: ashmem_create_region(8192) returning hidl_memory(0x7400c2c350, 8192)
2019-03-19 11:20:26.298 5310-5337/? I/DynamiteModule: Considering local module com.google.android.gms.cronet_dynamite:0 and remote module com.google.android.gms.cronet_dynamite:1207
2019-03-19 11:20:26.298 5310-5337/? I/DynamiteModule: Selected remote version of com.google.android.gms.cronet_dynamite, version >= 1207
2019-03-19 11:20:26.308 5310-5351/? W/BgTaskExecutorImpl: EXCLUSIVE background task fetch_location_reporting_state was not found. com.google.android.apps.gsa.tasks.p: Could not find background task: fetch_location_reporting_state
at com.google.android.apps.gsa.tasks.b.b.run(SourceFile:2)
at java.util.concurrent.Executors$RunnableAdapter.call(Executors.java:457)
at java.util.concurrent.FutureTask.run(FutureTask.java:266)
at java.util.concurrent.Executors$RunnableAdapter.call(Executors.java:457)
at java.util.concurrent.FutureTask.run(FutureTask.java:266)
at com.google.android.apps.gsa.shared.util.concurrent.a.h.run(Unknown Source:2)
at com.google.android.apps.gsa.shared.util.concurrent.a.ap.run(SourceFile:1)
at com.google.android.apps.gsa.shared.util.concurrent.a.ap.run(SourceFile:1)
at java.util.concurrent.ThreadPoolExecutor.runWorker(ThreadPoolExecutor.java:1162)
at java.util.concurrent.ThreadPoolExecutor$Worker.run(ThreadPoolExecutor.java:636)
at java.lang.Thread.run(Thread.java:764)
at com.google.android.apps.gsa.shared.util.concurrent.a.l.run(SourceFile:5)
2019-03-19 11:20:26.318 5310-5337/? W/zygote: Skipping duplicate class check due to unrecognized classloader
2019-03-19 11:20:26.324 5310-5337/? D/CronetProvider: Tried to load org.chromium.net.impl.NativeCronetProvider provider class but it wasn't included in the app classpath
2019-03-19 11:20:26.330 5310-5335/? W/SpeechLevelGenerator: Really low audio levels detected. The audio input may have issues.
2019-03-19 11:20:26.343 5310-5337/? I/cr_CronetLibraryLoader: Cronet version: 70.0.3538.80, arch: armv8l
2019-03-19 11:20:26.350 5310-5334/? W/CronetHttpEngine: Upload request without a content type.
2019-03-19 11:20:26.442 5310-5361/? D/NetworkSecurityConfig: No Network Security Config specified, using platform default
2019-03-19 11:20:26.621 664-797/? W/AudioFlinger::EffectModule: EffectModule 0xf2999300 destructor called with unreleased interface
2019-03-19 11:20:26.622 664-797/? W/AudioFlinger::EffectHandle: disconnect Effect handle 0xf2991b00 disconnected after thread destruction
2019-03-19 11:20:27.194 5310-5329/? W/RecognitionDispatcher: Could not stop engine: 3.
2019-03-19 11:20:27.195 5021-5021/? I/KKSpeechRecognizer: onBeginningOfSpeech
2019-03-19 11:20:27.358 5021-5037/? I/Unity: GotPartialResult (Filename: ./Runtime/Export/Debug.bindings.h Line: 45)
2019-03-19 11:20:28.055 5021-5037/? I/chatty: uid=10076(com.bds.ymtcpsvr) UnityMain identical 4 lines
2019-03-19 11:20:28.241 5021-5037/? I/Unity: GotPartialResult (Filename: ./Runtime/Export/Debug.bindings.h Line: 45)
2019-03-19 11:20:28.295 5021-5037/? I/Unity: GotPartialResult knickers (Filename: ./Runtime/Export/Debug.bindings.h Line: 45)
2019-03-19 11:20:28.547 5021-5037/? I/chatty: uid=10076(com.bds.ymtcpsvr) UnityMain identical 3 lines
2019-03-19 11:20:29.044 5021-5037/? I/Unity: GotPartialResult knickers (Filename: ./Runtime/Export/Debug.bindings.h Line: 45)
2019-03-19 11:20:29.044 5021-5037/? I/Unity: GotPartialResult knickers are (Filename: ./Runtime/Export/Debug.bindings.h Line: 45)
2019-03-19 11:20:29.715 5021-5037/? I/chatty: uid=10076(com.bds.ymtcpsvr) UnityMain identical 4 lines
2019-03-19 11:20:29.715 5021-5037/? I/Unity: GotPartialResult knickers are (Filename: ./Runtime/Export/Debug.bindings.h Line: 45)
2019-03-19 11:20:29.898 5021-5037/? I/Unity: GotPartialResult knickers are cheaper than (Filename: ./Runtime/Export/Debug.bindings.h Line: 45)
2019-03-19 11:20:29.911 5310-5315/? I/zygote: Do partial code cache collection, code=29KB, data=23KB
2019-03-19 11:20:29.911 5310-5315/? I/zygote: After code cache collection, code=29KB, data=23KB
2019-03-19 11:20:29.911 5310-5315/? I/zygote: Increasing code cache capacity to 128KB
2019-03-19 11:20:30.034 5021-5037/? I/Unity: GotPartialResult knickers are cheaper than chicken (Filename: ./Runtime/Export/Debug.bindings.h Line: 45)
2019-03-19 11:20:30.325 5021-5037/? I/Unity: GotPartialResult knickers are cheaper than chicken wings (Filename: ./Runtime/Export/Debug.bindings.h Line: 45)
2019-03-19 11:20:30.622 5021-5037/? I/chatty: uid=10076(com.bds.ymtcpsvr) UnityMain identical 2 lines
2019-03-19 11:20:30.848 5021-5037/? I/Unity: GotPartialResult knickers are cheaper than chicken wings (Filename: ./Runtime/Export/Debug.bindings.h Line: 45)
2019-03-19 11:20:31.047 5021-5037/? I/Unity: GotPartialResult knickers are cheaper than chicken wings can (Filename: ./Runtime/Export/Debug.bindings.h Line: 45)
2019-03-19 11:20:31.168 5021-5037/? I/Unity: GotPartialResult knickers are cheaper than chicken wings can (Filename: ./Runtime/Export/Debug.bindings.h Line: 45)
2019-03-19 11:20:31.182 5021-5037/? I/Unity: GotPartialResult knickers are cheaper than chicken wings can I (Filename: ./Runtime/Export/Debug.bindings.h Line: 45)
2019-03-19 11:20:31.186 1635-2156/? E/AbstractServiceBroker: Getting service failed java.lang.SecurityException: GoogleCertificatesRslt: not whitelisted: pkg=com.google.android.apps.speechservices, sha1=38918a453d07199354f8b19af05ec6562ced5788, atk=false, ver=15090019.true at qgs.b(:com.google.android.gms@15090019@15.0.90 (040400-231259764):2) at qgy.a(:com.google.android.gms@15090019@15.0.90 (040400-231259764):21) at com.google.android.contextmanager.service.ContextManagerChimeraService.a(:com.google.android.gms@15090019@15.0.90 (040400-231259764):10) at yzp.a(:com.google.android.gms@15090019@15.0.90 (040400-231259764):17) at ray.a(:com.google.android.gms@15090019@15.0.90 (040400-231259764):40) at rdu.onTransact(:com.google.android.gms@15090019@15.0.90 (040400-231259764):36)
at android.os.Binder.transact(Binder.java:604) at dvm.onTransact(:com.google.android.gms@15090019@15.0.90 (040400-231259764):3)
at android.os.Binder.execTransact(Binder.java:674)
2019-03-19 11:20:31.188 5310-5349/? E/AndroidRuntime: FATAL EXCEPTION: GcoreGoogleApiClient Process: com.google.android.apps.speechservices:search, PID: 5310 java.lang.SecurityException: GoogleCertificatesRslt: not whitelisted: pkg=com.google.android.apps.speechservices, sha1=38918a453d07199354f8b19af05ec6562ced5788, atk=false, ver=15090019.true
at android.os.Parcel.readException(Parcel.java:1944)
at android.os.Parcel.readException(Parcel.java:1890)
at com.google.android.gms.common.internal.x.a(Unknown Source:36)
at com.google.android.gms.common.internal.an.a(Unknown Source:39)
at com.google.android.gms.common.api.internal.q.UZ(Unknown Source:14)
at com.google.android.gms.common.api.internal.v.run(Unknown Source:5)
at java.util.concurrent.Executors$RunnableAdapter.call(Executors.java:457)
at java.util.concurrent.FutureTask.run(FutureTask.java:266)
at java.util.concurrent.ThreadPoolExecutor.runWorker(ThreadPoolExecutor.java:1162)
at java.util.concurrent.ThreadPoolExecutor$Worker.run(ThreadPoolExecutor.java:636)
at com.google.android.gms.internal.x.run(Unknown Source:7)
at java.lang.Thread.run(Thread.java:764)
2019-03-19 11:20:31.201 1064-1078/? I/ActivityManager: Start proc 5369:com.google.android.apps.speechservices:crash_report/u0a74 for broadcast com.google.android.apps.speechservices/com.google.android.apps.gsa.silentfeedback.SilentFeedbackReceiver
2019-03-19 11:20:31.201 5369-5369/? W/zygote: Using default instruction set features for ARM CPU variant (cortex-a9) using conservative defaults
2019-03-19 11:20:31.234 5310-5349/? I/Process: Sending signal. PID: 5310 SIG: 9
2019-03-19 11:20:31.276 682-1268/? E/OMXNodeInstance: !!! Observer died. Quickly, do something, ... anything...
2019-03-19 11:20:31.276 1064-1216/? I/ActivityManager: Process com.google.android.apps.speechservices:search (pid 5310) has died: vis BFGS
2019-03-19 11:20:31.276 1064-5302/? D/ConnectivityService: ConnectivityService NetworkRequestInfo binderDied(NetworkRequest [ LISTEN id=18, [ Capabilities: INTERNET&NOT_RESTRICTED&TRUSTED] ], android.os.BinderProxy@cc162b0)
2019-03-19 11:20:31.276 1064-1202/? I/MediaFocusControl: AudioFocus removeFocusStackEntryOnDeath(): removing entry for android.os.BinderProxy@e88d529
2019-03-19 11:20:31.277 1064-1216/? W/ActivityManager: Scheduling restart of crashed service com.google.android.apps.speechservices/com.google.android.voicesearch.serviceapi.GoogleRecognitionService in 1000ms
2019-03-19 11:20:31.277 1064-1216/? W/ActivityManager: Service crashed 2 times, stopping: ServiceRecord{9d61be8 u0 com.google.android.apps.speechservices/com.google.android.apps.gsa.search.core.service.SearchService}
2019-03-19 11:20:31.277 1064-1080/? W/zygote64: kill(-5310, 9) failed: No such process
2019-03-19 11:20:31.305 5369-5369/? D/AndroidRuntime: Shutting down VM
2019-03-19 11:20:31.306 5369-5369/? E/AndroidRuntime: FATAL EXCEPTION: main Process: com.google.android.apps.speechservices:crash_report, PID: 5369 java.lang.SecurityException: GoogleCertificatesRslt: not whitelisted: pkg=com.google.android.apps.speechservices, sha1=38918a453d07199354f8b19af05ec6562ced5788, atk=false, ver=15090019.true
at android.os.Parcel.readException(Parcel.java:1944)
at android.os.Parcel.readException(Parcel.java:1890)
at com.google.android.gms.common.internal.x.a(Unknown Source:36)
at com.google.android.gms.common.internal.an.a(Unknown Source:39)
at com.google.android.gms.common.api.internal.q.UZ(Unknown Source:14)
at com.google.android.gms.common.api.internal.v.run(Unknown Source:5)
at java.util.concurrent.Executors$RunnableAdapter.call(Executors.java:457)
at java.util.concurrent.FutureTask.run(FutureTask.java:266)
at java.util.concurrent.ThreadPoolExecutor.runWorker(ThreadPoolExecutor.java:1162)
at java.util.concurrent.ThreadPoolExecutor$Worker.run(ThreadPoolExecutor.java:636)
at com.google.android.gms.internal.x.run(Unknown Source:7)
at java.lang.Thread.run(Thread.java:764)
2019-03-19 11:20:31.309 595-1049/? D/audio_hw_primary: disable_audio_route: usecase(9) reset and update mixer path: audio-record
2019-03-19 11:20:31.310 595-1049/? D/audio_hw_primary: disable_snd_device: snd_device(80: voice-rec-dmic-ef-fluence)
2019-03-19 11:20:31.321 1064-1080/? W/zygote64: kill(-5310, 9) failed: No such process
2019-03-19 11:20:31.322 1064-1080/? I/zygote64: Successfully killed process cgroup uid 10074 pid 5310 in 44ms
2019-03-19 11:20:31.360 1064-5394/? W/ActivityManager: Process com.google.android.apps.speechservices:search has crashed too many times: killing!
2019-03-19 11:20:31.361 1064-5394/? I/ActivityManager: Killing 5369:com.google.android.apps.speechservices:crash_report/u0a74 (adj 0): crash
2019-03-19 11:20:31.366 1064-1080/? W/zygote64: kill(-5369, 9) failed: No such process
2019-03-19 11:20:31.369 1064-1078/? W/BroadcastQueue: Background execution not allowed: receiving Intent { act=android.intent.action.DROPBOX_ENTRY_ADDED flg=0x10 (has extras) } to com.google.android.gms/.stats.service.DropBoxEntryAddedReceiver
2019-03-19 11:20:31.369 1064-1078/? W/BroadcastQueue: Background execution not allowed: receiving Intent { act=android.intent.action.DROPBOX_ENTRY_ADDED flg=0x10 (has extras) } to com.google.android.gms/.chimera.GmsIntentOperationService$PersistentTrustedReceiver
2019-03-19 11:20:31.369 1064-1078/? W/BroadcastQueue: Unable to launch app com.google.android.apps.speechservices/10074 for broadcast Intent { flg=0x10 cmp=com.google.android.apps.speechservices/com.google.android.apps.gsa.silentfeedback.SilentFeedbackReceiver (has extras) }: process is bad
2019-03-19 11:20:31.371 1064-1078/? W/BroadcastQueue: Background execution not allowed: receiving Intent { act=android.intent.action.DROPBOX_ENTRY_ADDED flg=0x10 (has extras) } to com.google.android.gms/.stats.service.DropBoxEntryAddedReceiver
2019-03-19 11:20:31.372 1064-1078/? W/BroadcastQueue: Background execution not allowed: receiving Intent { act=android.intent.action.DROPBOX_ENTRY_ADDED flg=0x10 (has extras) } to com.google.android.gms/.chimera.GmsIntentOperationService$PersistentTrustedReceiver
2019-03-19 11:20:31.410 1064-1080/? W/zygote64: kill(-5369, 9) failed: No such process
2019-03-19 11:20:31.410 1064-1080/? I/zygote64: Successfully killed process cgroup uid 10074 pid 5369 in 44ms
2019-03-19 11:20:32.288 1064-1078/? I/ActivityManager: Start proc 5402:com.google.android.apps.speechservices:search/u0a74 for service com.google.android.apps.speechservices/com.google.android.voicesearch.serviceapi.GoogleRecognitionService
2019-03-19 11:20:32.290 5402-5402/? W/zygote: Using default instruction set features for ARM CPU variant (cortex-a9) using conservative defaults
2019-03-19 11:20:34.762 1446-1647/? I/native: stationary_detector.cc:202 SensorFusion: Enter stationary state. Stability time: 10
2019-03-19 11:20:39.006 5021-5037/? I/Unity: Staff (Game1Staff) (Filename: ./Runtime/Export/Debug.bindings.h Line: 45)
2019-03-19 11:20:39.007 5021-5037/? E/Unity: SpeechRecognizer.IsRecording true (Filename: ./Runtime/Export/Debug.bindings.h Line: 45)
2019-03-19 11:20:41.038 5021-5037/? I/Unity: Staff (Game1Staff) (Filename: ./Runtime/Export/Debug.bindings.h Line: 45)
2019-03-19 11:20:41.038 5021-5037/? E/Unity: SpeechRecognizer.IsRecording true (Filename: ./Runtime/Export/Debug.bindings.h Line: 45)
2019-03-19 11:20:41.744 5021-5037/? I/Unity: Staff (Game1Staff) (Filename: ./Runtime/Export/Debug.bindings.h Line: 45)
2019-03-19 11:20:46.250 1446-1647/? I/native: stationary_detector.cc:188 SensorFusion: Exit stationary state: Gyro HP:0 Acc HP: 0 Gyro Norm: 1
2019-03-19 11:20:47.746 5021-5037/? I/Unity: exit (Filename: ./Runtime/Export/Debug.bindings.h Line: 45)
2019-03-19 11:20:47.753 1275-1275/? V/VrHeadsetPowerPolicyService: onSensorChanged(android.hardware.SensorEvent@a8ea004)
2019-03-19 11:20:47.753 1275-1275/? V/VrHeadsetPowerPolicyService: handleEvent(DOFF)
2019-03-19 11:20:47.753 1275-1275/? D/VrHeadsetPowerPolicyService: Acquiring broadcast wakelock...
2019-03-19 11:20:47.755 1275-1275/? D/VrHeadsetPowerPolicyService: Sending message: {what=0, arg1=0, arg2=2} to client: android.os.Messenger@f262022
2019-03-19 11:20:47.756 1275-1275/? D/VrHeadsetPowerPolicyService: Releasing broadcast wakelock...
2019-03-19 11:20:48.230 1064-5394/? D/WificondControl: Scan result ready event
2019-03-19 11:20:48.753 1275-1275/? V/VrHeadsetPowerPolicyService: handleEvent(DOFF_DELAY_TIMEOUT)
2019-03-19 11:20:48.754 1275-1275/? W/AlarmManager: Unrecognized alarm listener com.google.vr.powerpolicy.VrHeadsetPowerPolicyService$6@d523ab3
2019-03-19 11:20:48.755 1064-1216/? I/PowerManagerService: Going to sleep by application request (uid 10042)...
2019-03-19 11:20:48.756 1064-1078/? D/VoldConnector: SND -> {19 volume keyguard_changed 0}
2019-03-19 11:20:48.756 1064-1134/? D/VoldConnector: RCV <- {200 19 Command succeeded}
2019-03-19 11:20:48.757 1275-1275/? D/VrHeadsetPowerPolicyService: Acquiring broadcast wakelock...
2019-03-19 11:20:48.761 1064-1087/? I/PowerManagerService: Sleeping (uid 1000)...
2019-03-19 11:20:48.783 1275-1275/? D/VrHeadsetPowerPolicyService: Sending message: {what=0, arg1=1, arg2=2} to client: android.os.Messenger@f262022
2019-03-19 11:20:48.784 1275-1275/? V/VrHeadsetPowerPolicyService: Changing power policies: ActivePowerPolicy -> StandbyPendingPowerPolicy
2019-03-19 11:20:48.785 1446-1446/? I/HeadTrackingService: setIsTrackerPaused: false
2019-03-19 11:20:48.790 1064-2711/? W/BroadcastQueue: Background execution not allowed: receiving Intent { act=com.google.vr.powerpolicy.action.ACTION_POLICY_CHANGED flg=0x10 (has extras) } to com.google.android.gms/.chimera.GmsIntentOperationService$GmsExternalReceiver
2019-03-19 11:20:48.790 1275-1275/? D/VrHeadsetPowerPolicyService: Releasing broadcast wakelock...
2019-03-19 11:20:48.794 625-625/? E/HWC2: getReleaseFences: invalid layer 33 found on display 1
2019-03-19 11:20:48.794 625-625/? E/HWComposer: presentAndGetReleaseFences: Failed to get release fences for display 0: BadLayer (3)
2019-03-19 11:20:48.802 5021-5037/? D/AudioTrack: stop() called with 3036960 frames delivered
2019-03-19 11:20:48.807 2023-5432/? I/SystemUpdate: [Installation,ReceiverIntentOperation] Received intent: Intent { act=com.google.vr.powerpolicy.action.ACTION_POLICY_CHANGED flg=0x10 (has extras) }.
2019-03-19 11:20:48.817 1446-1459/? I/VrCtl.ListenersManager: Removing listener 10076:5021:VrCtl.ServiceBridge0 for all controllers.
2019-03-19 11:20:49.214 1064-1087/? I/DisplayPowerController: Blocking screen off
2019-03-19 11:20:49.216 1064-1087/? I/DisplayPowerController: Unblocked screen off after 1 ms
2019-03-19 11:20:49.230 625-625/? D/SurfaceFlinger: Set power mode=0, type=0 flinger=0x712e25e000
2019-03-19 11:20:49.232 594-594/? I/vr_hwc: Disable vsync
2019-03-19 11:20:49.239 1275-1275/? V/VrHeadsetPowerPolicyService: handleEvent(SCREEN_OFF)
2019-03-19 11:20:49.242 1064-1085/? I/DisplayManagerService: Display device changed state: "Built-in Screen", OFF
2019-03-19 11:20:49.247 1064-1085/? I/InputManager-JNI: Viewport [1] to add: virtual:android:277f1a09-b88d-4d1e-8716-796f114d080b
2019-03-19 11:20:49.248 1064-1132/? I/InputReader: Reconfiguring input devices. changes=0x00000004
2019-03-19 11:20:49.265 4864-5433/? D/DatabaseIndexingManager: Indexing locale 'en_US' took 6 millis
2019-03-19 11:20:49.272 1521-1521/? I/VrCoreCompositor: .pause
2019-03-19 11:20:49.278 625-866/? I/vr_flinger: HardwareComposer::SetDisplaySurfaces: surface count=0
2019-03-19 11:20:49.278 625-865/? I/vr_flinger: VrHwcPost thread interrupted: revents=1
2019-03-19 11:20:49.278 1521-1561/? I/SurfacelessGLThread: CompositorGLThd paused
2019-03-19 11:20:49.278 625-865/? I/vr_flinger: VrHwcPost thread interrupted: revents=1
2019-03-19 11:20:49.278 625-865/? W/vr_flinger: HardwareComposer::PostThread: VSYNC timestamp did not advance since last frame: timestamp=591750673373 prediction_interval=1
2019-03-19 11:20:49.278 625-865/? W/vr_flinger: Warning: dropping a frame to catch up with HWC (pending = 1)
2019-03-19 11:20:49.278 625-865/? I/vr_flinger: HardwareComposer::PostThread: Entering quiescent state.
2019-03-19 11:20:49.278 625-865/? I/vr_flinger: OnPostThreadPaused
2019-03-19 11:20:49.279 625-865/? I/vr_flinger: Turning primary display off
2019-03-19 11:20:49.279 603-603/? I/SDM: DisplayBase::SetDisplayState: Set state = 0, display 0
2019-03-19 11:20:49.300 4864-4877/? W/zygote64: Checksum mismatch for dex VrSettings.apk
2019-03-19 11:20:49.300 4864-4877/? W/zygote64: Checksum mismatch for dex VrSettings.apk
2019-03-19 11:20:49.303 1635-2773/? D/BluetoothAdapter: isLeEnabled(): ON
2019-03-19 11:20:52.559 1446-1706/? V/tango-hal: tango-frame-listener.cpp:computeWorkaroundTimestamp():512 Adjusting timestamp. [0] Frame at 595026607902, expected at 595026045235 is off by: 562667
2019-03-19 11:20:53.257 1446-1706/? V/tango-hal: tango-frame-listener.cpp:computeWorkaroundTimestamp():512 Adjusting timestamp. [0] Frame at 595726940902, expected at 595726417235 is off by: 523667
2019-03-19 11:20:53.808 1446-1818/? I/native: stationary_detector.cc:202 SensorFusion: Enter stationary state. Stability time: 1