2019-03-19 11:19:44.323 1446-1706/? V/tango-hal: tango-frame-listener.cpp:computeWorkaroundTimestamp():512 Adjusting timestamp. [0] Frame at 526789384903, expected at 526788863236 is off by: 521667
2019-03-19 11:19:45.111 1446-3321/? I/native: stationary_detector.cc:188 SensorFusion: Exit stationary state: Gyro HP:1 Acc HP: 1 Gyro Norm: 0
2019-03-19 11:19:45.119 1446-1706/? D/tango-hal: tango-frame-listener.cpp:computeWorkaroundTimestamp():508 New camera timeline detected
2019-03-19 11:19:45.154 1446-1706/? V/tango-hal: tango-frame-listener.cpp:computeWorkaroundTimestamp():512 Adjusting timestamp. [0] Frame at 527623156903, expected at 527622645236 is off by: 511667
2019-03-19 11:19:45.488 1446-1706/? V/tango-hal: tango-frame-listener.cpp:computeWorkaroundTimestamp():512 Adjusting timestamp. [0] Frame at 527956664903, expected at 527956162236 is off by: 502667
2019-03-19 11:19:45.506 1275-1275/? V/VrHeadsetPowerPolicyService: onSensorChanged(android.hardware.SensorEvent@a8ea004)
2019-03-19 11:19:45.506 1275-1275/? V/VrHeadsetPowerPolicyService: handleEvent(DON)
2019-03-19 11:19:45.508 1275-1275/? W/AlarmManager: Unrecognized alarm listener com.google.vr.powerpolicy.VrHeadsetPowerPolicyService$6@d523ab3 --------- beginning of system
2019-03-19 11:19:45.512 1064-4056/? I/PowerManagerService: Waking up from sleep (uid=10042 reason=wakeUp)...
2019-03-19 11:19:45.514 1064-1087/? I/DisplayPowerController: Blocking screen on until initial contents have been drawn.
2019-03-19 11:19:45.517 1275-1275/? D/VrHeadsetPowerPolicyService: Acquiring broadcast wakelock...
2019-03-19 11:19:45.517 625-625/? D/SurfaceFlinger: duplicate layer name: changing SurfaceView - com.bds.ymtcpsvr/com.unity3d.player.UnityPlayerActivity to SurfaceView - com.bds.ymtcpsvr/com.unity3d.player.UnityPlayerActivity#1
2019-03-19 11:19:45.520 625-625/? D/SurfaceFlinger: duplicate layer name: changing Background for - SurfaceView - com.bds.ymtcpsvr/com.unity3d.player.UnityPlayerActivity to Background for - SurfaceView - com.bds.ymtcpsvr/com.unity3d.player.UnityPlayerActivity#1
2019-03-19 11:19:45.522 625-1015/? E/SurfaceFlinger: Failed to find layer (SurfaceView - com.bds.ymtcpsvr/com.unity3d.player.UnityPlayerActivity#0) in layer parent (no-parent).
2019-03-19 11:19:45.522 625-1015/? E/SurfaceFlinger: Failed to find layer (Background for - SurfaceView - com.bds.ymtcpsvr/com.unity3d.player.UnityPlayerActivity#0) in layer parent (no-parent).
2019-03-19 11:19:45.525 1064-1078/? D/VoldConnector: SND -> {18 volume keyguard_changed 0}
2019-03-19 11:19:45.526 1064-1134/? D/VoldConnector: RCV <- {200 18 Command succeeded}
2019-03-19 11:19:45.527 1275-1275/? D/VrHeadsetPowerPolicyService: Acquiring broadcast wakelock...
2019-03-19 11:19:45.528 1064-1085/? I/InputManager-JNI: Viewport [1] to add: virtual:android:277f1a09-b88d-4d1e-8716-796f114d080b
2019-03-19 11:19:45.529 1064-1132/? I/InputReader: Reconfiguring input devices. changes=0x00000004
2019-03-19 11:19:45.530 1064-1085/? I/DisplayManagerService: Display device changed state: "Built-in Screen", VR
2019-03-19 11:19:45.530 1275-1275/? D/VrHeadsetPowerPolicyService: Sending message: {what=0, arg1=0, arg2=1} to client: android.os.Messenger@f262022
2019-03-19 11:19:45.530 1275-1275/? V/VrHeadsetPowerPolicyService: Changing power policies: StandbyPendingPowerPolicy -> ActivePowerPolicy
2019-03-19 11:19:45.530 1446-1446/? I/HeadTrackingService: setIsTrackerPaused: false
2019-03-19 11:19:45.533 1064-1085/? I/InputManager-JNI: Viewport [1] to add: virtual:android:277f1a09-b88d-4d1e-8716-796f114d080b
2019-03-19 11:19:45.533 1446-1446/? I/HeadTrackingService: setIsTrackerPaused: false
2019-03-19 11:19:45.534 1064-1132/? I/InputReader: Reconfiguring input devices. changes=0x00000004
2019-03-19 11:19:45.534 1446-2014/? I/VrCtl.ControllerSelector: Running regular setup for controller 0
2019-03-19 11:19:45.534 1446-2014/? I/VrCtl.ControllerSelector: Using driver DRIVER_P6 for controller instance GoogleDaydreamControllerV1. The current driver index is: 0
2019-03-19 11:19:45.534 1446-2014/? I/VrCtl.ControllerSelector: Paired controller: D8:C4:97:07:38:BF
2019-03-19 11:19:45.537 625-625/? D/SurfaceFlinger: Set power mode=2, type=0 flinger=0x712e25e000
2019-03-19 11:19:45.538 594-652/? I/vr_hwc: Enable vsync
2019-03-19 11:19:45.539 1275-1275/? V/VrHeadsetPowerPolicyService: handleEvent(SCREEN_ON)
2019-03-19 11:19:45.546 4864-5117/? D/DatabaseIndexingManager: Indexing locale 'en_US' took 0 millis
2019-03-19 11:19:45.556 1521-1521/? I/VrCoreCompositor: .resume
2019-03-19 11:19:45.557 625-866/? I/vr_flinger: HardwareComposer::SetDisplaySurfaces: surface count=1
2019-03-19 11:19:45.557 625-865/? I/vr_flinger: HardwareComposer::PostThread: Exiting quiescent state.
2019-03-19 11:19:45.557 625-865/? I/vr_flinger: OnPostThreadResumed
2019-03-19 11:19:45.557 625-865/? I/vr_flinger: Turning primary display on
2019-03-19 11:19:45.557 603-603/? I/SDM: DisplayBase::SetDisplayState: Set state = 1, display 0
2019-03-19 11:19:45.557 1521-1561/? D/libpdx_uds: ClientChannelFactory: Waiting for endpoint at /dev/socket/pdx/system/performance/client
2019-03-19 11:19:45.557 1521-1561/? D/libpdx_uds: ClientChannelFactory: Connecting to /dev/socket/pdx/system/performance/client
2019-03-19 11:19:45.557 1521-1561/? D/libpdx_uds: ClientChannelFactory: Connected successfully to /dev/socket/pdx/system/performance/client...
2019-03-19 11:19:45.558 624-624/? D/libpdx: PerformanceService::OnChannelOpen: pid=1521 cid=53
2019-03-19 11:19:45.558 624-624/? I/performanced: PerformanceService::OnSetSchedulerPolicy: task_id=1561 scheduler_policy=vr:system:arp
2019-03-19 11:19:45.559 624-624/? I/performanced: PerformanceService::OnSetSchedulerPolicy: Using cpuset=/system/performance
2019-03-19 11:19:45.559 624-624/? W/libpdx_uds: RecvMsgAll: Socket has been shut down
2019-03-19 11:19:45.559 624-624/? D/libpdx: PerformanceService::OnChannelClose: pid=-1 cid=53
2019-03-19 11:19:45.559 1521-1561/? I/SurfacelessGLThread: CompositorGLThd resumed
2019-03-19 11:19:45.560 1521-1521/? I/VrCoreCompositor: Got valid pose, scheduling the fade in.
2019-03-19 11:19:45.567 1064-1273/? W/BroadcastQueue: Background execution not allowed: receiving Intent { act=com.google.vr.powerpolicy.action.ACTION_POLICY_CHANGED flg=0x10 (has extras) } to com.google.android.gms/.chimera.GmsIntentOperationService$GmsExternalReceiver
2019-03-19 11:19:45.568 1064-1078/? W/BroadcastQueue: Background execution not allowed: receiving Intent { act=android.intent.action.USER_PRESENT flg=0x24200010 } to com.google.android.gms/.auth.setup.devicesignals.LockScreenReceiver
2019-03-19 11:19:45.568 1275-1275/? D/VrHeadsetPowerPolicyService: Releasing broadcast wakelock...
2019-03-19 11:19:45.568 1064-1085/? I/InputManager-JNI: Viewport [1] to add: virtual:android:277f1a09-b88d-4d1e-8716-796f114d080b
2019-03-19 11:19:45.568 1521-1561/? W/VrCore: [vr/gvr/render/scanline_racer.cc:1385] Missed vsync by 51164596us (CPU load is too high)
2019-03-19 11:19:45.568 1064-1132/? I/InputReader: Reconfiguring input devices. changes=0x00000004
2019-03-19 11:19:45.569 1064-1078/? W/BroadcastQueue: Background execution not allowed: receiving Intent { act=android.intent.action.USER_PRESENT flg=0x24200010 } to com.google.android.gms/.trustagent.UserPresentBroadcastReceiver
2019-03-19 11:19:45.569 1064-1078/? W/BroadcastQueue: Background execution not allowed: receiving Intent { act=android.intent.action.USER_PRESENT flg=0x24200010 } to com.google.android.gms/.chimera.GmsIntentOperationService$PersistentTrustedReceiver
2019-03-19 11:19:45.570 1275-1275/? D/VrHeadsetPowerPolicyService: Releasing broadcast wakelock...
2019-03-19 11:19:45.573 593-593/? W//system/bin/hw/android.hidl.allocator@1.0-service: ashmem_create_region(3840) returning hidl_memory(0x7400c2c350, 3840)
2019-03-19 11:19:45.575 593-593/? W//system/bin/hw/android.hidl.allocator@1.0-service: ashmem_create_region(3840) returning hidl_memory(0x7400c2c350, 3840)
2019-03-19 11:19:45.582 4864-5125/? D/DatabaseIndexingManager: Indexing locale 'en_US' took 6 millis
2019-03-19 11:19:45.584 1064-1087/? I/DisplayPowerController: Unblocked screen on after 69 ms
2019-03-19 11:19:45.586 5021-5021/? D/libpdx_uds: ClientChannelFactory: Waiting for endpoint at /dev/socket/pdx/system/vr/display/client
2019-03-19 11:19:45.586 5021-5021/? D/libpdx_uds: ClientChannelFactory: Connecting to /dev/socket/pdx/system/vr/display/client
2019-03-19 11:19:45.586 5021-5021/? D/libpdx_uds: ClientChannelFactory: Connected successfully to /dev/socket/pdx/system/vr/display/client...
2019-03-19 11:19:45.587 625-866/? D/libpdx: DisplayService::OnChannelOpen: pid=5021 cid=101
2019-03-19 11:19:45.589 625-866/? W/libpdx_uds: RecvMsgAll: Socket has been shut down
2019-03-19 11:19:45.589 625-866/? D/libpdx: DisplayService::OnChannelClose: pid=-1 cid=101
2019-03-19 11:19:45.589 5021-5021/? D/libpdx_uds: ClientChannelFactory: Waiting for endpoint at /dev/socket/pdx/system/vr/display/client
2019-03-19 11:19:45.589 5021-5021/? D/libpdx_uds: ClientChannelFactory: Connecting to /dev/socket/pdx/system/vr/display/client
2019-03-19 11:19:45.589 5021-5021/? D/libpdx_uds: ClientChannelFactory: Connected successfully to /dev/socket/pdx/system/vr/display/client...
2019-03-19 11:19:45.590 625-866/? D/libpdx: DisplayService::OnChannelOpen: pid=5021 cid=102
2019-03-19 11:19:45.592 625-625/? E/HWC2: getReleaseFences: invalid layer 32 found on display 1
2019-03-19 11:19:45.592 625-625/? E/HWComposer: presentAndGetReleaseFences: Failed to get release fences for display 0: BadLayer (3)
2019-03-19 11:19:45.593 625-866/? W/libpdx_uds: RecvMsgAll: Socket has been shut down
2019-03-19 11:19:45.593 625-866/? D/libpdx: DisplayService::OnChannelClose: pid=-1 cid=102
2019-03-19 11:19:45.593 5021-5021/? D/libpdx_uds: ClientChannelFactory: Waiting for endpoint at /dev/socket/pdx/system/vr/display/client
2019-03-19 11:19:45.594 5021-5021/? D/libpdx_uds: ClientChannelFactory: Connecting to /dev/socket/pdx/system/vr/display/client
2019-03-19 11:19:45.598 5021-5064/? D/libpdx_uds: ClientChannelFactory: Waiting for endpoint at /dev/socket/pdx/system/performance/client
2019-03-19 11:19:45.598 5021-5064/? D/libpdx_uds: ClientChannelFactory: Connecting to /dev/socket/pdx/system/performance/client
2019-03-19 11:19:45.598 5021-5064/? D/libpdx_uds: ClientChannelFactory: Connected successfully to /dev/socket/pdx/system/performance/client...
2019-03-19 11:19:45.599 5021-5021/? D/libpdx_uds: ClientChannelFactory: Connected successfully to /dev/socket/pdx/system/vr/display/client...
2019-03-19 11:19:45.599 624-624/? D/libpdx: PerformanceService::OnChannelOpen: pid=5021 cid=54
2019-03-19 11:19:45.599 624-624/? I/performanced: PerformanceService::OnSetSchedulerPolicy: task_id=5064 scheduler_policy=vr:app:render
2019-03-19 11:19:45.599 625-866/? D/libpdx: DisplayService::OnChannelOpen: pid=5021 cid=103
2019-03-19 11:19:45.600 624-624/? I/performanced: SetVrAppRenderThread old=5064 new=5064
2019-03-19 11:19:45.600 625-866/? W/libpdx_uds: RecvMsgAll: Socket has been shut down
2019-03-19 11:19:45.600 625-866/? D/libpdx: DisplayService::OnChannelClose: pid=-1 cid=103
2019-03-19 11:19:45.600 624-624/? I/performanced: PerformanceService::OnSetSchedulerPolicy: Using cpuset=/application/performance
2019-03-19 11:19:45.600 624-624/? W/libpdx_uds: RecvMsgAll: Socket has been shut down
2019-03-19 11:19:45.600 624-624/? D/libpdx: PerformanceService::OnChannelClose: pid=-1 cid=54
2019-03-19 11:19:45.604 5021-5021/? D/libpdx_uds: ClientChannelFactory: Waiting for endpoint at /dev/socket/pdx/system/vr/display/client
2019-03-19 11:19:45.604 5021-5021/? D/libpdx_uds: ClientChannelFactory: Connecting to /dev/socket/pdx/system/vr/display/client
2019-03-19 11:19:45.604 5021-5021/? D/libpdx_uds: ClientChannelFactory: Connected successfully to /dev/socket/pdx/system/vr/display/client...
2019-03-19 11:19:45.605 625-866/? D/libpdx: DisplayService::OnChannelOpen: pid=5021 cid=104
2019-03-19 11:19:45.606 1635-2773/? D/BluetoothAdapter: isLeEnabled(): ON
2019-03-19 11:19:45.606 625-866/? W/libpdx_uds: RecvMsgAll: Socket has been shut down
2019-03-19 11:19:45.606 625-866/? D/libpdx: DisplayService::OnChannelClose: pid=-1 cid=104
2019-03-19 11:19:45.609 1635-1938/? D/BluetoothLeScanner: onScannerRegistered() - status=0 scannerId=7 mScannerId=0
2019-03-19 11:19:45.611 2023-5131/? I/SystemUpdate: [Installation,ReceiverIntentOperation] Received intent: Intent { act=com.google.vr.powerpolicy.action.ACTION_POLICY_CHANGED flg=0x10 (has extras) }.
2019-03-19 11:19:45.622 1446-2014/? I/VrCtl.ListenersManager: Adding listener 10076:5021:VrCtl.ServiceBridge0 for controller 0.
2019-03-19 11:19:45.622 1635-2773/? I/BeaconBle: Client requested scan, settings=BleSettings [scanMode=LOW_LATENCY, callbackType=ALL_MATCHES, reportDelayMillis=0, 5 filters, 1 clients, callingClientName=Nearby]
2019-03-19 11:19:45.623 1446-2014/? I/VrCtl.ListenersManager: Listener for uid=10076 ENABLED
2019-03-19 11:19:45.623 5021-5021/? I/VrCtl.ServiceBridge: Successfully registered service listener.
2019-03-19 11:19:45.624 1446-2014/? I/VrCtl.ListenersManager: Removing listener 10076:5021:VrCtl.ServiceBridge0 for controller 0.
2019-03-19 11:19:45.624 1446-2014/? I/VrCtl.ListenersManager: Adding listener 10076:5021:VrCtl.ServiceBridge0 for controller 0.
2019-03-19 11:19:45.625 1446-2014/? I/VrCtl.ListenersManager: Listener for uid=10076 ENABLED
2019-03-19 11:19:45.629 1446-1643/? I/native: pose_manager.cc:241 World pose node changing to MapId:d1b20df6-0001-25a6-83f5-87f8462196ba with 5 opt.
2019-03-19 11:19:45.634 1635-2773/? I/BeaconBle: Stopping scan on delegate scanner. BT state: 12
2019-03-19 11:19:45.634 1635-2773/? D/BluetoothAdapter: isLeEnabled(): ON
2019-03-19 11:19:45.639 1635-2773/? I/BeaconBle: Resetting - new scanner available: true
2019-03-19 11:19:45.641 1635-2773/? I/BeaconBle: 'L' hardware scan: 5 filters, scanMode=2, reportdelay=0, callback type=1, #clients=1, workSource=WorkSource{10013 com.google.android.gms}
2019-03-19 11:19:45.643 1635-2773/? I/BeaconBle: Starting scan on OS scanner. BT state: 12
2019-03-19 11:19:45.644 1635-2773/? D/BluetoothAdapter: isLeEnabled(): ON
2019-03-19 11:19:45.647 1635-1938/? D/BluetoothLeScanner: onScannerRegistered() - status=0 scannerId=6 mScannerId=0
2019-03-19 11:19:45.673 2023-5130/? I/SystemUpdate: [Execution,InstallationEventIntentOperation] Handling event of type 7.
2019-03-19 11:19:45.674 2023-5136/? I/SystemUpdate: [Execution,InstallationIntentOperation] Received intent: Intent { act=com.google.android.gms.update.INSTALL_UPDATE cat=[targeted_intent_op_prefix:.update.execution.InstallationIntentOperation] cmp=com.google.android.gms/.chimera.GmsIntentOperationService }.
2019-03-19 11:19:45.705 2023-5136/? I/SystemUpdate: [Execution,ExecutionManager] Action finished-execution executed for 0.00 seconds.
2019-03-19 11:19:46.086 1521-1561/? W/VrCore: [vr/gvr/render/scanline_racer.cc:1385] Missed vsync by 483294us (CPU load is too high)
2019-03-19 11:19:46.133 1521-1561/? W/libbufferhub: BufferHubBase::UpdateSharedFence: failed to remove old fence fd from epoll set, error: No such file or directory.
2019-03-19 11:19:47.075 1446-1654/? I/native: viwls_optimization.cc:856 MAP SOLVE: USER_SUCCESS
2019-03-19 11:19:47.144 1446-1654/? I/native: visual_inertial_wls.cc:261 online_viwls_solve_time in seconds = 0.905177 solve_time_counter_ = 0
2019-03-19 11:19:48.159 1446-1641/? I/native: pose_manager.cc:241 World pose node changing to MapId:d1b20df6-0001-25a6-83f5-87f8462196ba with 6 opt.
2019-03-19 11:19:48.787 5021-5037/? I/Unity: done (Filename: ./Runtime/Export/Debug.bindings.h Line: 45)
2019-03-19 11:19:48.891 1064-4056/? D/WificondControl: Scan result ready event
2019-03-19 11:19:50.874 5021-5037/? I/Unity: done (Filename: ./Runtime/Export/Debug.bindings.h Line: 45)
2019-03-19 11:19:50.898 5021-5037/? I/Unity: KK ExistsOnDevice (Filename: ./Runtime/Export/Debug.bindings.h Line: 45)
2019-03-19 11:19:50.899 5021-5037/? I/Unity: KK ExistsOnDevice (Filename: ./Runtime/Export/Debug.bindings.h Line: 45)
2019-03-19 11:19:50.902 5021-5037/? I/Unity: AuthorizationStatusFetchedauthorized (Filename: ./Runtime/Export/Debug.bindings.h Line: 45)
2019-03-19 11:19:50.903 5021-5037/? I/Unity: AuthorizationStatusFetchedauthorized (Filename: ./Runtime/Export/Debug.bindings.h Line: 45)
2019-03-19 11:19:51.603 1635-2773/? I/BeaconBle: Client requested scan, settings=BleSettings [scanMode=ZERO_POWER, callbackType=ALL_MATCHES, reportDelayMillis=0, 5 filters, 1 clients, callingClientName=Nearby]
2019-03-19 11:19:51.611 1635-2773/? I/BeaconBle: Stopping scan on delegate scanner. BT state: 12
2019-03-19 11:19:51.611 1635-2773/? D/BluetoothAdapter: isLeEnabled(): ON
2019-03-19 11:19:51.615 1635-2773/? I/BeaconBle: Resetting - new scanner available: true
2019-03-19 11:19:51.617 1635-2773/? I/BeaconBle: 'L' hardware scan: 5 filters, scanMode=-1, reportdelay=0, callback type=1, #clients=1, workSource=WorkSource{10013 com.google.android.gms}
2019-03-19 11:19:51.618 1635-2773/? I/BeaconBle: Starting scan on OS scanner. BT state: 12
2019-03-19 11:19:51.621 1635-2773/? D/BluetoothAdapter: isLeEnabled(): ON
2019-03-19 11:19:51.625 1635-1938/? D/BluetoothLeScanner: onScannerRegistered() - status=0 scannerId=6 mScannerId=0
2019-03-19 11:19:51.628 1168-1577/? E/bt_btm: BTM_BleObserve Observe Already Active
2019-03-19 11:19:51.628 1168-1577/? W/bt_btif: bta_dm_ble_observe BTM_BleObserve failed. status 6
2019-03-19 11:19:52.009 5021-5037/? W/Unity: Your current multi-scene setup has inconsistent Lighting settings which may lead to different lighting when loading scenes individually or in a different order! Consider homogenizing the following: 2/3 scenes have different Realtime GI settings. 1/3 scenes use different skyboxes. (Filename: Line: 123)
2019-03-19 11:19:52.112 5021-5037/? W/Unity: Using Raycaster (Raycaster: UnityEngine.UI.GraphicRaycaster, Object: Canvas). It is recommended to use GvrPointerPhysicsRaycaster or GvrPointerGrahpicRaycaster with GvrPointerInputModule. (Filename: ./Runtime/Export/Debug.bindings.h Line: 45)
2019-03-19 11:19:52.112 5021-5037/? I/Unity: enter (Filename: ./Runtime/Export/Debug.bindings.h Line: 45)
2019-03-19 11:19:52.357 5021-5037/? W/Unity: Using Raycaster (Raycaster: UnityEngine.UI.GraphicRaycaster, Object: Canvas). It is recommended to use GvrPointerPhysicsRaycaster or GvrPointerGrahpicRaycaster with GvrPointerInputModule. (Filename: ./Runtime/Export/Debug.bindings.h Line: 45)
2019-03-19 11:19:54.815 5021-5037/? I/chatty: uid=10076(com.bds.ymtcpsvr) UnityMain identical 179 lines
2019-03-19 11:19:54.826 5021-5037/? W/Unity: Using Raycaster (Raycaster: UnityEngine.UI.GraphicRaycaster, Object: Canvas). It is recommended to use GvrPointerPhysicsRaycaster or GvrPointerGrahpicRaycaster with GvrPointerInputModule. (Filename: ./Runtime/Export/Debug.bindings.h Line: 45)
2019-03-19 11:19:54.832 5021-5026/? I/zygote: Do partial code cache collection, code=29KB, data=22KB
2019-03-19 11:19:54.832 5021-5026/? I/zygote: After code cache collection, code=29KB, data=22KB
2019-03-19 11:19:54.832 5021-5026/? I/zygote: Increasing code cache capacity to 128KB
2019-03-19 11:19:54.853 5021-5037/? W/Unity: Using Raycaster (Raycaster: UnityEngine.UI.GraphicRaycaster, Object: Canvas). It is recommended to use GvrPointerPhysicsRaycaster or GvrPointerGrahpicRaycaster with GvrPointerInputModule. (Filename: ./Runtime/Export/Debug.bindings.h Line: 45)
2019-03-19 11:19:55.456 5021-5037/? I/chatty: uid=10076(com.bds.ymtcpsvr) UnityMain identical 44 lines
2019-03-19 11:19:55.470 5021-5037/? W/Unity: Using Raycaster (Raycaster: UnityEngine.UI.GraphicRaycaster, Object: Canvas). It is recommended to use GvrPointerPhysicsRaycaster or GvrPointerGrahpicRaycaster with GvrPointerInputModule. (Filename: ./Runtime/Export/Debug.bindings.h Line: 45)
2019-03-19 11:19:55.472 5021-5037/? I/Unity: interView (CatFrontView) (Filename: ./Runtime/Export/Debug.bindings.h Line: 45)
2019-03-19 11:19:55.484 5021-5037/? I/Unity: exit (Filename: ./Runtime/Export/Debug.bindings.h Line: 45)
2019-03-19 11:20:03.020 5021-5037/? I/Unity: enter (Filename: ./Runtime/Export/Debug.bindings.h Line: 45)
2019-03-19 11:20:03.729 5021-5037/? I/Unity: Anna (Game1Girl) (Filename: ./Runtime/Export/Debug.bindings.h Line: 45)
2019-03-19 11:20:05.467 5021-5037/? I/Unity: Anna (Game1Girl) (Filename: ./Runtime/Export/Debug.bindings.h Line: 45)
2019-03-19 11:20:05.469 5021-5037/? I/Unity: StartRecording... (Filename: ./Runtime/Export/Debug.bindings.h Line: 45)
2019-03-19 11:20:05.492 4150-4150/? I/GRecognitionServiceImpl: #startListening [en-US]
2019-03-19 11:20:05.530 4150-4150/? E/WorkerLoader: No worker found for workerId networkmonitor.
2019-03-19 11:20:05.531 4150-4150/? E/WorkerLoader: No worker found for workerId sharedmicrodetection.
2019-03-19 11:20:05.532 4150-4150/? E/WorkerLoader: No worker found for workerId actions.
2019-03-19 11:20:05.542 4150-4150/? I/AudioRouter: Route changed: ROUTE_NO_AUDIO->ROUTE_NO_BLUETOOTH,CONNECTION_TYPE_NONE->CONNECTION_TYPE_NONE
2019-03-19 11:20:05.542 4150-5147/? W/AudioManager: Use of stream types is deprecated for operations other than volume control
2019-03-19 11:20:05.542 4150-5147/? W/AudioManager: See the documentation of requestAudioFocus() for what to use instead with android.media.AudioAttributes to qualify your playback use case
2019-03-19 11:20:05.545 1064-2578/? I/MediaFocusControl: AudioFocus requestAudioFocus() from uid/pid 10074/4150 clientId=android.media.AudioManager@4ddcf08com.google.android.apps.gsa.speech.audio.c.b@fb5c6a1 req=4 flags=0x0
2019-03-19 11:20:05.578 2023-5151/? I/Authzen: [DeviceStateSyncManager] The server is in sync with current state. Nothing to do
2019-03-19 11:20:05.584 4150-4150/? I/AudioController: Created new AudioSource
2019-03-19 11:20:05.587 4150-5146/? I/MicrophoneInputStream: mic_starting com.google.android.apps.gsa.speech.audio.ae@28f56e5
2019-03-19 11:20:05.588 595-1049/? W/DeviceHAL: Device 0xec558000 open_input_stream: Invalid argument
2019-03-19 11:20:05.590 5021-5021/? I/KKSpeechRecognizer: onReadyForSpeech
2019-03-19 11:20:05.595 664-5157/? I/AudioFlinger: AudioFlinger's thread 0xf0a83640 tid=5157 ready to run
2019-03-19 11:20:05.602 4150-5154/? I/S3RecognizerInfoBuilder: S3PreambleType 0
2019-03-19 11:20:05.610 4150-5145/? I/FavoriteContactNamesSup: get()
2019-03-19 11:20:05.610 4150-5145/? I/FavoriteContactNamesSup: get() : Execute directly (BG thread)
2019-03-19 11:20:05.612 595-5163/? D/libperfdclientstub: perf_lock_acq stub called by pid: 595
2019-03-19 11:20:05.612 595-5163/? D/audio_route: Apply path: echo-reference
2019-03-19 11:20:05.612 593-593/? W//system/bin/hw/android.hidl.allocator@1.0-service: ashmem_create_region(3840) returning hidl_memory(0x7400c2c350, 3840)
2019-03-19 11:20:05.613 4150-5146/? I/MicrophoneInputStream: mic_started com.google.android.apps.gsa.speech.audio.ae@28f56e5
2019-03-19 11:20:05.615 595-5163/? D/audio_hw_primary: enable_snd_device: snd_device(80: voice-rec-dmic-ef-fluence)
2019-03-19 11:20:05.615 593-593/? W//system/bin/hw/android.hidl.allocator@1.0-service: ashmem_create_region(3840) returning hidl_memory(0x7400c2c350, 3840)
2019-03-19 11:20:05.615 595-5163/? D/audio_route: Apply path: voice-rec-dmic-ef-fluence
2019-03-19 11:20:05.617 4150-5145/? I/FavoriteContactNamesSup: get()
2019-03-19 11:20:05.617 4150-5145/? I/FavoriteContactNamesSup: get() : Execute directly (BG thread)
2019-03-19 11:20:05.617 4150-5145/? I/FavoriteContactNamesSup: get()
2019-03-19 11:20:05.617 4150-5145/? I/FavoriteContactNamesSup: get() : Execute directly (BG thread)
2019-03-19 11:20:05.617 4150-4150/? I/BgTaskExecutorImpl: Starting EXCLUSIVE background task fetch_location_reporting_state.
2019-03-19 11:20:05.627 4150-5159/? D/CronetProvider: Tried to load org.chromium.net.impl.NativeCronetProvider provider class but it wasn't included in the app classpath
2019-03-19 11:20:05.630 595-5163/? D/ACDB-LOADER: ACDB -> send_audio_cal, acdb_id = 111, path = 1, app id = 0x11132, sample rate = 48000
2019-03-19 11:20:05.630 595-5163/? D/ACDB-LOADER: ACDB -> send_asm_topology
2019-03-19 11:20:05.630 595-5163/? D/ACDB-LOADER: ACDB -> ACDB_CMD_GET_AUDPROC_STREAM_TOPOLOGY_ID
2019-03-19 11:20:05.630 595-5163/? D/ACDB-LOADER: ACDB -> send_adm_topology
2019-03-19 11:20:05.630 595-5163/? D/ACDB-LOADER: ACDB -> ACDB_CMD_GET_AUDPROC_COMMON_TOPOLOGY_ID
2019-03-19 11:20:05.630 595-5163/? D/ACDB-LOADER: ACDB -> send_audtable
2019-03-19 11:20:05.630 595-5163/? D/ACDB-LOADER: ACDB -> ACDB_CMD_GET_AUDPROC_COMMON_TABLE_SIZE
2019-03-19 11:20:05.630 595-5163/? D/ACDB-LOADER: ACDB -> ACDB_CMD_GET_AUDPROC_COMMON_TABLE
2019-03-19 11:20:05.630 595-5163/? D/ACDB-LOADER: ACDB -> AUDIO_SET_AUDPROC_CAL
2019-03-19 11:20:05.630 595-5163/? D/ACDB-LOADER: ACDB -> send_audvoltable
2019-03-19 11:20:05.630 595-5163/? D/ACDB-LOADER: ACDB -> ACDB_CMD_GET_AUDPROC_VOL_STEP_TABLE_SIZE
2019-03-19 11:20:05.630 595-5163/? D/ACDB-LOADER: ACDB -> ACDB_CMD_GET_AUDPROC_GAIN_DEP_STEP_TABLE, vol index 0
2019-03-19 11:20:05.630 595-5163/? E/ACDB-LOADER: Error: ACDB AudProc vol returned = -19
2019-03-19 11:20:05.630 595-5163/? D/ACDB-LOADER: ACDB -> AUDIO_SET_VOL_CAL cal type = 12
2019-03-19 11:20:05.630 595-5163/? D/ACDB-LOADER: ACDB -> ACDB_CMD_GET_AUDPROC_STREAM_TABLE_SIZE
2019-03-19 11:20:05.630 595-5163/? D/ACDB-LOADER: ACDB -> send_audstrmtable
2019-03-19 11:20:05.630 595-5163/? D/ACDB-LOADER: ACDB -> ACDB_CMD_GET_AUDPROC_STREAM_TABLE_V2
2019-03-19 11:20:05.630 595-5163/? D/ACDB-LOADER: ACDB -> audstrm_cal->cal_type.cal_data.cal_size = 16
2019-03-19 11:20:05.630 595-5163/? D/ACDB-LOADER: ACDB -> send_afe_topology
2019-03-19 11:20:05.630 595-5163/? D/ACDB-LOADER: ACDB -> ACDB_CMD_GET_AFE_TOPOLOGY_ID
2019-03-19 11:20:05.630 595-5163/? D/ACDB-LOADER: ACDB -> GET_AFE_TOPOLOGY_ID for adcd_id 111, Topology Id 112fb
2019-03-19 11:20:05.630 595-5163/? D/ACDB-LOADER: ACDB -> send_afe_cal
2019-03-19 11:20:05.630 595-5163/? D/ACDB-LOADER: ACDB -> ACDB_CMD_GET_AFE_COMMON_TABLE_SIZE
2019-03-19 11:20:05.630 595-5163/? E/ACDB-LOADER: Error: ACDB_CMD_GET_AFE_COMMON_TABLE_SIZE Returned = -19
2019-03-19 11:20:05.630 595-5163/? D/ACDB-LOADER: ACDB -> ACDB_CMD_GET_AFE_COMMON_TABLE
2019-03-19 11:20:05.630 595-5163/? E/ACDB-LOADER: Error: ACDB AFE returned = -19
2019-03-19 11:20:05.630 595-5163/? D/ACDB-LOADER: ACDB -> AUDIO_SET_AFE_CAL
2019-03-19 11:20:05.630 595-5163/? D/ACDB-LOADER: ACDB -> send_hw_delay : acdb_id = 111 path = 1
2019-03-19 11:20:05.630 595-5163/? D/ACDB-LOADER: ACDB -> ACDB_AVSYNC_INFO: ACDB_CMD_GET_DEVICE_PROPERTY
2019-03-19 11:20:05.630 595-5163/? D/audio_hw_primary: enable_audio_route: usecase(9) apply and update mixer path: audio-record
2019-03-19 11:20:05.630 595-5163/? D/audio_route: Apply path: audio-record
2019-03-19 11:20:05.633 1064-2711/? D/WificondControl: Scan result ready event
2019-03-19 11:20:05.637 4150-5168/? I/OMXClient: Treble IOmx obtained
2019-03-19 11:20:05.638 682-801/? I/OMXMaster: makeComponentInstance(OMX.google.amrwb.encoder) in omx@1.0-service process
2019-03-19 11:20:05.638 1635-1635/? W/ChimeraUtils: Non Chimera context
2019-03-19 11:20:05.638 1064-1145/? D/WificondScannerImpl: Filtering out 8 scan results.
2019-03-19 11:20:05.638 1635-1635/? W/ChimeraUtils: Non Chimera context
2019-03-19 11:20:05.642 4150-5159/? W/zygote: Skipping duplicate class check due to unrecognized classloader
2019-03-19 11:20:05.644 682-801/? E/OMXNodeInstance: getConfig(0xeb322ae0:google.amrwb.encoder, ConfigAndroidVendorExtension(0x6f100004)) ERROR: Undefined(0x80001001)
2019-03-19 11:20:05.645 4150-5159/? I/DynamiteModule: Considering local module com.google.android.gms.cronet_dynamite:0 and remote module com.google.android.gms.cronet_dynamite:1207
2019-03-19 11:20:05.645 4150-5159/? I/DynamiteModule: Selected remote version of com.google.android.gms.cronet_dynamite, version >= 1207
2019-03-19 11:20:05.647 4150-5152/? W/BgTaskExecutorImpl: EXCLUSIVE background task fetch_location_reporting_state was not found. com.google.android.apps.gsa.tasks.p: Could not find background task: fetch_location_reporting_state
at com.google.android.apps.gsa.tasks.b.b.run(SourceFile:2)
at java.util.concurrent.Executors$RunnableAdapter.call(Executors.java:457)
at java.util.concurrent.FutureTask.run(FutureTask.java:266)
at java.util.concurrent.Executors$RunnableAdapter.call(Executors.java:457)
at java.util.concurrent.FutureTask.run(FutureTask.java:266)
at com.google.android.apps.gsa.shared.util.concurrent.a.h.run(Unknown Source:2)
at com.google.android.apps.gsa.shared.util.concurrent.a.ap.run(SourceFile:1)
at com.google.android.apps.gsa.shared.util.concurrent.a.ap.run(SourceFile:1)
at java.util.concurrent.ThreadPoolExecutor.runWorker(ThreadPoolExecutor.java:1162)
at java.util.concurrent.ThreadPoolExecutor$Worker.run(ThreadPoolExecutor.java:636)
at java.lang.Thread.run(Thread.java:764)
at com.google.android.apps.gsa.shared.util.concurrent.a.l.run(SourceFile:5)
2019-03-19 11:20:05.648 593-593/? W//system/bin/hw/android.hidl.allocator@1.0-service: ashmem_create_region(640) returning hidl_memory(0x7400c2c350, 640)
2019-03-19 11:20:05.656 593-593/? I/chatty: uid=1000(system) allocator@1.0-s identical 2 lines
2019-03-19 11:20:05.657 593-593/? W//system/bin/hw/android.hidl.allocator@1.0-service: ashmem_create_region(640) returning hidl_memory(0x7400c2c350, 640)
2019-03-19 11:20:05.659 593-593/? W//system/bin/hw/android.hidl.allocator@1.0-service: ashmem_create_region(8192) returning hidl_memory(0x7400c2c350, 8192)
2019-03-19 11:20:05.659 595-5163/? D/libperfdclientstub: perf_lock_rel stub called by pid: 595
2019-03-19 11:20:05.660 593-593/? W//system/bin/hw/android.hidl.allocator@1.0-service: ashmem_create_region(8192) returning hidl_memory(0x7400c2c350, 8192)
2019-03-19 11:20:05.660 593-593/? I/chatty: uid=1000(system) allocator@1.0-s identical 1 line
2019-03-19 11:20:05.661 593-593/? W//system/bin/hw/android.hidl.allocator@1.0-service: ashmem_create_region(8192) returning hidl_memory(0x7400c2c350, 8192)
2019-03-19 11:20:05.666 4150-5159/? W/zygote: Skipping duplicate class check due to unrecognized classloader
2019-03-19 11:20:05.676 4150-5159/? D/CronetProvider: Tried to load org.chromium.net.impl.NativeCronetProvider provider class but it wasn't included in the app classpath
2019-03-19 11:20:05.689 4150-5159/? I/cr_CronetLibraryLoader: Cronet version: 70.0.3538.80, arch: armv8l
2019-03-19 11:20:05.695 4150-5165/? W/CronetHttpEngine: Upload request without a content type.
2019-03-19 11:20:05.696 4150-5146/? W/SpeechLevelGenerator: Really low audio levels detected. The audio input may have issues.
2019-03-19 11:20:05.771 4150-5177/? D/NetworkSecurityConfig: No Network Security Config specified, using platform default
2019-03-19 11:20:05.982 664-797/? W/AudioFlinger::EffectModule: EffectModule 0xf299ab00 destructor called with unreleased interface
2019-03-19 11:20:05.983 664-797/? W/AudioFlinger::EffectHandle: disconnect Effect handle 0xf2991f40 disconnected after thread destruction
2019-03-19 11:20:06.606 4150-5144/? W/RecognitionDispatcher: Could not stop engine: 3.
2019-03-19 11:20:06.607 5021-5021/? I/KKSpeechRecognizer: onBeginningOfSpeech
2019-03-19 11:20:06.828 5021-5037/? I/Unity: GotPartialResult (Filename: ./Runtime/Export/Debug.bindings.h Line: 45)
2019-03-19 11:20:07.270 5021-5037/? I/chatty: uid=10076(com.bds.ymtcpsvr) UnityMain identical 4 lines
2019-03-19 11:20:07.281 5021-5037/? I/Unity: GotPartialResult (Filename: ./Runtime/Export/Debug.bindings.h Line: 45)
2019-03-19 11:20:07.429 5021-5037/? I/Unity: GotPartialResult what (Filename: ./Runtime/Export/Debug.bindings.h Line: 45)
2019-03-19 11:20:07.537 5021-5037/? I/Unity: GotPartialResult what (Filename: ./Runtime/Export/Debug.bindings.h Line: 45)
2019-03-19 11:20:07.859 5021-5037/? I/Unity: GotPartialResult what would you like (Filename: ./Runtime/Export/Debug.bindings.h Line: 45)
2019-03-19 11:20:08.056 5021-5037/? I/Unity: GotPartialResult what would you like to have (Filename: ./Runtime/Export/Debug.bindings.h Line: 45)
2019-03-19 11:20:08.348 4150-5144/? I/MicrophoneInputStream: mic_close com.google.android.apps.gsa.speech.audio.ae@28f56e5
2019-03-19 11:20:08.371 595-1049/? D/audio_hw_primary: disable_audio_route: usecase(9) reset and update mixer path: audio-record
2019-03-19 11:20:08.372 595-1049/? D/audio_hw_primary: disable_snd_device: snd_device(80: voice-rec-dmic-ef-fluence)
2019-03-19 11:20:08.382 5021-5021/? I/KKSpeechRecognizer: onEndOfSpeech
2019-03-19 11:20:08.391 5021-5037/? I/Unity: End Of Speech (Filename: ./Runtime/Export/Debug.bindings.h Line: 45)
2019-03-19 11:20:08.441 4150-5144/? I/AudioController: internalShutdown
2019-03-19 11:20:08.443 4150-4150/? I/RecognizerImpl: Supplied requestId [88I1cQG9BQ8] is not the one that is currently active [null]
2019-03-19 11:20:08.444 593-593/? W//system/bin/hw/android.hidl.allocator@1.0-service: ashmem_create_region(3840) returning hidl_memory(0x7400c2c350, 3840)
2019-03-19 11:20:08.445 5021-5037/? I/Unity: GotFinalResult what would you like to have (Filename: ./Runtime/Export/Debug.bindings.h Line: 45)
2019-03-19 11:20:08.446 593-593/? W//system/bin/hw/android.hidl.allocator@1.0-service: ashmem_create_region(3840) returning hidl_memory(0x7400c2c350, 3840)
2019-03-19 11:20:08.982 664-797/? W/AudioFlinger::EffectModule: EffectModule 0xf2999780 destructor called with unreleased interface
2019-03-19 11:20:08.982 664-797/? W/AudioFlinger::EffectHandle: disconnect Effect handle 0xf3131e40 disconnected after thread destruction
2019-03-19 11:20:09.382 5021-5037/? I/Unity: Anna (Game1Girl) (Filename: ./Runtime/Export/Debug.bindings.h Line: 45)
2019-03-19 11:20:09.383 5021-5037/? I/Unity: voice: g1anna1 (Filename: ./Runtime/Export/Debug.bindings.h Line: 45)
2019-03-19 11:20:10.564 1635-1938/? E/AbstractServiceBroker: Getting service failed java.lang.SecurityException: GoogleCertificatesRslt: not whitelisted: pkg=com.google.android.apps.speechservices, sha1=38918a453d07199354f8b19af05ec6562ced5788, atk=false, ver=15090019.true at qgs.b(:com.google.android.gms@15090019@15.0.90 (040400-231259764):2) at qgy.a(:com.google.android.gms@15090019@15.0.90 (040400-231259764):21) at com.google.android.contextmanager.service.ContextManagerChimeraService.a(:com.google.android.gms@15090019@15.0.90 (040400-231259764):10) at yzp.a(:com.google.android.gms@15090019@15.0.90 (040400-231259764):17) at ray.a(:com.google.android.gms@15090019@15.0.90 (040400-231259764):40) at rdu.onTransact(:com.google.android.gms@15090019@15.0.90 (040400-231259764):36)
at android.os.Binder.transact(Binder.java:604) at dvm.onTransact(:com.google.android.gms@15090019@15.0.90 (040400-231259764):3)
at android.os.Binder.execTransact(Binder.java:674) --------- beginning of crash
2019-03-19 11:20:10.565 4150-5166/? E/AndroidRuntime: FATAL EXCEPTION: GcoreGoogleApiClient Process: com.google.android.apps.speechservices:search, PID: 4150 java.lang.SecurityException: GoogleCertificatesRslt: not whitelisted: pkg=com.google.android.apps.speechservices, sha1=38918a453d07199354f8b19af05ec6562ced5788, atk=false, ver=15090019.true
at android.os.Parcel.readException(Parcel.java:1944)
at android.os.Parcel.readException(Parcel.java:1890)
at com.google.android.gms.common.internal.x.a(Unknown Source:36)
at com.google.android.gms.common.internal.an.a(Unknown Source:39)
at com.google.android.gms.common.api.internal.q.UZ(Unknown Source:14)
at com.google.android.gms.common.api.internal.v.run(Unknown Source:5)
at java.util.concurrent.Executors$RunnableAdapter.call(Executors.java:457)
at java.util.concurrent.FutureTask.run(FutureTask.java:266)
at java.util.concurrent.ThreadPoolExecutor.runWorker(ThreadPoolExecutor.java:1162)
at java.util.concurrent.ThreadPoolExecutor$Worker.run(ThreadPoolExecutor.java:636)
at com.google.android.gms.internal.x.run(Unknown Source:7)
at java.lang.Thread.run(Thread.java:764)
2019-03-19 11:20:10.578 1064-1078/? I/ActivityManager: Start proc 5186:com.google.android.apps.speechservices:crash_report/u0a74 for broadcast com.google.android.apps.speechservices/com.google.android.apps.gsa.silentfeedback.SilentFeedbackReceiver
2019-03-19 11:20:10.580 5186-5186/? W/zygote: Using default instruction set features for ARM CPU variant (cortex-a9) using conservative defaults
2019-03-19 11:20:10.620 4150-5166/? I/Process: Sending signal. PID: 4150 SIG: 9
2019-03-19 11:20:10.659 1064-1075/? D/ConnectivityService: ConnectivityService NetworkRequestInfo binderDied(NetworkRequest [ LISTEN id=16, [ Capabilities: INTERNET&NOT_RESTRICTED&TRUSTED] ], android.os.BinderProxy@d6345f6)
2019-03-19 11:20:10.659 1064-1273/? I/MediaFocusControl: AudioFocus removeFocusStackEntryOnDeath(): removing entry for android.os.BinderProxy@4d9edf7
2019-03-19 11:20:10.660 1064-1309/? I/ActivityManager: Process com.google.android.apps.speechservices:search (pid 4150) has died: vis BFGS
2019-03-19 11:20:10.660 1064-1080/? W/zygote64: kill(-4150, 9) failed: No such process
2019-03-19 11:20:10.660 1064-1309/? W/ActivityManager: Scheduling restart of crashed service com.google.android.apps.speechservices/com.google.android.voicesearch.serviceapi.GoogleRecognitionService in 1000ms
2019-03-19 11:20:10.660 1064-1309/? W/ActivityManager: Service crashed 2 times, stopping: ServiceRecord{fbae6d u0 com.google.android.apps.speechservices/com.google.android.apps.gsa.search.core.service.SearchService}
2019-03-19 11:20:10.677 5186-5186/? D/AndroidRuntime: Shutting down VM
2019-03-19 11:20:10.678 5186-5186/? E/AndroidRuntime: FATAL EXCEPTION: main Process: com.google.android.apps.speechservices:crash_report, PID: 5186 java.lang.SecurityException: GoogleCertificatesRslt: not whitelisted: pkg=com.google.android.apps.speechservices, sha1=38918a453d07199354f8b19af05ec6562ced5788, atk=false, ver=15090019.true
at android.os.Parcel.readException(Parcel.java:1944)
at android.os.Parcel.readException(Parcel.java:1890)
at com.google.android.gms.common.internal.x.a(Unknown Source:36)
at com.google.android.gms.common.internal.an.a(Unknown Source:39)
at com.google.android.gms.common.api.internal.q.UZ(Unknown Source:14)
at com.google.android.gms.common.api.internal.v.run(Unknown Source:5)
at java.util.concurrent.Executors$RunnableAdapter.call(Executors.java:457)
at java.util.concurrent.FutureTask.run(FutureTask.java:266)
at java.util.concurrent.ThreadPoolExecutor.runWorker(ThreadPoolExecutor.java:1162)
at java.util.concurrent.ThreadPoolExecutor$Worker.run(ThreadPoolExecutor.java:636)
at com.google.android.gms.internal.x.run(Unknown Source:7)
at java.lang.Thread.run(Thread.java:764)
2019-03-19 11:20:10.703 1064-1080/? W/zygote64: kill(-4150, 9) failed: No such process
2019-03-19 11:20:10.703 1064-1080/? I/zygote64: Successfully killed process cgroup uid 10074 pid 4150 in 43ms
2019-03-19 11:20:10.714 1064-1288/? W/ActivityManager: Process com.google.android.apps.speechservices:search has crashed too many times: killing!
2019-03-19 11:20:10.714 1064-1288/? I/ActivityManager: Killing 5186:com.google.android.apps.speechservices:crash_report/u0a74 (adj 0): crash
2019-03-19 11:20:10.715 1064-1080/? W/zygote64: kill(-5186, 9) failed: No such process
2019-03-19 11:20:10.716 1064-1078/? W/BroadcastQueue: Background execution not allowed: receiving Intent { act=android.intent.action.DROPBOX_ENTRY_ADDED flg=0x10 (has extras) } to com.google.android.gms/.stats.service.DropBoxEntryAddedReceiver
2019-03-19 11:20:10.717 1064-1078/? W/BroadcastQueue: Background execution not allowed: receiving Intent { act=android.intent.action.DROPBOX_ENTRY_ADDED flg=0x10 (has extras) } to com.google.android.gms/.chimera.GmsIntentOperationService$PersistentTrustedReceiver
2019-03-19 11:20:10.717 1064-1078/? W/BroadcastQueue: Unable to launch app com.google.android.apps.speechservices/10074 for broadcast Intent { flg=0x10 cmp=com.google.android.apps.speechservices/com.google.android.apps.gsa.silentfeedback.SilentFeedbackReceiver (has extras) }: process is bad
2019-03-19 11:20:10.723 1064-1078/? W/BroadcastQueue: Background execution not allowed: receiving Intent { act=android.intent.action.DROPBOX_ENTRY_ADDED flg=0x10 (has extras) } to com.google.android.gms/.stats.service.DropBoxEntryAddedReceiver
2019-03-19 11:20:10.723 1064-1078/? W/BroadcastQueue: Background execution not allowed: receiving Intent { act=android.intent.action.DROPBOX_ENTRY_ADDED flg=0x10 (has extras) } to com.google.android.gms/.chimera.GmsIntentOperationService$PersistentTrustedReceiver
2019-03-19 11:20:10.760 1064-1080/? W/zygote64: kill(-5186, 9) failed: No such process
2019-03-19 11:20:10.760 1064-1080/? I/zygote64: Successfully killed process cgroup uid 10074 pid 5186 in 45ms
2019-03-19 11:20:11.672 1064-1078/? I/ActivityManager: Start proc 5216:com.google.android.apps.speechservices:search/u0a74 for service com.google.android.apps.speechservices/com.google.android.voicesearch.serviceapi.GoogleRecognitionService
2019-03-19 11:20:11.674 5216-5216/? W/zygote: Using default instruction set features for ARM CPU variant (cortex-a9) using conservative defaults
2019-03-19 11:20:12.865 1446-1650/? I/native: stationary_detector.cc:202 SensorFusion: Enter stationary state. Stability time: 10
2019-03-19 11:20:12.898 5021-5037/? I/Unity: Anna (Game1Girl) (Filename: ./Runtime/Export/Debug.bindings.h Line: 45)
2019-03-19 11:20:13.742 1446-1652/? I/native: stationary_detector.cc:188 SensorFusion: Exit stationary state: Gyro HP:0 Acc HP: 0 Gyro Norm: 1
2019-03-19 11:20:14.658 5021-5037/? I/Unity: Anna (Game1Girl) (Filename: ./Runtime/Export/Debug.bindings.h Line: 45)
2019-03-19 11:20:14.658 5021-5037/? I/Unity: StartRecording... (Filename: ./Runtime/Export/Debug.bindings.h Line: 45)
2019-03-19 11:20:14.666 5216-5216/? I/GRecognitionServiceImpl: #startListening [en-US]
2019-03-19 11:20:14.691 5216-5216/? E/WorkerLoader: No worker found for workerId microdetection.
2019-03-19 11:20:14.691 5216-5216/? I/SearchService: We were killed and are starting back!
2019-03-19 11:20:14.692 1064-1309/? W/ActivityManager: Unable to start service Intent { act=com.google.android.apps.gsa.search.core.BroadcastListenerService.action.START cmp=com.google.android.apps.speechservices/com.google.android.apps.gsa.search.core.BroadcastListenerService } U=0: not found
2019-03-19 11:20:14.720 5216-5216/? E/WorkerLoader: No worker found for workerId networkmonitor.
2019-03-19 11:20:14.721 5216-5216/? E/WorkerLoader: No worker found for workerId sharedmicrodetection.
2019-03-19 11:20:14.722 5216-5216/? E/WorkerLoader: No worker found for workerId actions.
2019-03-19 11:20:14.732 5216-5216/? I/AudioRouter: Route changed: ROUTE_NO_AUDIO->ROUTE_NO_BLUETOOTH,CONNECTION_TYPE_NONE->CONNECTION_TYPE_NONE
2019-03-19 11:20:14.732 5216-5243/? W/AudioManager: Use of stream types is deprecated for operations other than volume control
2019-03-19 11:20:14.732 5216-5243/? W/AudioManager: See the documentation of requestAudioFocus() for what to use instead with android.media.AudioAttributes to qualify your playback use case
2019-03-19 11:20:14.733 1064-1309/? I/MediaFocusControl: AudioFocus requestAudioFocus() from uid/pid 10074/5216 clientId=android.media.AudioManager@2193352com.google.android.apps.gsa.speech.audio.c.b@5ca0623 req=4 flags=0x0
2019-03-19 11:20:14.758 5216-5216/? I/AudioController: Created new AudioSource
2019-03-19 11:20:14.765 5216-5233/? I/MicrophoneInputStream: mic_starting com.google.android.apps.gsa.speech.audio.ae@f33d129
2019-03-19 11:20:14.766 595-1049/? W/DeviceHAL: Device 0xec558000 open_input_stream: Invalid argument
2019-03-19 11:20:14.772 5021-5021/? I/KKSpeechRecognizer: onReadyForSpeech
2019-03-19 11:20:14.774 664-5249/? I/AudioFlinger: AudioFlinger's thread 0xf0b03f80 tid=5249 ready to run
2019-03-19 11:20:14.787 5216-5247/? I/S3RecognizerInfoBuilder: S3PreambleType 0
2019-03-19 11:20:14.796 5216-5241/? I/FavoriteContactNamesSup: get()
2019-03-19 11:20:14.796 5216-5241/? I/FavoriteContactNamesSup: get() : Execute directly (BG thread)
2019-03-19 11:20:14.797 5216-5241/? I/FavoriteContactNamesSup: get()
2019-03-19 11:20:14.797 5216-5241/? I/FavoriteContactNamesSup: get() : Execute directly (BG thread)
2019-03-19 11:20:14.797 5216-5241/? I/FavoriteContactNamesSup: get()
2019-03-19 11:20:14.797 5216-5241/? I/FavoriteContactNamesSup: get() : Execute directly (BG thread)
2019-03-19 11:20:14.802 593-593/? W//system/bin/hw/android.hidl.allocator@1.0-service: ashmem_create_region(3840) returning hidl_memory(0x7400c2c350, 3840)
2019-03-19 11:20:14.803 5216-5251/? D/CronetProvider: Tried to load org.chromium.net.impl.NativeCronetProvider provider class but it wasn't included in the app classpath
2019-03-19 11:20:14.804 593-593/? W//system/bin/hw/android.hidl.allocator@1.0-service: ashmem_create_region(3840) returning hidl_memory(0x7400c2c350, 3840)
2019-03-19 11:20:14.810 5216-5233/? I/MicrophoneInputStream: mic_started com.google.android.apps.gsa.speech.audio.ae@f33d129
2019-03-19 11:20:14.813 1635-1635/? W/ChimeraUtils: Non Chimera context
2019-03-19 11:20:14.813 1635-1635/? W/ChimeraUtils: Non Chimera context
2019-03-19 11:20:14.820 5216-5251/? W/zygote: Skipping duplicate class check due to unrecognized classloader
2019-03-19 11:20:14.821 595-5255/? D/libperfdclientstub: perf_lock_acq stub called by pid: 595
2019-03-19 11:20:14.821 595-5255/? D/audio_route: Apply path: echo-reference
2019-03-19 11:20:14.822 595-5255/? D/audio_hw_primary: enable_snd_device: snd_device(80: voice-rec-dmic-ef-fluence)
2019-03-19 11:20:14.823 595-5255/? D/audio_route: Apply path: voice-rec-dmic-ef-fluence
2019-03-19 11:20:14.823 5216-5251/? I/DynamiteModule: Considering local module com.google.android.gms.cronet_dynamite:0 and remote module com.google.android.gms.cronet_dynamite:1207
2019-03-19 11:20:14.823 5216-5251/? I/DynamiteModule: Selected remote version of com.google.android.gms.cronet_dynamite, version >= 1207
2019-03-19 11:20:14.826 5216-5216/? I/BgTaskExecutorImpl: Starting EXCLUSIVE background task fetch_location_reporting_state.
2019-03-19 11:20:14.828 595-5255/? D/ACDB-LOADER: ACDB -> send_audio_cal, acdb_id = 111, path = 1, app id = 0x11132, sample rate = 48000
2019-03-19 11:20:14.828 595-5255/? D/ACDB-LOADER: ACDB -> send_asm_topology
2019-03-19 11:20:14.828 595-5255/? D/ACDB-LOADER: ACDB -> ACDB_CMD_GET_AUDPROC_STREAM_TOPOLOGY_ID
2019-03-19 11:20:14.828 595-5255/? D/ACDB-LOADER: ACDB -> send_adm_topology
2019-03-19 11:20:14.828 595-5255/? D/ACDB-LOADER: ACDB -> ACDB_CMD_GET_AUDPROC_COMMON_TOPOLOGY_ID
2019-03-19 11:20:14.828 595-5255/? D/ACDB-LOADER: ACDB -> send_audtable
2019-03-19 11:20:14.828 595-5255/? D/ACDB-LOADER: ACDB -> ACDB_CMD_GET_AUDPROC_COMMON_TABLE_SIZE
2019-03-19 11:20:14.828 595-5255/? D/ACDB-LOADER: ACDB -> ACDB_CMD_GET_AUDPROC_COMMON_TABLE
2019-03-19 11:20:14.828 595-5255/? D/ACDB-LOADER: ACDB -> AUDIO_SET_AUDPROC_CAL
2019-03-19 11:20:14.828 595-5255/? D/ACDB-LOADER: ACDB -> send_audvoltable
2019-03-19 11:20:14.828 595-5255/? D/ACDB-LOADER: ACDB -> ACDB_CMD_GET_AUDPROC_VOL_STEP_TABLE_SIZE
2019-03-19 11:20:14.828 595-5255/? D/ACDB-LOADER: ACDB -> ACDB_CMD_GET_AUDPROC_GAIN_DEP_STEP_TABLE, vol index 0
2019-03-19 11:20:14.828 595-5255/? E/ACDB-LOADER: Error: ACDB AudProc vol returned = -19
2019-03-19 11:20:14.828 595-5255/? D/ACDB-LOADER: ACDB -> AUDIO_SET_VOL_CAL cal type = 12
2019-03-19 11:20:14.828 595-5255/? D/ACDB-LOADER: ACDB -> ACDB_CMD_GET_AUDPROC_STREAM_TABLE_SIZE
2019-03-19 11:20:14.828 595-5255/? D/ACDB-LOADER: ACDB -> send_audstrmtable
2019-03-19 11:20:14.828 595-5255/? D/ACDB-LOADER: ACDB -> ACDB_CMD_GET_AUDPROC_STREAM_TABLE_V2
2019-03-19 11:20:14.828 595-5255/? D/ACDB-LOADER: ACDB -> audstrm_cal->cal_type.cal_data.cal_size = 16
2019-03-19 11:20:14.828 595-5255/? D/ACDB-LOADER: ACDB -> send_afe_topology
2019-03-19 11:20:14.828 595-5255/? D/ACDB-LOADER: ACDB -> ACDB_CMD_GET_AFE_TOPOLOGY_ID
2019-03-19 11:20:14.828 595-5255/? D/ACDB-LOADER: ACDB -> GET_AFE_TOPOLOGY_ID for adcd_id 111, Topology Id 112fb
2019-03-19 11:20:14.828 595-5255/? D/ACDB-LOADER: ACDB -> send_afe_cal
2019-03-19 11:20:14.828 595-5255/? D/ACDB-LOADER: ACDB -> ACDB_CMD_GET_AFE_COMMON_TABLE_SIZE
2019-03-19 11:20:14.828 595-5255/? E/ACDB-LOADER: Error: ACDB_CMD_GET_AFE_COMMON_TABLE_SIZE Returned = -19
2019-03-19 11:20:14.828 595-5255/? D/ACDB-LOADER: ACDB -> ACDB_CMD_GET_AFE_COMMON_TABLE
2019-03-19 11:20:14.828 595-5255/? E/ACDB-LOADER: Error: ACDB AFE returned = -19
2019-03-19 11:20:14.828 595-5255/? D/ACDB-LOADER: ACDB -> AUDIO_SET_AFE_CAL
2019-03-19 11:20:14.828 595-5255/? D/ACDB-LOADER: ACDB -> send_hw_delay : acdb_id = 111 path = 1
2019-03-19 11:20:14.828 595-5255/? D/ACDB-LOADER: ACDB -> ACDB_AVSYNC_INFO: ACDB_CMD_GET_DEVICE_PROPERTY
2019-03-19 11:20:14.828 595-5255/? D/audio_hw_primary: enable_audio_route: usecase(9) apply and update mixer path: audio-record
2019-03-19 11:20:14.828 595-5255/? D/audio_route: Apply path: audio-record
2019-03-19 11:20:14.834 5216-5257/? I/OMXClient: Treble IOmx obtained
2019-03-19 11:20:14.836 682-1562/? I/OMXMaster: makeComponentInstance(OMX.google.amrwb.encoder) in omx@1.0-service process
2019-03-19 11:20:14.842 682-1562/? E/OMXNodeInstance: getConfig(0xeb322ae0:google.amrwb.encoder, ConfigAndroidVendorExtension(0x6f100004)) ERROR: Undefined(0x80001001)
2019-03-19 11:20:14.843 593-593/? W//system/bin/hw/android.hidl.allocator@1.0-service: ashmem_create_region(640) returning hidl_memory(0x7400c2c350, 640)
2019-03-19 11:20:14.846 5216-5258/? W/BgTaskExecutorImpl: EXCLUSIVE background task fetch_location_reporting_state was not found. com.google.android.apps.gsa.tasks.p: Could not find background task: fetch_location_reporting_state
at com.google.android.apps.gsa.tasks.b.b.run(SourceFile:2)
at java.util.concurrent.Executors$RunnableAdapter.call(Executors.java:457)
at java.util.concurrent.FutureTask.run(FutureTask.java:266)
at java.util.concurrent.Executors$RunnableAdapter.call(Executors.java:457)
at java.util.concurrent.FutureTask.run(FutureTask.java:266)
at com.google.android.apps.gsa.shared.util.concurrent.a.h.run(Unknown Source:2)
