2019-03-19 11:12:33.463 1446-1649/? E/native: filter_update_base.cc:101 Mapped visual feature update failed when computing its residual and Jacobian.
2019-03-19 11:12:33.527 3586-3602/? I/Unity: GotPartialResult (Filename: ./Runtime/Export/Debug.bindings.h Line: 45)
2019-03-19 11:12:34.107 3586-3602/? I/chatty: uid=10076(com.bds.ymtcpsvr) UnityMain identical 5 lines
2019-03-19 11:12:34.202 3586-3602/? I/Unity: GotPartialResult (Filename: ./Runtime/Export/Debug.bindings.h Line: 45)
2019-03-19 11:12:34.504 1446-1652/? E/native: filter_update_base.cc:101 Mapped visual feature update failed when computing its residual and Jacobian.
2019-03-19 11:12:34.524 3586-3602/? I/Unity: GotPartialResult knickers are cheaper than (Filename: ./Runtime/Export/Debug.bindings.h Line: 45)
2019-03-19 11:12:34.595 1446-1654/? E/native: filter_update_base.cc:101 Mapped visual feature update failed when computing its residual and Jacobian.
2019-03-19 11:12:34.857 1446-1647/? E/native: filter_update_base.cc:101 Mapped visual feature update failed when computing its residual and Jacobian.
2019-03-19 11:12:35.084 3586-3602/? I/Unity: GotPartialResult knickers are cheaper than chicken wings (Filename: ./Runtime/Export/Debug.bindings.h Line: 45)
2019-03-19 11:12:35.111 3586-3602/? I/chatty: uid=10076(com.bds.ymtcpsvr) UnityMain identical 2 lines
2019-03-19 11:12:35.138 3586-3602/? I/Unity: GotPartialResult knickers are cheaper than chicken wings (Filename: ./Runtime/Export/Debug.bindings.h Line: 45)
2019-03-19 11:12:35.461 3961-3966/? I/zygote: Do partial code cache collection, code=31KB, data=28KB
2019-03-19 11:12:35.461 3961-3966/? I/zygote: After code cache collection, code=31KB, data=28KB
2019-03-19 11:12:35.461 3961-3966/? I/zygote: Increasing code cache capacity to 128KB
2019-03-19 11:12:35.486 3586-3602/? I/Unity: GotPartialResult knickers are cheaper than chicken wings (Filename: ./Runtime/Export/Debug.bindings.h Line: 45)
2019-03-19 11:12:35.551 3586-3602/? I/Unity: GotPartialResult knickers are cheaper than chicken wings can (Filename: ./Runtime/Export/Debug.bindings.h Line: 45)
2019-03-19 11:12:35.565 3586-3602/? I/chatty: uid=10076(com.bds.ymtcpsvr) UnityMain identical 1 line
2019-03-19 11:12:35.578 3586-3602/? I/Unity: GotPartialResult knickers are cheaper than chicken wings can (Filename: ./Runtime/Export/Debug.bindings.h Line: 45)
2019-03-19 11:12:35.618 3586-3602/? I/Unity: GotPartialResult knickers are cheaper than chicken wings can I (Filename: ./Runtime/Export/Debug.bindings.h Line: 45)
2019-03-19 11:12:35.740 3586-3602/? I/Unity: GotPartialResult knickers are cheaper than chicken wings can I (Filename: ./Runtime/Export/Debug.bindings.h Line: 45)
2019-03-19 11:12:35.740 3586-3602/? I/Unity: GotPartialResult knickers are cheaper than chicken wings can I have (Filename: ./Runtime/Export/Debug.bindings.h Line: 45)
2019-03-19 11:12:35.764 1446-1647/? E/native: filter_update_base.cc:101 Mapped visual feature update failed when computing its residual and Jacobian.
2019-03-19 11:12:36.397 3961-3979/? I/MicrophoneInputStream: mic_close com.google.android.apps.gsa.speech.audio.ae@f33d129
2019-03-19 11:12:36.421 595-1048/? D/audio_hw_primary: disable_audio_route: usecase(9) reset and update mixer path: audio-record
2019-03-19 11:12:36.422 595-1048/? D/audio_hw_primary: disable_snd_device: snd_device(80: voice-rec-dmic-ef-fluence)
2019-03-19 11:12:36.439 1635-1661/? E/AbstractServiceBroker: Getting service failed java.lang.SecurityException: GoogleCertificatesRslt: not whitelisted: pkg=com.google.android.apps.speechservices, sha1=38918a453d07199354f8b19af05ec6562ced5788, atk=false, ver=15090019.true at qgs.b(:com.google.android.gms@15090019@15.0.90 (040400-231259764):2) at qgy.a(:com.google.android.gms@15090019@15.0.90 (040400-231259764):21) at com.google.android.contextmanager.service.ContextManagerChimeraService.a(:com.google.android.gms@15090019@15.0.90 (040400-231259764):10) at yzp.a(:com.google.android.gms@15090019@15.0.90 (040400-231259764):17) at ray.a(:com.google.android.gms@15090019@15.0.90 (040400-231259764):40) at rdu.onTransact(:com.google.android.gms@15090019@15.0.90 (040400-231259764):36)
at android.os.Binder.transact(Binder.java:604) at dvm.onTransact(:com.google.android.gms@15090019@15.0.90 (040400-231259764):3)
at android.os.Binder.execTransact(Binder.java:674)
2019-03-19 11:12:36.440 3961-4002/? E/AndroidRuntime: FATAL EXCEPTION: GcoreGoogleApiClient Process: com.google.android.apps.speechservices:search, PID: 3961 java.lang.SecurityException: GoogleCertificatesRslt: not whitelisted: pkg=com.google.android.apps.speechservices, sha1=38918a453d07199354f8b19af05ec6562ced5788, atk=false, ver=15090019.true
at android.os.Parcel.readException(Parcel.java:1944)
at android.os.Parcel.readException(Parcel.java:1890)
at com.google.android.gms.common.internal.x.a(Unknown Source:36)
at com.google.android.gms.common.internal.an.a(Unknown Source:39)
at com.google.android.gms.common.api.internal.q.UZ(Unknown Source:14)
at com.google.android.gms.common.api.internal.v.run(Unknown Source:5)
at java.util.concurrent.Executors$RunnableAdapter.call(Executors.java:457)
at java.util.concurrent.FutureTask.run(FutureTask.java:266)
at java.util.concurrent.ThreadPoolExecutor.runWorker(ThreadPoolExecutor.java:1162)
at java.util.concurrent.ThreadPoolExecutor$Worker.run(ThreadPoolExecutor.java:636)
at com.google.android.gms.internal.x.run(Unknown Source:7)
at java.lang.Thread.run(Thread.java:764)
2019-03-19 11:12:36.441 3586-3586/? I/KKSpeechRecognizer: onEndOfSpeech
2019-03-19 11:12:36.449 3586-3602/? I/Unity: End Of Speech (Filename: ./Runtime/Export/Debug.bindings.h Line: 45)
2019-03-19 11:12:36.457 4032-4032/? W/zygote: Using default instruction set features for ARM CPU variant (cortex-a9) using conservative defaults
2019-03-19 11:12:36.460 1064-1078/? I/ActivityManager: Start proc 4032:com.google.android.apps.speechservices:crash_report/u0a74 for broadcast com.google.android.apps.speechservices/com.google.android.apps.gsa.silentfeedback.SilentFeedbackReceiver
2019-03-19 11:12:36.461 1446-1654/? E/native: filter_update_base.cc:101 Mapped visual feature update failed when computing its residual and Jacobian.
2019-03-19 11:12:36.519 3961-4002/? I/Process: Sending signal. PID: 3961 SIG: 9
2019-03-19 11:12:36.539 1064-1288/? D/ConnectivityService: ConnectivityService NetworkRequestInfo binderDied(NetworkRequest [ LISTEN id=14, [ Capabilities: INTERNET&NOT_RESTRICTED&TRUSTED] ], android.os.BinderProxy@2018057)
2019-03-19 11:12:36.539 1064-1216/? I/MediaFocusControl: AudioFocus removeFocusStackEntryOnDeath(): removing entry for android.os.BinderProxy@2bc102d
2019-03-19 11:12:36.540 4032-4032/? D/AndroidRuntime: Shutting down VM
2019-03-19 11:12:36.540 1064-1288/? I/ActivityManager: Process com.google.android.apps.speechservices:search (pid 3961) has died: vis BFGS
2019-03-19 11:12:36.540 1064-1080/? W/zygote64: kill(-3961, 9) failed: No such process
2019-03-19 11:12:36.541 1064-1288/? W/ActivityManager: Scheduling restart of crashed service com.google.android.apps.speechservices/com.google.android.voicesearch.serviceapi.GoogleRecognitionService in 1000ms
2019-03-19 11:12:36.541 4032-4032/? E/AndroidRuntime: FATAL EXCEPTION: main Process: com.google.android.apps.speechservices:crash_report, PID: 4032 java.lang.SecurityException: GoogleCertificatesRslt: not whitelisted: pkg=com.google.android.apps.speechservices, sha1=38918a453d07199354f8b19af05ec6562ced5788, atk=false, ver=15090019.true
at android.os.Parcel.readException(Parcel.java:1944)
at android.os.Parcel.readException(Parcel.java:1890)
at com.google.android.gms.common.internal.x.a(Unknown Source:36)
at com.google.android.gms.common.internal.an.a(Unknown Source:39)
at com.google.android.gms.common.api.internal.q.UZ(Unknown Source:14)
at com.google.android.gms.common.api.internal.v.run(Unknown Source:5)
at java.util.concurrent.Executors$RunnableAdapter.call(Executors.java:457)
at java.util.concurrent.FutureTask.run(FutureTask.java:266)
at java.util.concurrent.ThreadPoolExecutor.runWorker(ThreadPoolExecutor.java:1162)
at java.util.concurrent.ThreadPoolExecutor$Worker.run(ThreadPoolExecutor.java:636)
at com.google.android.gms.internal.x.run(Unknown Source:7)
at java.lang.Thread.run(Thread.java:764)
2019-03-19 11:12:36.541 1064-1288/? W/ActivityManager: Scheduling restart of crashed service com.google.android.apps.speechservices/com.google.android.apps.gsa.search.core.service.SearchService in 11000ms
2019-03-19 11:12:36.550 3983-3983/? I/dex2oat: dex2oat took 5.174s (14.287s cpu) (threads: 8) arena alloc=69KB (71592B) java alloc=30MB (31963792B) native alloc=31MB (33264144B) free=7MB (7630320B) swap=16MB (16777216B)
2019-03-19 11:12:36.585 1064-1080/? W/zygote64: kill(-3961, 9) failed: No such process
2019-03-19 11:12:36.585 1064-1080/? I/zygote64: Successfully killed process cgroup uid 10074 pid 3961 in 44ms
2019-03-19 11:12:36.588 1064-1078/? I/ActivityManager: Force stopping com.google.android.apps.photos appid=10047 user=-1: installPackageLI
2019-03-19 11:12:36.589 1064-1078/? I/ActivityManager: Killing 2096:com.google.android.apps.photos/u0a47 (adj 902): stop com.google.android.apps.photos
2019-03-19 11:12:36.589 1064-1080/? W/zygote64: kill(-2096, 9) failed: No such process
2019-03-19 11:12:36.595 1064-1090/? W/PackageManager: Trying to update system app code path from /data/app/com.google.android.apps.photos-fB8tX6EIft1niz1OZNkD-Q== to /data/app/com.google.android.apps.photos-_i7xFzAl_dyJVjvzHBjyEA==
2019-03-19 11:12:36.596 1064-1090/? W/PackageManager: Code path for com.google.android.apps.photos changing from /data/app/com.google.android.apps.photos-fB8tX6EIft1niz1OZNkD-Q== to /data/app/com.google.android.apps.photos-_i7xFzAl_dyJVjvzHBjyEA==
2019-03-19 11:12:36.596 1064-1090/? W/PackageManager: Resource path for com.google.android.apps.photos changing from /data/app/com.google.android.apps.photos-fB8tX6EIft1niz1OZNkD-Q== to /data/app/com.google.android.apps.photos-_i7xFzAl_dyJVjvzHBjyEA==
2019-03-19 11:12:36.599 1064-4056/? W/ActivityManager: Process com.google.android.apps.speechservices:search has crashed too many times: killing!
2019-03-19 11:12:36.599 1064-4056/? I/ActivityManager: Killing 4032:com.google.android.apps.speechservices:crash_report/u0a74 (adj 0): crash
2019-03-19 11:12:36.625 1064-2142/? D/ConnectivityService: ConnectivityService NetworkRequestInfo binderDied(NetworkRequest [ LISTEN id=8, [ Capabilities: INTERNET&NOT_RESTRICTED&TRUSTED] ], android.os.BinderProxy@a86bf1b)
2019-03-19 11:12:36.633 1064-1080/? W/zygote64: kill(-2096, 9) failed: No such process
2019-03-19 11:12:36.633 1064-1080/? I/zygote64: Successfully killed process cgroup uid 10047 pid 2096 in 44ms
2019-03-19 11:12:36.634 1064-1080/? W/zygote64: kill(-4032, 9) failed: No such process
2019-03-19 11:12:36.634 1064-1080/? I/zygote64: Successfully killed process cgroup uid 10074 pid 4032 in 0ms
2019-03-19 11:12:36.635 1064-1090/? W/PackageManager: Privileged permission android.permission.READ_PRIVILEGED_PHONE_STATE for package com.android.vending - not in privapp-permissions whitelist
2019-03-19 11:12:36.636 1064-1090/? W/PackageManager: Privileged permission android.permission.SUBSTITUTE_NOTIFICATION_APP_NAME for package com.android.vending - not in privapp-permissions whitelist
2019-03-19 11:12:36.636 1064-1090/? W/PackageManager: Privileged permission android.permission.REBOOT for package com.android.vending - not in privapp-permissions whitelist
2019-03-19 11:12:36.636 1064-1090/? W/PackageManager: Privileged permission android.permission.ALLOCATE_AGGRESSIVE for package com.google.android.gms - not in privapp-permissions whitelist
2019-03-19 11:12:36.677 1064-1078/? W/BroadcastQueue: Background execution not allowed: receiving Intent { act=android.intent.action.DROPBOX_ENTRY_ADDED flg=0x10 (has extras) } to com.google.android.gms/.stats.service.DropBoxEntryAddedReceiver
2019-03-19 11:12:36.678 1064-1078/? W/BroadcastQueue: Background execution not allowed: receiving Intent { act=android.intent.action.DROPBOX_ENTRY_ADDED flg=0x10 (has extras) } to com.google.android.gms/.chimera.GmsIntentOperationService$PersistentTrustedReceiver
2019-03-19 11:12:36.678 1064-1078/? W/BroadcastQueue: Unable to launch app com.google.android.apps.speechservices/10074 for broadcast Intent { flg=0x10 cmp=com.google.android.apps.speechservices/com.google.android.apps.gsa.silentfeedback.SilentFeedbackReceiver (has extras) }: process is bad
2019-03-19 11:12:36.679 1064-1078/? W/BroadcastQueue: Background execution not allowed: receiving Intent { act=android.intent.action.DROPBOX_ENTRY_ADDED flg=0x10 (has extras) } to com.google.android.gms/.stats.service.DropBoxEntryAddedReceiver
2019-03-19 11:12:36.681 1064-1078/? W/BroadcastQueue: Background execution not allowed: receiving Intent { act=android.intent.action.DROPBOX_ENTRY_ADDED flg=0x10 (has extras) } to com.google.android.gms/.chimera.GmsIntentOperationService$PersistentTrustedReceiver
2019-03-19 11:12:36.758 1064-1090/? I/zygote64: Explicit concurrent copying GC freed 56987(2MB) AllocSpace objects, 9(196KB) LOS objects, 42% free, 10MB/17MB, paused 54us total 74.359ms
2019-03-19 11:12:36.772 669-756/? E/installd: Failed to delete /data/app/vmdl1209177765.tmp: No such file or directory
2019-03-19 11:12:36.773 1064-1090/? I/ActivityManager: Force stopping com.google.android.apps.photos appid=10047 user=0: pkg removed
2019-03-19 11:12:36.775 1064-1090/? I/ActivityManager: Force stopping com.google.android.apps.photos appid=10047 user=0: pkg removed
2019-03-19 11:12:36.785 1064-1078/? W/BroadcastQueue: Background execution not allowed: receiving Intent { act=android.intent.action.PACKAGE_REMOVED dat=package:com.google.android.apps.photos flg=0x4000010 (has extras) } to com.android.vending/com.google.android.finsky.packagemanager.impl.PackageMonitorReceiverImpl$RegisteredReceiver
2019-03-19 11:12:36.786 1064-1132/? I/InputReader: Reconfiguring input devices. changes=0x00000010
2019-03-19 11:12:36.787 1168-1168/? D/Avrcp: AvrcpServiceBroadcastReceiver-> Action: android.intent.action.PACKAGE_REMOVED
2019-03-19 11:12:36.787 1168-1168/? D/Avrcp: AvrcpServiceBroadcastReceiver-> Action: android.intent.action.PACKAGE_ADDED
2019-03-19 11:12:36.787 1168-1168/? D/Avrcp: AvrcpServiceBroadcastReceiver-> packageName: com.google.android.apps.photos
2019-03-19 11:12:36.787 1168-1168/? D/Avrcp: packageName: com.google.android.apps.photos removed: false
2019-03-19 11:12:36.787 1064-1132/? I/InputReader: Reconfiguring input devices. changes=0x00000010
2019-03-19 11:12:36.788 1064-1132/? I/InputReader: Reconfiguring input devices. changes=0x00000010
2019-03-19 11:12:36.788 1168-1168/? D/Avrcp: isBrowsableListUpdated: false
2019-03-19 11:12:36.789 1676-1676/? D/EventBus: No subscribers registered for event class acd
2019-03-19 11:12:36.789 1676-1676/? D/EventBus: No subscribers registered for event class fxq
2019-03-19 11:12:36.789 1676-1676/? D/EventBus: No subscribers registered for event class acd
2019-03-19 11:12:36.789 1676-1676/? D/EventBus: No subscribers registered for event class fxq
2019-03-19 11:12:36.790 1064-1078/? W/BroadcastQueue: Background execution not allowed: receiving Intent { act=android.intent.action.PACKAGE_REMOVED dat=package:com.google.android.apps.photos flg=0x4000010 (has extras) } to com.android.vending/com.google.android.finsky.instantapps.appmanagement.InstantAppRemoveMonitor
2019-03-19 11:12:36.796 1064-1078/? W/BroadcastQueue: Background execution not allowed: receiving Intent { act=android.intent.action.PACKAGE_REMOVED dat=package:com.google.android.apps.photos flg=0x4000010 (has extras) } to com.google.android.gms/.games.chimera.GamesSystemBroadcastReceiverProxy
2019-03-19 11:12:36.796 1064-1078/? W/BroadcastQueue: Background execution not allowed: receiving Intent { act=android.intent.action.PACKAGE_REMOVED dat=package:com.google.android.apps.photos flg=0x4000010 (has extras) } to com.google.android.gms/.photos.autobackup.PhotosAppUninstalledReceiver
2019-03-19 11:12:36.796 1064-1078/? W/BroadcastQueue: Background execution not allowed: receiving Intent { act=android.intent.action.PACKAGE_REMOVED dat=package:com.google.android.apps.photos flg=0x4000010 (has extras) } to com.google.android.gms/.chimera.GmsIntentOperationService$PersistentTrustedReceiver
2019-03-19 11:12:36.798 2208-2208/? I/Finsky: [2] com.google.android.finsky.packagemanager.impl.PackageMonitorReceiverImpl.a(4): PackageMonitor received: android.intent.action.PACKAGE_ADDED
2019-03-19 11:12:36.800 2208-2208/? I/Finsky: [2] upg.a(11): Do not start WearSupportService due to Wear service optimization
2019-03-19 11:12:36.821 2208-2208/? I/Finsky: [2] mxy.b(2): Frosting ID looked up on UI thread. Caller should move to a background thread.
2019-03-19 11:12:36.835 2208-2208/? I/Finsky: [2] com.google.android.finsky.packagemanager.impl.PackageMonitorReceiverImpl.a(4): PackageMonitor received: android.intent.action.PACKAGE_ADDED
2019-03-19 11:12:36.836 2208-2208/? I/Finsky: [2] upg.a(11): Do not start WearSupportService due to Wear service optimization
2019-03-19 11:12:36.842 2208-2208/? I/Finsky: [2] mxy.b(2): Frosting ID looked up on UI thread. Caller should move to a background thread.
2019-03-19 11:12:36.842 1372-1380/? W/JavaBinder: BinderProxy is being destroyed but the application did not call unlinkToDeath to unlink all of its death recipients beforehand. Releasing leaked death recipient: dad
2019-03-19 11:12:36.844 1064-1077/? W/Searchables: No global search activity found
2019-03-19 11:12:36.850 2208-2208/? I/Finsky: [2] com.google.android.finsky.packagemanager.impl.PackageMonitorReceiverImpl.a(4): PackageMonitor received: android.intent.action.PACKAGE_REMOVED
2019-03-19 11:12:36.854 1064-1077/? W/Searchables: No global search activity found
2019-03-19 11:12:36.856 2208-2213/? I/zygote: Do full code cache collection, code=65KB, data=126KB
2019-03-19 11:12:36.857 2208-2213/? I/zygote: After code cache collection, code=49KB, data=33KB
2019-03-19 11:12:36.857 2208-2208/? I/Finsky: [2] mxy.b(2): Frosting ID looked up on UI thread. Caller should move to a background thread.
2019-03-19 11:12:36.864 1064-1064/? W/TelecomManager: Telecom Service not found.
2019-03-19 11:12:36.864 2208-2208/? I/Finsky: [2] kap.c(4): Successful install of com.google.android.apps.photos (isid: sF6EtRv1QgWUYR5iEgMtVw)
2019-03-19 11:12:36.869 2023-4080/? W/ResourceType: ResTable_typeSpec entry count inconsistent: given 1315, previously 1359
2019-03-19 11:12:36.869 2208-2208/? I/Finsky: [2] jzo.c(29): cleaning up task: com.google.android.apps.photos
2019-03-19 11:12:36.876 1064-2142/? I/ActivityManager: Start proc 4084:com.google.android.apps.photos/u0a47 for service com.google.android.apps.photos/.backup.core.PhotosBackupGcoreGcmTaskService
2019-03-19 11:12:36.883 1064-1274/? W/BroadcastQueue: Background execution not allowed: receiving Intent { act=android.intent.action.PACKAGE_ADDED dat=package:com.google.android.apps.photos flg=0x4000010 (has extras) } to com.android.vending/com.google.android.finsky.packagemanager.impl.PackageMonitorReceiverImpl$RegisteredReceiver
2019-03-19 11:12:36.883 1064-1078/? W/BroadcastQueue: Background execution not allowed: receiving Intent { act=android.intent.action.PACKAGE_ADDED dat=package:com.google.android.apps.photos flg=0x4000010 (has extras) } to com.google.android.gms/.games.chimera.GamesSystemBroadcastReceiverProxy
2019-03-19 11:12:36.883 2208-4074/? I/Finsky: [143] mxz.run(16): Wrote row to frosting DB: 270
2019-03-19 11:12:36.884 1064-1078/? W/BroadcastQueue: Background execution not allowed: receiving Intent { act=android.intent.action.PACKAGE_ADDED dat=package:com.google.android.apps.photos flg=0x4000010 (has extras) } to com.google.android.gms/.gass.chimera.PackageChangeBroadcastReceiver
2019-03-19 11:12:36.884 1064-1078/? W/BroadcastQueue: Background execution not allowed: receiving Intent { act=android.intent.action.PACKAGE_ADDED dat=package:com.google.android.apps.photos flg=0x4000010 (has extras) } to com.google.android.gms/.chimera.GmsIntentOperationService$PersistentTrustedReceiver
2019-03-19 11:12:36.898 1064-2142/? W/TelecomManager: Telecom Service not found.
2019-03-19 11:12:36.904 2208-2208/? I/Finsky: [2] com.google.android.finsky.packagemanager.impl.PackageMonitorReceiverImpl.a(4): PackageMonitor received: android.intent.action.PACKAGE_ADDED
2019-03-19 11:12:36.905 2023-4055/? I/Auth: [SupervisedAccountIntentOperation] onHandleIntent(): android.intent.action.PACKAGE_ADDED
2019-03-19 11:12:36.906 2023-4081/? I/ChromeSync: [Sync,SyncIntentOperation] Handling the intent: Intent { act=android.intent.action.PACKAGE_ADDED dat=package:com.google.android.apps.photos flg=0x4000010 cmp=com.google.android.gms/.chimera.GmsIntentOperationService (has extras) }.
2019-03-19 11:12:36.907 2208-2208/? I/Finsky: [2] upg.a(11): Do not start WearSupportService due to Wear service optimization
2019-03-19 11:12:36.911 2208-4074/? I/Finsky: [143] mxz.run(16): Wrote row to frosting DB: 271
2019-03-19 11:12:36.915 2208-2208/? I/Finsky: [2] mxy.b(2): Frosting ID looked up on UI thread. Caller should move to a background thread.
2019-03-19 11:12:36.955 4084-4084/? W/ResourceType: ResTable_typeSpec entry count inconsistent: given 1315, previously 1359
2019-03-19 11:12:36.961 2023-4055/? I/Auth: [SupervisedAccountIntentOperation] This operation is disabled
2019-03-19 11:12:36.970 1064-1273/? W/BroadcastQueue: Background execution not allowed: receiving Intent { act=android.intent.action.PACKAGE_REPLACED dat=package:com.google.android.apps.photos flg=0x4000010 (has extras) } to com.google.android.apps.photos/.account.full.FetchAccountPropertiesAppUpgradeBroadcastReceiver
2019-03-19 11:12:36.971 1064-1078/? W/BroadcastQueue: Background execution not allowed: receiving Intent { act=android.intent.action.PACKAGE_REPLACED dat=package:com.google.android.apps.photos flg=0x4000010 (has extras) } to com.google.android.apps.photos/.account.full.SyncAccountsForLoginBroadcastReceiver
2019-03-19 11:12:36.971 1064-1078/? W/BroadcastQueue: Background execution not allowed: receiving Intent { act=android.intent.action.PACKAGE_REPLACED dat=package:com.google.android.apps.photos flg=0x4000010 (has extras) } to com.google.android.apps.photos/.experiments.phenotype.full.PhenotypeAppUpgradeBroadcastReceiver
2019-03-19 11:12:36.971 1064-1078/? W/BroadcastQueue: Background execution not allowed: receiving Intent { act=android.intent.action.PACKAGE_REPLACED dat=package:com.google.android.apps.photos flg=0x4000010 (has extras) } to com.google.android.apps.photos/.notificationchannels.AppUpdateBroadcastReceiver
2019-03-19 11:12:36.972 1064-1078/? W/BroadcastQueue: Background execution not allowed: receiving Intent { act=android.intent.action.PACKAGE_REPLACED dat=package:com.google.android.apps.photos flg=0x4000010 (has extras) } to com.google.android.gms/.gass.chimera.PackageChangeBroadcastReceiver
2019-03-19 11:12:36.972 1064-1078/? W/BroadcastQueue: Background execution not allowed: receiving Intent { act=android.intent.action.PACKAGE_REPLACED dat=package:com.google.android.apps.photos flg=0x4000010 (has extras) } to com.google.android.gms/.chimera.GmsIntentOperationService$PersistentTrustedReceiver
2019-03-19 11:12:37.003 2208-4074/? I/Finsky: [143] mxz.run(16): Wrote row to frosting DB: 272
2019-03-19 11:12:37.010 1064-1078/? I/ActivityManager: Start proc 4110:com.nextvr.lunar.gp.daydream/u0a66 for broadcast com.nextvr.lunar.gp.daydream/com.nextvr.receivers.AppUpgradeReceiver
2019-03-19 11:12:37.020 2208-3004/? I/Finsky: [97] kfr.b(32): Finishing job 37
2019-03-19 11:12:37.020 2208-3004/? I/Finsky: [97] phl.b(15): jobFinished: 3-37. TimeElapsed: 31738ms
2019-03-19 11:12:37.023 2208-3004/? I/Finsky: [97] kfr.b(35): No matching installs to run
2019-03-19 11:12:37.027 1195-1195/? I/zygote64: Deoptimizing void com.android.systemui.statusbar.NotificationContentView.selectLayout(boolean, boolean) due to JIT inline cache
2019-03-19 11:12:37.029 4110-4110/? W/zygote: Using default instruction set features for ARM CPU variant (cortex-a9) using conservative defaults
2019-03-19 11:12:37.048 2208-4074/? I/Finsky: [143] mxz.run(16): Wrote row to frosting DB: 273
2019-03-19 11:12:37.064 2023-3760/? I/GmscoreIpa: Using regular flags by method 2
2019-03-19 11:12:37.064 1446-1654/? E/native: filter_update_base.cc:101 Mapped visual feature update failed when computing its residual and Jacobian.
2019-03-19 11:12:37.072 2023-4100/? I/PeopleContactsSync: G+ app uninstalled.
2019-03-19 11:12:37.146 2023-2369/? I/Icing: IndexChimeraService.getServiceInterface callingPackage=com.google.android.gms componentName=AppsCorpus serviceId=SEARCH_QUERIES
2019-03-19 11:12:37.161 2023-2411/? I/Icing: IndexChimeraService.getServiceInterface callingPackage=com.google.android.gms componentName=AppsCorpus serviceId=SEARCH_CORPORA
2019-03-19 11:12:37.190 4110-4110/? D/FirebaseApp: com.google.firebase.auth.FirebaseAuth is not linked. Skipping initialization.
2019-03-19 11:12:37.202 4110-4110/? D/FirebaseApp: com.google.firebase.crash.FirebaseCrash is not linked. Skipping initialization.
2019-03-19 11:12:37.233 4110-4110/? I/FA: App measurement is starting up, version: 10298
2019-03-19 11:12:37.233 4110-4110/? I/FA: To enable debug logging run: adb shell setprop log.tag.FA VERBOSE
2019-03-19 11:12:37.243 4110-4110/? I/FA: To enable faster debug mode event logging run: adb shell setprop debug.firebase.analytics.app com.nextvr.lunar.gp.daydream
2019-03-19 11:12:37.250 4110-4110/? I/FirebaseInitProvider: FirebaseApp initialization successful
2019-03-19 11:12:37.271 4110-4110/? E/AppUpgradeReceiver: Received App update broadcast
2019-03-19 11:12:37.294 2023-4133/? I/PeopleContactsSync: CP2 cleanup done, kept= duration=70 ms
2019-03-19 11:12:37.325 2023-4133/? I/PeopleContactsSync: CP2 sync disabled. (reverse-handover)
2019-03-19 11:12:37.366 2023-4128/? I/Icing: Usage reports ok 2, Failed Usage reports 0, indexed 0, rejected 0, imm upload false
2019-03-19 11:12:37.384 2023-4128/? I/Icing: Usage reports ok 0, Failed Usage reports 0, indexed 0, rejected 0, imm upload false
2019-03-19 11:12:37.409 2023-3759/? W/ResourceType: ResTable_typeSpec entry count inconsistent: given 1315, previously 1359
2019-03-19 11:12:37.425 2023-2411/? I/Icing: IndexChimeraService.getServiceInterface callingPackage=com.google.android.gms componentName=AppsCorpus serviceId=SEARCH_CORPORA
2019-03-19 11:12:37.429 2023-2300/? I/Icing: IndexChimeraService.getServiceInterface callingPackage=com.google.android.gms componentName=AppsCorpus serviceId=SEARCH_QUERIES
2019-03-19 11:12:37.459 2023-4128/? I/Icing: Usage reports ok 0, Failed Usage reports 0, indexed 0, rejected 0, imm upload false
2019-03-19 11:12:37.466 1446-1649/? E/native: filter_update_base.cc:101 Mapped visual feature update failed when computing its residual and Jacobian.
2019-03-19 11:12:37.473 2023-4128/? I/Icing: Usage reports ok 0, Failed Usage reports 0, indexed 0, rejected 0, imm upload false
2019-03-19 11:12:37.475 4084-4090/? I/zygote64: Do partial code cache collection, code=312B, data=22KB
2019-03-19 11:12:37.476 4084-4090/? I/zygote64: After code cache collection, code=312B, data=22KB
2019-03-19 11:12:37.476 4084-4090/? I/zygote64: Increasing code cache capacity to 128KB
2019-03-19 11:12:37.552 1064-1078/? I/ActivityManager: Start proc 4150:com.google.android.apps.speechservices:search/u0a74 for service com.google.android.apps.speechservices/com.google.android.voicesearch.serviceapi.GoogleRecognitionService
2019-03-19 11:12:37.562 4150-4150/? W/zygote: Using default instruction set features for ARM CPU variant (cortex-a9) using conservative defaults
2019-03-19 11:12:37.565 1446-1646/? E/native: filter_update_base.cc:101 Mapped visual feature update failed when computing its residual and Jacobian.
2019-03-19 11:12:37.715 4150-4150/? E/WorkerLoader: No worker found for workerId microdetection.
2019-03-19 11:12:37.716 4150-4150/? I/SearchService: We were killed and are starting back!
2019-03-19 11:12:37.717 1064-1075/? W/ActivityManager: Unable to start service Intent { act=com.google.android.apps.gsa.search.core.BroadcastListenerService.action.START cmp=com.google.android.apps.speechservices/com.google.android.apps.gsa.search.core.BroadcastListenerService } U=0: not found
2019-03-19 11:12:37.768 1635-4059/? W/Conscrypt: Could not set socket write timeout: java.net.SocketException: Socket closed
2019-03-19 11:12:37.768 1635-4059/? W/Conscrypt: at com.google.android.gms.org.conscrypt.Platform.setSocketWriteTimeout(:com.google.android.gms@15090019@15.0.90 (040400-231259764):2)
2019-03-19 11:12:37.768 1635-4059/? W/Conscrypt: at com.google.android.gms.org.conscrypt.ConscryptFileDescriptorSocket.setSoWriteTimeout(:com.google.android.gms@15090019@15.0.90 (040400-231259764):2)
2019-03-19 11:12:37.827 1635-4059/? W/Conscrypt: Could not set socket write timeout: java.net.SocketException: Socket closed
2019-03-19 11:12:37.827 1635-4059/? W/Conscrypt: at com.google.android.gms.org.conscrypt.Platform.setSocketWriteTimeout(:com.google.android.gms@15090019@15.0.90 (040400-231259764):2)
2019-03-19 11:12:37.828 1635-4059/? W/Conscrypt: at com.google.android.gms.org.conscrypt.ConscryptFileDescriptorSocket.setSoWriteTimeout(:com.google.android.gms@15090019@15.0.90 (040400-231259764):2)
2019-03-19 11:12:38.033 1635-1635/? W/ChimeraUtils: Non Chimera context
2019-03-19 11:12:38.033 1635-1635/? W/ChimeraUtils: Non Chimera context
2019-03-19 11:12:38.140 4084-4186/? D/NetworkSecurityConfig: No Network Security Config specified, using platform default
2019-03-19 11:12:38.170 2023-3759/? I/TelephonySpam: TelephonySpamChimeraService - Running Telephony Spam Chimera Service
2019-03-19 11:12:38.178 2023-3759/? I/TelephonySpam: TelephonySpamChimeraService - Cleaning SIP Header local table of old entries
2019-03-19 11:12:38.201 2023-3759/? I/TelephonySpam: TelephonySpamChimeraService - Syncing Call Spam List
2019-03-19 11:12:38.201 2023-3759/? I/TelephonySpam: SpamListSync - SpamListSyncChimeraService.syncSpamList called with tag: telephonyspam.SpamListSyncOneOffTask, extras: Bundle[{SpamList Type=0, Action=1.0}]
2019-03-19 11:12:38.204 2023-3759/? I/TelephonySpam: SpamListSync - Call spam module disabled. Skipping spam list syncing.
2019-03-19 11:12:38.267 2023-3759/? I/TelephonySpam: TelephonySpamChimeraService - Running Telephony Spam Chimera Service
2019-03-19 11:12:38.343 1635-4062/? W/Uploader: no longer exists, so no auth token.
2019-03-19 11:12:38.354 1446-1652/? E/native: filter_update_base.cc:101 Mapped visual feature update failed when computing its residual and Jacobian.
2019-03-19 11:12:38.390 2023-3759/? I/Icing: Indexing com.google.android.gms-apps from com.google.android.gms
2019-03-19 11:12:38.396 1635-4062/? W/Conscrypt: Could not set socket write timeout: java.net.SocketException: Socket closed
2019-03-19 11:12:38.396 1635-4062/? W/Conscrypt: at com.google.android.gms.org.conscrypt.Platform.setSocketWriteTimeout(:com.google.android.gms@15090019@15.0.90 (040400-231259764):2)
2019-03-19 11:12:38.396 1635-4062/? W/Conscrypt: at com.google.android.gms.org.conscrypt.ConscryptFileDescriptorSocket.setSoWriteTimeout(:com.google.android.gms@15090019@15.0.90 (040400-231259764):2)
2019-03-19 11:12:38.446 2023-3759/? I/Icing: Indexing com.google.android.gms-internal.3p:MobileApplication from com.google.android.gms
2019-03-19 11:12:38.457 1635-4062/? W/Conscrypt: Could not set socket write timeout: java.net.SocketException: Socket closed
2019-03-19 11:12:38.457 1635-4062/? W/Conscrypt: at com.google.android.gms.org.conscrypt.Platform.setSocketWriteTimeout(:com.google.android.gms@15090019@15.0.90 (040400-231259764):2)
2019-03-19 11:12:38.457 1635-4062/? W/Conscrypt: at com.google.android.gms.org.conscrypt.ConscryptFileDescriptorSocket.setSoWriteTimeout(:com.google.android.gms@15090019@15.0.90 (040400-231259764):2)
2019-03-19 11:12:38.468 2023-3759/? I/Icing: Indexing done com.google.android.gms-apps
2019-03-19 11:12:38.470 2023-3759/? I/Icing: Indexing done com.google.android.gms-internal.3p:MobileApplication
2019-03-19 11:12:38.475 2023-3759/? I/Icing: Indexing com.google.android.gms-apps from com.google.android.gms
2019-03-19 11:12:38.475 2023-3759/? I/Icing: Indexing done com.google.android.gms-apps
2019-03-19 11:12:38.578 1446-1647/? I/native: stationary_detector.cc:202 SensorFusion: Enter stationary state. Stability time: 10
2019-03-19 11:12:38.764 1446-1654/? E/native: filter_update_base.cc:101 Mapped visual feature update failed when computing its residual and Jacobian.
2019-03-19 11:12:38.815 1635-4062/? W/Conscrypt: Could not set socket write timeout: java.net.SocketException: Socket closed
2019-03-19 11:12:38.815 1635-4062/? W/Conscrypt: at com.google.android.gms.org.conscrypt.Platform.setSocketWriteTimeout(:com.google.android.gms@15090019@15.0.90 (040400-231259764):2)
2019-03-19 11:12:38.815 1635-4062/? W/Conscrypt: at com.google.android.gms.org.conscrypt.ConscryptFileDescriptorSocket.setSoWriteTimeout(:com.google.android.gms@15090019@15.0.90 (040400-231259764):2)
2019-03-19 11:12:38.838 1635-4062/? W/Conscrypt: Could not set socket write timeout: java.net.SocketException: Socket closed
2019-03-19 11:12:38.839 1635-4062/? W/Conscrypt: at com.google.android.gms.org.conscrypt.Platform.setSocketWriteTimeout(:com.google.android.gms@15090019@15.0.90 (040400-231259764):2)
2019-03-19 11:12:38.839 1635-4062/? W/Conscrypt: at com.google.android.gms.org.conscrypt.ConscryptFileDescriptorSocket.setSoWriteTimeout(:com.google.android.gms@15090019@15.0.90 (040400-231259764):2)
2019-03-19 11:12:39.066 1446-1650/? E/native: filter_update_base.cc:101 Mapped visual feature update failed when computing its residual and Jacobian.
2019-03-19 11:12:39.265 1446-1649/? E/native: filter_update_base.cc:101 Mapped visual feature update failed when computing its residual and Jacobian.
2019-03-19 11:12:39.313 3586-3602/? I/Unity: Staff (Game1Staff) (Filename: ./Runtime/Export/Debug.bindings.h Line: 45)
2019-03-19 11:12:39.313 3586-3602/? I/Unity: voice: g1staff2 (Filename: ./Runtime/Export/Debug.bindings.h Line: 45)
2019-03-19 11:12:39.368 1446-1647/? E/native: filter_update_base.cc:101 Mapped visual feature update failed when computing its residual and Jacobian.
2019-03-19 11:12:39.477 1635-4062/? W/Uploader: no longer exists, so no auth token.
2019-03-19 11:12:39.928 1635-4062/? W/Uploader: no longer exists, so no auth token.
2019-03-19 11:12:40.052 1635-4062/? W/Conscrypt: Could not set socket write timeout: java.net.SocketException: Socket closed
2019-03-19 11:12:40.053 1635-4062/? W/Conscrypt: at com.google.android.gms.org.conscrypt.Platform.setSocketWriteTimeout(:com.google.android.gms@15090019@15.0.90 (040400-231259764):2)
2019-03-19 11:12:40.053 1635-4062/? W/Conscrypt: at com.google.android.gms.org.conscrypt.ConscryptFileDescriptorSocket.setSoWriteTimeout(:com.google.android.gms@15090019@15.0.90 (040400-231259764):2)
2019-03-19 11:12:40.068 1635-4062/? W/Conscrypt: Could not set socket write timeout: java.net.SocketException: Socket closed
2019-03-19 11:12:40.068 1635-4062/? W/Conscrypt: at com.google.android.gms.org.conscrypt.Platform.setSocketWriteTimeout(:com.google.android.gms@15090019@15.0.90 (040400-231259764):2)
2019-03-19 11:12:40.068 1635-4062/? W/Conscrypt: at com.google.android.gms.org.conscrypt.ConscryptFileDescriptorSocket.setSoWriteTimeout(:com.google.android.gms@15090019@15.0.90 (040400-231259764):2)
2019-03-19 11:12:40.145 1635-4062/? W/Uploader: no longer exists, so no auth token.
2019-03-19 11:12:40.244 1635-4062/? W/Uploader: no longer exists, so no auth token.
2019-03-19 11:12:40.391 1635-4062/? E/QosUploaderService: Failed to update lastUnmeteredOrDailySent
2019-03-19 11:12:40.476 1446-1652/? I/native: viwls_optimization.cc:856 MAP SOLVE: USER_SUCCESS
2019-03-19 11:12:40.559 1446-1652/? I/native: visual_inertial_wls.cc:261 online_viwls_solve_time in seconds = 1.227 solve_time_counter_ = 0
2019-03-19 11:12:41.008 1446-1652/? W/native: pose_manager.cc:80 GetRecentDevicePose failed. generic::invalid_argument: Passed timestamp is too old. Latest VIO t:103.323401494, latest IMU t:103.477028835, query t:101.922634494
2019-03-19 11:12:41.009 1446-1647/? W/native: pose_manager.cc:80 GetRecentDevicePose failed. generic::invalid_argument: Passed timestamp is too old. Latest VIO t:103.323401494, latest IMU t:103.477028835, query t:102.022730433
2019-03-19 11:12:41.009 1446-1652/? W/native: pose_manager.cc:80 GetRecentDevicePose failed. generic::invalid_argument: Passed timestamp is too old. Latest VIO t:103.323401494, latest IMU t:103.477028835, query t:102.122743494
2019-03-19 11:12:41.009 1446-1652/? W/native: pose_manager.cc:80 GetRecentDevicePose failed. generic::invalid_argument: Passed timestamp is too old. Latest VIO t:103.323401494, latest IMU t:103.477028835, query t:102.222757555
2019-03-19 11:12:41.011 1446-1646/? W/native: pose_manager.cc:80 GetRecentDevicePose failed. generic::invalid_argument: Passed timestamp is too old. Latest VIO t:103.323401494, latest IMU t:103.477028835, query t:102.322812555
2019-03-19 11:12:41.012 1446-1646/? W/native: pose_manager.cc:80 GetRecentDevicePose failed. generic::invalid_argument: Passed timestamp is too old. Latest VIO t:103.323401494, latest IMU t:103.477028835, query t:102.422907494
2019-03-19 11:12:41.351 1446-1646/? E/native: filter_update_base.cc:101 Mapped visual feature update failed when computing its residual and Jacobian.
2019-03-19 11:12:41.556 1446-1647/? E/native: filter_update_base.cc:101 Mapped visual feature update failed when computing its residual and Jacobian.
2019-03-19 11:12:41.954 1446-1647/? E/native: filter_update_base.cc:101 Mapped visual feature update failed when computing its residual and Jacobian.
2019-03-19 11:12:41.955 4084-4105/? I/zygote64: Waiting for a blocking GC ProfileSaver
2019-03-19 11:12:41.960 4084-4105/? I/zygote64: WaitForGcToComplete blocked ProfileSaver on HeapTrim for 5.015ms
2019-03-19 11:12:42.861 1446-1652/? E/native: filter_update_base.cc:101 Mapped visual feature update failed when computing its residual and Jacobian.
2019-03-19 11:12:43.053 3586-3602/? I/Unity: Staff (Game1Staff) (Filename: ./Runtime/Export/Debug.bindings.h Line: 45)
2019-03-19 11:12:43.054 3586-3602/? E/Unity: SpeechRecognizer.IsRecording true (Filename: ./Runtime/Export/Debug.bindings.h Line: 45)
2019-03-19 11:12:43.155 1446-1652/? E/native: filter_update_base.cc:101 Mapped visual feature update failed when computing its residual and Jacobian.
2019-03-19 11:12:43.355 1446-1649/? E/native: filter_update_base.cc:101 Mapped visual feature update failed when computing its residual and Jacobian.
2019-03-19 11:12:43.632 2208-2208/? I/Finsky: [2] com.google.android.finsky.scheduler.JobSchedulerEngine$PhoneskyJobSchedulerJobService.onStartJob(3): onJobSchedulerWakeup with jobId 9002
2019-03-19 11:12:43.635 2208-2208/? I/Finsky: [2] pgc.a(21): Scheduling fallback job with id: 9034, and delay: 43200000 ms
2019-03-19 11:12:43.638 2208-2208/? I/Finsky: [2] pgc.a(5): Scheduling fallback in 64799998 (absolute: 64906115)
2019-03-19 11:12:43.668 2208-2208/? I/Finsky: [2] pgk.handleMessage(10): DeviceState: DeviceState{currentTime=1552965163666, isCharging=true, isIdle=false, netAny=true, netNotRoaming=true, netUnmetered=true}
2019-03-19 11:12:43.673 2208-3679/? I/Finsky: [109] phq.b(7): Jobs in database: 1-1337 12-1 19-9999 21-333333333 24-77777777 26-1414141414
2019-03-19 11:12:43.676 2208-2208/? I/Finsky: [2] pgf.a(45): Running job: 12-1
2019-03-19 11:12:43.676 2208-2208/? I/Finsky: [2] com.google.android.finsky.contentsync.ContentSyncJob.a(17): ContentSyncJob started
2019-03-19 11:12:43.677 2208-2208/? I/Finsky: [2] pgf.a(45): Running job: 19-9999
2019-03-19 11:12:43.678 2208-2208/? I/Finsky: [2] pgk.handleMessage(81): RunningQueue size: 2, PendingQueue size: 0
2019-03-19 11:12:43.678 2208-2208/? I/Finsky: [2] pgk.handleMessage(90): Running queue: 12-1 19-9999
2019-03-19 11:12:43.705 2208-4205/? I/Finsky: [146] phl.b(15): jobFinished: 19-9999. TimeElapsed: 28ms
2019-03-19 11:12:43.706 2208-2208/? I/Finsky: [2] pgf.a(10): Job 19-9999 finished
2019-03-19 11:12:43.706 2208-2208/? I/Finsky: [2] pgk.handleMessage(81): RunningQueue size: 1, PendingQueue size: 0
2019-03-19 11:12:43.707 2208-2208/? I/Finsky: [2] pgk.handleMessage(90): Running queue: 12-1
2019-03-19 11:12:43.955 1446-1647/? E/native: filter_update_base.cc:101 Mapped visual feature update failed when computing its residual and Jacobian.
2019-03-19 11:12:44.057 1446-1654/? E/native: filter_update_base.cc:101 Mapped visual feature update failed when computing its residual and Jacobian.
2019-03-19 11:12:44.172 2208-2208/? I/Finsky: [2] dka.a(4): Completed 1 account content syncs with 1 successful.
2019-03-19 11:12:44.173 2208-2208/? I/Finsky: [2] com.google.android.finsky.contentsync.ContentSyncJob.a(15): Installation state replication succeeded.
2019-03-19 11:12:44.174 2208-2208/? I/Finsky: [2] phl.b(15): jobFinished: 12-1. TimeElapsed: 498ms
2019-03-19 11:12:44.174 2208-2208/? I/Finsky: [2] pgf.a(10): Job 12-1 finished
2019-03-19 11:12:44.174 2208-2208/? I/Finsky: [2] pgk.handleMessage(81): RunningQueue size: 0, PendingQueue size: 0
2019-03-19 11:12:44.174 2208-2208/? I/Finsky: [2] pgk.handleMessage(27): Executor finished
2019-03-19 11:12:44.570 2208-2208/? D/SharedPreferencesImpl: Time required to fsync /data/user/0/com.android.vending/shared_prefs/finsky.xml: [<1: 0, <2: 0, <4: 1, <8: 11, <16: 5, <32: 3, <64: 0, <128: 0, <256: 0, <512: 1, <1024: 0, <2048: 0, <4096: 0, <8192: 0, <16384: 0, >=16384: 0]
2019-03-19 11:12:44.580 2208-2208/? I/Finsky: [2] phq.b(7): Jobs in database: 1-1337 21-333333333 24-77777777 26-1414141414
2019-03-19 11:12:44.582 2208-2208/? I/Finsky: [2] pfj.a(67): ConstraintMapping: 24-77777777, -> L: 0ms, D: 82762220ms, C: false, I: true, N: 0
2019-03-19 11:12:44.584 2208-2208/? I/Finsky: [2] pfj.a(67): ConstraintMapping: 1-1337, 21-333333333, -> L: 81240ms, D: 81753609ms, C: false, I: false, N: 1
2019-03-19 11:12:44.586 2208-2208/? I/Finsky: [2] pfj.a(67): ConstraintMapping: 26-1414141414, -> L: 43161473ms, D: 44061473ms, C: false, I: false, N: 0
2019-03-19 11:12:44.587 2208-2208/? I/Finsky: [2] com.google.android.finsky.scheduler.JobSchedulerEngine.a(42): Cancelling existing job with id: 9003
2019-03-19 11:12:44.588 2208-2208/? I/Finsky: [2] com.google.android.finsky.scheduler.JobSchedulerEngine.a(42): Cancelling existing job with id: 9001
2019-03-19 11:12:44.590 2208-2208/? I/Finsky: [2] com.google.android.finsky.scheduler.JobSchedulerEngine.a(16): Throttling wakeup for job 9000 (expected to run in 0 ms) due to recent wakeup
2019-03-19 11:12:44.590 2208-2208/? I/Finsky: [2] com.google.android.finsky.scheduler.JobSchedulerEngine.a(4): Scheduling job Id: 9000, L: 30000, D: 82762220, C: false, I: true, N: 0
2019-03-19 11:12:44.591 2208-2208/? I/Finsky: [2] com.google.android.finsky.scheduler.JobSchedulerEngine.a(4): Scheduling job Id: 9004, L: 81240, D: 81753609, C: false, I: false, N: 1
2019-03-19 11:12:44.592 2208-2208/? I/Finsky: [2] com.google.android.finsky.scheduler.JobSchedulerEngine.a(4): Scheduling job Id: 9005, L: 43161473, D: 44061473, C: false, I: false, N: 0
2019-03-19 11:12:45.648 1446-1650/? E/native: filter_update_base.cc:101 Mapped visual feature update failed when computing its residual and Jacobian.
2019-03-19 11:12:45.863 1446-1654/? E/native: filter_update_base.cc:101 Mapped visual feature update failed when computing its residual and Jacobian.
2019-03-19 11:12:47.056 1446-1652/? E/native: filter_update_base.cc:101 Mapped visual feature update failed when computing its residual and Jacobian.
2019-03-19 11:12:47.255 1446-1647/? E/native: filter_update_base.cc:101 Mapped visual feature update failed when computing its residual and Jacobian.
2019-03-19 11:12:47.665 1446-1646/? E/native: filter_update_base.cc:101 Mapped visual feature update failed when computing its residual and Jacobian.
2019-03-19 11:12:47.853 1446-1654/? E/native: filter_update_base.cc:101 Mapped visual feature update failed when computing its residual and Jacobian.
2019-03-19 11:12:48.149 1446-1654/? I/native: transformation.cc:108 Position difference: 0.517483 > 0.3 (m) Rotation difference: 0.168634 > 0.0872665 (radians)
2019-03-19 11:12:49.553 1446-1647/? E/native: filter_update_base.cc:101 Mapped visual feature update failed when computing its residual and Jacobian.
2019-03-19 11:12:49.855 1446-1654/? E/native: filter_update_base.cc:101 Mapped visual feature update failed when computing its residual and Jacobian.
2019-03-19 11:12:49.964 1446-1652/? E/native: filter_update_base.cc:101 Mapped visual feature update failed when computing its residual and Jacobian.
2019-03-19 11:12:51.465 1446-1650/? E/native: filter_update_base.cc:101 Mapped visual feature update failed when computing its residual and Jacobian.
2019-03-19 11:12:51.555 1446-1649/? I/native: transformation.cc:108 Position difference: 0.432364 > 0.3 (m) Rotation difference: 0.132372 > 0.0872665 (radians)
2019-03-19 11:12:51.556 1446-1649/? I/native: transformation.cc:108 Position difference: 0.422202 > 0.3 (m) Rotation difference: 0.128447 > 0.0872665 (radians)
2019-03-19 11:12:51.556 1446-1649/? I/native: data_manager.cc:610 MLE refined adf_T_I for two camera are still inconsistent: 1) q = [x: -0.5323, y: 0.428019, z: 0.478051, w: 0.552199], p = [x: 0.0868815, y: 0.17962, z: -0.0714534] 2) q = [x: -0.499027, y: 0.465884, z: 0.507621, w: 0.52559], p = [x: -0.192333, y: -0.134184, z: -0.0287851]
2019-03-19 11:12:51.556 1446-1649/? I/native: data_manager.cc:614 Return without using current LC-results
2019-03-19 11:12:51.854 1446-1652/? E/native: filter_update_base.cc:101 Mapped visual feature update failed when computing its residual and Jacobian.
2019-03-19 11:12:52.368 1446-1654/? E/native: filter_update_base.cc:101 Mapped visual feature update failed when computing its residual and Jacobian.
2019-03-19 11:12:53.775 1446-1654/? E/native: filter_update_base.cc:101 Mapped visual feature update failed when computing its residual and Jacobian.
2019-03-19 11:12:54.066 1446-1652/? E/native: filter_update_base.cc:101 Mapped visual feature update failed when computing its residual and Jacobian.
2019-03-19 11:12:54.265 1446-1650/? E/native: filter_update_base.cc:101 Mapped visual feature update failed when computing its residual and Jacobian.
2019-03-19 11:12:54.460 1446-1646/? E/native: filter_update_base.cc:101 Mapped visual feature update failed when computing its residual and Jacobian.
2019-03-19 11:12:54.665 1446-1650/? E/native: filter_update_base.cc:101 Mapped visual feature update failed when computing its residual and Jacobian.
2019-03-19 11:12:54.863 1446-1649/? E/native: filter_update_base.cc:101 Mapped visual feature update failed when computing its residual and Jacobian.
2019-03-19 11:12:55.255 1446-1652/? E/native: filter_update_base.cc:101 Mapped visual feature update failed when computing its residual and Jacobian.
2019-03-19 11:12:55.465 1446-1650/? E/native: filter_update_base.cc:101 Mapped visual feature update failed when computing its residual and Jacobian.
2019-03-19 11:12:56.286 3586-3602/? I/Unity: Staff (Game1Staff) (Filename: ./Runtime/Export/Debug.bindings.h Line: 45)
2019-03-19 11:12:56.286 3586-3602/? E/Unity: SpeechRecognizer.IsRecording true (Filename: ./Runtime/Export/Debug.bindings.h Line: 45)
2019-03-19 11:12:56.558 1446-1654/? E/native: filter_update_base.cc:101 Mapped visual feature update failed when computing its residual and Jacobian.
2019-03-19 11:12:56.664 1446-1646/? E/native: filter_update_base.cc:101 Mapped visual feature update failed when computing its residual and Jacobian.
2019-03-19 11:12:56.756 1446-1650/? I/native: stationary_detector.cc:188 SensorFusion: Exit stationary state: Gyro HP:0 Acc HP: 0 Gyro Norm: 1
2019-03-19 11:12:56.874 1446-1652/? E/native: filter_update_base.cc:101 Mapped visual feature update failed when computing its residual and Jacobian.
2019-03-19 11:12:57.171 3586-3602/? I/Unity: exit (Filename: ./Runtime/Export/Debug.bindings.h Line: 45)
2019-03-19 11:12:58.132 3586-3602/? I/Unity: enter (Filename: ./Runtime/Export/Debug.bindings.h Line: 45)
2019-03-19 11:12:59.626 1446-1649/? E/native: filter_update_base.cc:101 Mapped visual feature update failed when computing its residual and Jacobian.
2019-03-19 11:12:59.846 1446-1654/? E/native: filter_update_base.cc:101 Mapped visual feature update failed when computing its residual and Jacobian.
2019-03-19 11:13:00.511 3586-3602/? I/Unity: exit (Filename: ./Runtime/Export/Debug.bindings.h Line: 45)
2019-03-19 11:13:01.052 1275-1275/? V/VrHeadsetPowerPolicyService: onSensorChanged(android.hardware.SensorEvent@a8ea004)
2019-03-19 11:13:01.052 1275-1275/? V/VrHeadsetPowerPolicyService: handleEvent(DOFF)
2019-03-19 11:13:01.053 1275-1275/? D/VrHeadsetPowerPolicyService: Acquiring broadcast wakelock...
2019-03-19 11:13:01.055 1064-1078/? I/ActivityManager: Killing 2119:com.android.providers.calendar/u0a3 (adj 906): empty #17
2019-03-19 11:13:01.055 1064-1080/? W/zygote64: kill(-2119, 9) failed: No such process
2019-03-19 11:13:01.055 1275-1275/? D/VrHeadsetPowerPolicyService: Sending message: {what=0, arg1=0, arg2=2} to client: android.os.Messenger@f262022
2019-03-19 11:13:01.055 1275-1275/? D/VrHeadsetPowerPolicyService: Releasing broadcast wakelock...
2019-03-19 11:13:01.084 1064-1080/? W/zygote64: kill(-2119, 9) failed: No such process
2019-03-19 11:13:01.084 1064-1080/? I/zygote64: Successfully killed process cgroup uid 10003 pid 2119 in 29ms
2019-03-19 11:13:02.053 1275-1275/? V/VrHeadsetPowerPolicyService: handleEvent(DOFF_DELAY_TIMEOUT)
2019-03-19 11:13:02.053 1275-1275/? W/AlarmManager: Unrecognized alarm listener com.google.vr.powerpolicy.VrHeadsetPowerPolicyService$6@d523ab3
2019-03-19 11:13:02.054 1064-2142/? I/PowerManagerService: Going to sleep by application request (uid 10042)...
