2019-03-19 11:11:41.173 1446-1650/? E/native: filter_update_base.cc:101 Mapped visual feature update failed when computing its residual and Jacobian.
2019-03-19 11:11:41.392 1446-1647/? I/native: transformation.cc:108 Position difference: 0.0225625 <= 0.3 (m) Rotation difference: 0.107605 > 0.0872665 (radians)
2019-03-19 11:11:41.668 1446-1647/? W/native: localization_manager.cc:375 Map tracking detected failure condition that despite good tracking metrics gravity check failed. Reporting corrupted state.
2019-03-19 11:11:41.865 1446-1706/? V/tango-hal: tango-frame-listener.cpp:computeWorkaroundTimestamp():512 Adjusting timestamp. [0] Frame at 44326599903, expected at 44326060236 is off by: 539667
2019-03-19 11:11:42.228 1446-1459/? I/native: stationary_detector.cc:188 SensorFusion: Exit stationary state: Gyro HP:1 Acc HP: 1 Gyro Norm: 0
2019-03-19 11:11:42.391 1446-1650/? W/native: localization_manager.cc:375 Map tracking detected failure condition that despite good tracking metrics gravity check failed. Reporting corrupted state.
2019-03-19 11:11:42.491 1275-1275/? V/VrHeadsetPowerPolicyService: onSensorChanged(android.hardware.SensorEvent@a8ea004)
2019-03-19 11:11:42.491 1275-1275/? V/VrHeadsetPowerPolicyService: handleEvent(DON)
2019-03-19 11:11:42.492 1275-1275/? W/AlarmManager: Unrecognized alarm listener com.google.vr.powerpolicy.VrHeadsetPowerPolicyService$6@d523ab3 --------- beginning of system
2019-03-19 11:11:42.492 1064-2142/? I/PowerManagerService: Waking up from sleep (uid=10042 reason=wakeUp)...
2019-03-19 11:11:42.493 1064-1087/? I/DisplayPowerController: Blocking screen on until initial contents have been drawn.
2019-03-19 11:11:42.497 1275-1275/? D/VrHeadsetPowerPolicyService: Acquiring broadcast wakelock...
2019-03-19 11:11:42.506 1064-1085/? I/InputManager-JNI: Viewport [1] to add: virtual:android:277f1a09-b88d-4d1e-8716-796f114d080b
2019-03-19 11:11:42.507 1064-1078/? D/VoldConnector: SND -> {14 volume keyguard_changed 0}
2019-03-19 11:11:42.508 1064-1132/? I/InputReader: Reconfiguring input devices. changes=0x00000004
2019-03-19 11:11:42.508 625-625/? D/SurfaceFlinger: Set power mode=2, type=0 flinger=0x712e25e000
2019-03-19 11:11:42.508 1064-1134/? D/VoldConnector: RCV <- {200 14 Command succeeded}
2019-03-19 11:11:42.508 1275-1275/? D/VrHeadsetPowerPolicyService: Acquiring broadcast wakelock...
2019-03-19 11:11:42.509 594-652/? I/vr_hwc: Enable vsync
2019-03-19 11:11:42.511 625-625/? E/HWC2: getReleaseFences: invalid layer 14 found on display 1
2019-03-19 11:11:42.511 625-625/? E/HWComposer: presentAndGetReleaseFences: Failed to get release fences for display 0: BadLayer (3)
2019-03-19 11:11:42.511 1275-1275/? D/VrHeadsetPowerPolicyService: Sending message: {what=0, arg1=0, arg2=1} to client: android.os.Messenger@f262022
2019-03-19 11:11:42.512 1275-1275/? V/VrHeadsetPowerPolicyService: Changing power policies: StandbyPendingPowerPolicy -> ActivePowerPolicy
2019-03-19 11:11:42.512 1064-1085/? I/DisplayManagerService: Display device changed state: "Built-in Screen", VR
2019-03-19 11:11:42.512 1275-1275/? V/VrHeadsetPowerPolicyService: handleEvent(SCREEN_ON)
2019-03-19 11:11:42.515 1064-1085/? I/InputManager-JNI: Viewport [1] to add: virtual:android:277f1a09-b88d-4d1e-8716-796f114d080b
2019-03-19 11:11:42.515 1064-1132/? I/InputReader: Reconfiguring input devices. changes=0x00000004
2019-03-19 11:11:42.517 1064-1216/? W/BroadcastQueue: Background execution not allowed: receiving Intent { act=com.google.vr.powerpolicy.action.ACTION_POLICY_CHANGED flg=0x10 (has extras) } to com.google.android.gms/.chimera.GmsIntentOperationService$GmsExternalReceiver
2019-03-19 11:11:42.518 1064-1078/? W/BroadcastQueue: Background execution not allowed: receiving Intent { act=android.intent.action.USER_PRESENT flg=0x24200010 } to com.google.android.gms/.auth.setup.devicesignals.LockScreenReceiver
2019-03-19 11:11:42.518 1275-1275/? D/VrHeadsetPowerPolicyService: Releasing broadcast wakelock...
2019-03-19 11:11:42.518 1064-1078/? W/BroadcastQueue: Background execution not allowed: receiving Intent { act=android.intent.action.USER_PRESENT flg=0x24200010 } to com.google.android.gms/.trustagent.UserPresentBroadcastReceiver
2019-03-19 11:11:42.518 1064-1078/? W/BroadcastQueue: Background execution not allowed: receiving Intent { act=android.intent.action.USER_PRESENT flg=0x24200010 } to com.google.android.gms/.chimera.GmsIntentOperationService$PersistentTrustedReceiver
2019-03-19 11:11:42.518 1275-1275/? D/VrHeadsetPowerPolicyService: Releasing broadcast wakelock...
2019-03-19 11:11:42.533 1521-1521/? I/VrCoreCompositor: .resume
2019-03-19 11:11:42.533 1446-1446/? I/HeadTrackingService: setIsTrackerPaused: false
2019-03-19 11:11:42.533 625-866/? I/vr_flinger: HardwareComposer::SetDisplaySurfaces: surface count=1
2019-03-19 11:11:42.533 625-865/? I/vr_flinger: HardwareComposer::PostThread: Exiting quiescent state.
2019-03-19 11:11:42.533 625-865/? I/vr_flinger: OnPostThreadResumed
2019-03-19 11:11:42.533 625-865/? I/vr_flinger: Turning primary display on
2019-03-19 11:11:42.534 1521-1561/? D/libpdx_uds: ClientChannelFactory: Waiting for endpoint at /dev/socket/pdx/system/performance/client
2019-03-19 11:11:42.534 603-603/? I/SDM: DisplayBase::SetDisplayState: Set state = 1, display 0
2019-03-19 11:11:42.534 1521-1561/? D/libpdx_uds: ClientChannelFactory: Connecting to /dev/socket/pdx/system/performance/client
2019-03-19 11:11:42.534 1521-1561/? D/libpdx_uds: ClientChannelFactory: Connected successfully to /dev/socket/pdx/system/performance/client...
2019-03-19 11:11:42.535 624-624/? D/libpdx: PerformanceService::OnChannelOpen: pid=1521 cid=16
2019-03-19 11:11:42.535 624-624/? I/performanced: PerformanceService::OnSetSchedulerPolicy: task_id=1561 scheduler_policy=vr:system:arp
2019-03-19 11:11:42.536 624-624/? I/performanced: PerformanceService::OnSetSchedulerPolicy: Using cpuset=/system/performance
2019-03-19 11:11:42.536 624-624/? W/libpdx_uds: RecvMsgAll: Socket has been shut down
2019-03-19 11:11:42.536 624-624/? D/libpdx: PerformanceService::OnChannelClose: pid=-1 cid=16
2019-03-19 11:11:42.536 1521-1561/? I/SurfacelessGLThread: CompositorGLThd resumed
2019-03-19 11:11:42.536 1446-1446/? I/HeadTrackingService: setIsTrackerPaused: false
2019-03-19 11:11:42.536 1521-1521/? I/VrCoreCompositor: Got valid pose, scheduling the fade in.
2019-03-19 11:11:42.536 1446-2014/? I/VrCtl.ControllerSelector: Running regular setup for controller 0
2019-03-19 11:11:42.536 1446-2014/? I/VrCtl.ControllerSelector: Using driver DRIVER_P6 for controller instance GoogleDaydreamControllerV1. The current driver index is: 0
2019-03-19 11:11:42.536 1446-2014/? I/VrCtl.ControllerSelector: Paired controller: D8:C4:97:07:38:BF
2019-03-19 11:11:42.537 1521-1561/? W/VrCore: [vr/gvr/render/scanline_racer.cc:1385] Missed vsync by 5145943us (CPU load is too high)
2019-03-19 11:11:42.538 2023-3500/? I/SystemUpdate: [Installation,ReceiverIntentOperation] Received intent: Intent { act=com.google.vr.powerpolicy.action.ACTION_POLICY_CHANGED flg=0x10 (has extras) }.
2019-03-19 11:11:42.540 1372-3218/? I/SurfacelessGLThread: WorldLSysUiGLTh resumed
2019-03-19 11:11:42.542 1372-3218/? D/libpdx_uds: ClientChannelFactory: Waiting for endpoint at /dev/socket/pdx/system/performance/client
2019-03-19 11:11:42.542 1372-3218/? D/libpdx_uds: ClientChannelFactory: Connecting to /dev/socket/pdx/system/performance/client
2019-03-19 11:11:42.542 1372-3218/? D/libpdx_uds: ClientChannelFactory: Connected successfully to /dev/socket/pdx/system/performance/client...
2019-03-19 11:11:42.543 624-624/? D/libpdx: PerformanceService::OnChannelOpen: pid=1372 cid=17
2019-03-19 11:11:42.543 624-624/? I/performanced: PerformanceService::OnSetSchedulerPolicy: task_id=3218 scheduler_policy=vr:app:render
2019-03-19 11:11:42.543 624-624/? I/performanced: SetVrAppRenderThread old=3218 new=3218
2019-03-19 11:11:42.543 624-624/? I/performanced: PerformanceService::OnSetSchedulerPolicy: Using cpuset=/application/performance
2019-03-19 11:11:42.543 624-624/? W/libpdx_uds: RecvMsgAll: Socket has been shut down
2019-03-19 11:11:42.543 624-624/? D/libpdx: PerformanceService::OnChannelClose: pid=-1 cid=17
2019-03-19 11:11:42.544 1372-1372/? I/BatteryInfo: BatteryInfo Changed: 100 2
2019-03-19 11:11:42.546 593-593/? W//system/bin/hw/android.hidl.allocator@1.0-service: ashmem_create_region(3840) returning hidl_memory(0x7400c2c350, 3840)
2019-03-19 11:11:42.547 1064-1087/? I/DisplayPowerController: Unblocked screen on after 54 ms
2019-03-19 11:11:42.550 593-593/? W//system/bin/hw/android.hidl.allocator@1.0-service: ashmem_create_region(3840) returning hidl_memory(0x7400c2c350, 3840)
2019-03-19 11:11:42.554 1372-1372/? D/libpdx_uds: ClientChannelFactory: Waiting for endpoint at /dev/socket/pdx/system/vr/display/client
2019-03-19 11:11:42.555 1372-1372/? D/libpdx_uds: ClientChannelFactory: Connecting to /dev/socket/pdx/system/vr/display/client
2019-03-19 11:11:42.555 1372-1372/? D/libpdx_uds: ClientChannelFactory: Connected successfully to /dev/socket/pdx/system/vr/display/client...
2019-03-19 11:11:42.556 625-866/? D/libpdx: DisplayService::OnChannelOpen: pid=1372 cid=43
2019-03-19 11:11:42.557 625-866/? W/libpdx_uds: RecvMsgAll: Socket has been shut down
2019-03-19 11:11:42.557 625-866/? D/libpdx: DisplayService::OnChannelClose: pid=-1 cid=43
2019-03-19 11:11:42.557 1372-1372/? D/libpdx_uds: ClientChannelFactory: Waiting for endpoint at /dev/socket/pdx/system/vr/display/client
2019-03-19 11:11:42.557 1372-1372/? D/libpdx_uds: ClientChannelFactory: Connecting to /dev/socket/pdx/system/vr/display/client
2019-03-19 11:11:42.558 1372-1372/? D/libpdx_uds: ClientChannelFactory: Connected successfully to /dev/socket/pdx/system/vr/display/client...
2019-03-19 11:11:42.558 625-866/? D/libpdx: DisplayService::OnChannelOpen: pid=1372 cid=44
2019-03-19 11:11:42.558 625-866/? W/libpdx_uds: RecvMsgAll: Socket has been shut down
2019-03-19 11:11:42.558 625-866/? D/libpdx: DisplayService::OnChannelClose: pid=-1 cid=44
2019-03-19 11:11:42.559 1372-1372/? D/libpdx_uds: ClientChannelFactory: Waiting for endpoint at /dev/socket/pdx/system/vr/display/client
2019-03-19 11:11:42.559 1372-1372/? D/libpdx_uds: ClientChannelFactory: Connecting to /dev/socket/pdx/system/vr/display/client
2019-03-19 11:11:42.559 1372-1372/? D/libpdx_uds: ClientChannelFactory: Connected successfully to /dev/socket/pdx/system/vr/display/client...
2019-03-19 11:11:42.559 625-866/? D/libpdx: DisplayService::OnChannelOpen: pid=1372 cid=45
2019-03-19 11:11:42.560 625-866/? W/libpdx_uds: RecvMsgAll: Socket has been shut down
2019-03-19 11:11:42.560 625-866/? D/libpdx: DisplayService::OnChannelClose: pid=-1 cid=45
2019-03-19 11:11:42.560 1372-1372/? D/libpdx_uds: ClientChannelFactory: Waiting for endpoint at /dev/socket/pdx/system/vr/display/client
2019-03-19 11:11:42.560 1372-1372/? D/libpdx_uds: ClientChannelFactory: Connecting to /dev/socket/pdx/system/vr/display/client
2019-03-19 11:11:42.560 1372-1372/? D/libpdx_uds: ClientChannelFactory: Connected successfully to /dev/socket/pdx/system/vr/display/client...
2019-03-19 11:11:42.560 625-866/? D/libpdx: DisplayService::OnChannelOpen: pid=1372 cid=46
2019-03-19 11:11:42.561 625-866/? W/libpdx_uds: RecvMsgAll: Socket has been shut down
2019-03-19 11:11:42.561 625-866/? D/libpdx: DisplayService::OnChannelClose: pid=-1 cid=46
2019-03-19 11:11:42.564 1446-2014/? I/VrCtl.ListenersManager: Adding listener 10039:1372:VrCtl.ServiceBridge0 for controller 0.
2019-03-19 11:11:42.564 1446-2014/? I/VrCtl.ListenersManager: Listener for uid=10039 ENABLED
2019-03-19 11:11:42.565 625-625/? E/HWC2: getReleaseFences: invalid layer 15 found on display 1
2019-03-19 11:11:42.565 625-625/? E/HWComposer: presentAndGetReleaseFences: Failed to get release fences for display 0: BadLayer (3)
2019-03-19 11:11:42.568 1372-1372/? I/VrCtl.ServiceBridge: Successfully registered service listener.
2019-03-19 11:11:42.568 1446-2014/? I/VrCtl.ListenersManager: Removing listener 10039:1372:VrCtl.ServiceBridge0 for controller 0.
2019-03-19 11:11:42.568 1446-2014/? I/VrCtl.ListenersManager: Adding listener 10039:1372:VrCtl.ServiceBridge0 for controller 0.
2019-03-19 11:11:42.568 1446-2014/? I/VrCtl.ListenersManager: Listener for uid=10039 ENABLED
2019-03-19 11:11:42.582 1635-2773/? D/BluetoothAdapter: isLeEnabled(): ON
2019-03-19 11:11:42.587 2023-3485/? I/Authzen: [DeviceStateSyncManager] The server is in sync with current state. Nothing to do
2019-03-19 11:11:42.588 1635-2188/? D/BluetoothLeScanner: onScannerRegistered() - status=0 scannerId=7 mScannerId=0
2019-03-19 11:11:42.589 2023-3485/? I/SystemUpdate: [Execution,InstallationEventIntentOperation] Handling event of type 7.
2019-03-19 11:11:42.593 2023-3505/? I/SystemUpdate: [Execution,InstallationIntentOperation] Received intent: Intent { act=com.google.android.gms.update.INSTALL_UPDATE cat=[targeted_intent_op_prefix:.update.execution.InstallationIntentOperation] cmp=com.google.android.gms/.chimera.GmsIntentOperationService }.
2019-03-19 11:11:42.594 2023-3505/? I/SystemUpdate: [Execution,ExecutionManager] Action finished-execution executed for 0.00 seconds.
2019-03-19 11:11:42.595 1635-2773/? I/BeaconBle: Client requested scan, settings=BleSettings [scanMode=LOW_LATENCY, callbackType=ALL_MATCHES, reportDelayMillis=0, 5 filters, 1 clients, callingClientName=Nearby]
2019-03-19 11:11:42.600 1635-2773/? I/BeaconBle: Stopping scan on delegate scanner. BT state: 12
2019-03-19 11:11:42.601 1635-2773/? D/BluetoothAdapter: isLeEnabled(): ON
2019-03-19 11:11:42.603 1635-2773/? I/BeaconBle: Resetting - new scanner available: true
2019-03-19 11:11:42.605 1635-2773/? I/BeaconBle: 'L' hardware scan: 5 filters, scanMode=2, reportdelay=0, callback type=1, #clients=1, workSource=WorkSource{10013 com.google.android.gms}
2019-03-19 11:11:42.606 1635-2773/? I/BeaconBle: Starting scan on OS scanner. BT state: 12
2019-03-19 11:11:42.606 1635-2773/? D/BluetoothAdapter: isLeEnabled(): ON
2019-03-19 11:11:42.609 1635-2188/? D/BluetoothLeScanner: onScannerRegistered() - status=0 scannerId=6 mScannerId=0
2019-03-19 11:11:42.616 2023-2318/? I/qtaguid: Untagging socket 91 failed errno=-22
2019-03-19 11:11:42.616 2023-2318/? W/NetworkManagementSocketTagger: untagSocket(91) failed with errno -22
2019-03-19 11:11:42.616 2023-2318/? I/qtaguid: Untagging socket 91 failed errno=-22
2019-03-19 11:11:42.616 2023-2318/? W/NetworkManagementSocketTagger: untagSocket(91) failed with errno -22
2019-03-19 11:11:42.618 2023-2318/? I/qtaguid: Untagging socket 91 failed errno=-22
2019-03-19 11:11:42.618 2023-2318/? W/NetworkManagementSocketTagger: untagSocket(91) failed with errno -22
2019-03-19 11:11:42.618 2023-2318/? I/qtaguid: Untagging socket 91 failed errno=-22
2019-03-19 11:11:42.618 2023-2318/? W/NetworkManagementSocketTagger: untagSocket(91) failed with errno -22
2019-03-19 11:11:42.619 2023-2318/? I/qtaguid: Untagging socket 91 failed errno=-22
2019-03-19 11:11:42.619 2023-2318/? W/NetworkManagementSocketTagger: untagSocket(91) failed with errno -22
2019-03-19 11:11:42.619 2023-2318/? I/qtaguid: Untagging socket 91 failed errno=-22
2019-03-19 11:11:42.619 2023-2318/? W/NetworkManagementSocketTagger: untagSocket(91) failed with errno -22
2019-03-19 11:11:42.619 2023-2318/? I/qtaguid: Untagging socket 91 failed errno=-22
2019-03-19 11:11:42.619 2023-2318/? W/NetworkManagementSocketTagger: untagSocket(91) failed with errno -22
2019-03-19 11:11:42.619 2023-2318/? I/qtaguid: Untagging socket 91 failed errno=-22
2019-03-19 11:11:42.619 2023-2318/? W/NetworkManagementSocketTagger: untagSocket(91) failed with errno -22
2019-03-19 11:11:42.619 2023-2318/? I/qtaguid: Untagging socket 91 failed errno=-22
2019-03-19 11:11:42.619 2023-2318/? W/NetworkManagementSocketTagger: untagSocket(91) failed with errno -22
2019-03-19 11:11:42.619 2023-2318/? I/qtaguid: Untagging socket 91 failed errno=-22
2019-03-19 11:11:42.619 2023-2318/? W/NetworkManagementSocketTagger: untagSocket(91) failed with errno -22
2019-03-19 11:11:42.620 2023-2318/? I/qtaguid: Untagging socket 91 failed errno=-22
2019-03-19 11:11:42.620 2023-2318/? W/NetworkManagementSocketTagger: untagSocket(91) failed with errno -22
2019-03-19 11:11:42.620 2023-2318/? I/qtaguid: Untagging socket 91 failed errno=-22
2019-03-19 11:11:42.620 2023-2318/? W/NetworkManagementSocketTagger: untagSocket(91) failed with errno -22
2019-03-19 11:11:42.620 2023-2318/? I/qtaguid: Untagging socket 91 failed errno=-22
2019-03-19 11:11:42.620 2023-2318/? W/NetworkManagementSocketTagger: untagSocket(91) failed with errno -22
2019-03-19 11:11:42.620 2023-2318/? I/qtaguid: Untagging socket 91 failed errno=-22
2019-03-19 11:11:42.620 2023-2318/? W/NetworkManagementSocketTagger: untagSocket(91) failed with errno -22
2019-03-19 11:11:42.620 2023-2318/? I/qtaguid: Untagging socket 91 failed errno=-22
2019-03-19 11:11:42.621 2023-2318/? W/NetworkManagementSocketTagger: untagSocket(91) failed with errno -22
2019-03-19 11:11:42.621 2023-2318/? I/qtaguid: Untagging socket 91 failed errno=-22
2019-03-19 11:11:42.621 2023-2318/? W/NetworkManagementSocketTagger: untagSocket(91) failed with errno -22
2019-03-19 11:11:42.621 2023-2318/? I/qtaguid: Untagging socket 91 failed errno=-22
2019-03-19 11:11:42.621 2023-2318/? W/NetworkManagementSocketTagger: untagSocket(91) failed with errno -22
2019-03-19 11:11:42.621 2023-2318/? I/qtaguid: Untagging socket 91 failed errno=-22
2019-03-19 11:11:42.622 2023-2318/? W/NetworkManagementSocketTagger: untagSocket(91) failed with errno -22
2019-03-19 11:11:42.622 2023-2318/? I/qtaguid: Untagging socket 91 failed errno=-22
2019-03-19 11:11:42.622 2023-2318/? W/NetworkManagementSocketTagger: untagSocket(91) failed with errno -22
2019-03-19 11:11:43.052 1521-1561/? W/VrCore: [vr/gvr/render/scanline_racer.cc:1385] Missed vsync by 480478us (CPU load is too high)
2019-03-19 11:11:43.071 1521-1561/? W/libbufferhub: BufferHubBase::UpdateSharedFence: failed to remove old fence fd from epoll set, error: No such file or directory.
2019-03-19 11:11:45.229 1372-1372/? I/DashboardSessionManager: Closing dashboard, reason=2
2019-03-19 11:11:45.229 1446-1460/? I/VrSessionManager: .startTransition()
2019-03-19 11:11:45.594 2023-2163/? W/AdaptiveDiscoveryWorker: Exiting Adaptive Discovery. Current NetworkInfo is NULL.
2019-03-19 11:11:45.765 1064-1216/? D/WificondControl: Scan result ready event
2019-03-19 11:11:45.767 1064-1145/? D/WificondScannerImpl: Filtering out 5 scan results.
2019-03-19 11:11:46.031 1446-1446/? I/VrSessionManager: .finishTransition()
2019-03-19 11:11:46.032 1064-1273/? I/ActivityManager: START u0 {cat=[com.google.intent.category.DAYDREAM] flg=0x14010000 cmp=com.bds.ymtcpsvr/com.unity3d.player.UnityPlayerActivity (has extras)} from uid 10039
2019-03-19 11:11:46.037 1372-1372/? I/Dashboard: Pausing dashboard
2019-03-19 11:11:46.055 1064-1273/? I/ActivityManager: Start proc 3586:com.bds.ymtcpsvr/u0a76 for activity com.bds.ymtcpsvr/com.unity3d.player.UnityPlayerActivity
2019-03-19 11:11:46.055 3586-3586/? W/zygote: Using default instruction set features for ARM CPU variant (cortex-a9) using conservative defaults
2019-03-19 11:11:46.067 1064-1085/? I/InputManager-JNI: Viewport [1] to add: virtual:android:277f1a09-b88d-4d1e-8716-796f114d080b
2019-03-19 11:11:46.067 1064-1132/? I/InputReader: Reconfiguring input devices. changes=0x00000004
2019-03-19 11:11:46.090 2023-2163/? I/DiscoveryManager: Filter criteria(null) scannerFlags(0)
2019-03-19 11:11:46.093 1521-1561/? D/libpdx_uds: ClientChannelFactory: Waiting for endpoint at /dev/socket/pdx/system/performance/client
2019-03-19 11:11:46.093 1521-1561/? D/libpdx_uds: ClientChannelFactory: Connecting to /dev/socket/pdx/system/performance/client
2019-03-19 11:11:46.093 1521-1561/? D/libpdx_uds: ClientChannelFactory: Connected successfully to /dev/socket/pdx/system/performance/client...
2019-03-19 11:11:46.094 624-624/? D/libpdx: PerformanceService::OnChannelOpen: pid=1521 cid=18
2019-03-19 11:11:46.094 624-624/? I/performanced: PerformanceService::OnSetSchedulerPolicy: task_id=1561 scheduler_policy=vr:system:arp
2019-03-19 11:11:46.096 624-624/? I/performanced: PerformanceService::OnSetSchedulerPolicy: Using cpuset=/system/performance
2019-03-19 11:11:46.097 624-624/? W/libpdx_uds: RecvMsgAll: Socket has been shut down
2019-03-19 11:11:46.097 624-624/? D/libpdx: PerformanceService::OnChannelClose: pid=-1 cid=18
2019-03-19 11:11:46.223 625-625/? D/SurfaceFlinger: duplicate layer name: changing com.bds.ymtcpsvr/com.unity3d.player.UnityPlayerActivity to com.bds.ymtcpsvr/com.unity3d.player.UnityPlayerActivity#1
2019-03-19 11:11:46.274 1064-1288/? I/ActivityManager: Killing 2488:com.google.android.packageinstaller/u0a17 (adj 906): empty #17
2019-03-19 11:11:46.275 1064-1080/? W/zygote64: kill(-2488, 9) failed: No such process
2019-03-19 11:11:46.276 1064-1085/? I/ActivityManager: Displayed com.bds.ymtcpsvr/com.unity3d.player.UnityPlayerActivity: +208ms
2019-03-19 11:11:46.277 625-625/? E/HWC2: getReleaseFences: invalid layer 16 found on display 1
2019-03-19 11:11:46.277 625-625/? E/HWComposer: presentAndGetReleaseFences: Failed to get release fences for display 0: BadLayer (3)
2019-03-19 11:11:46.297 3586-3602/? I/Unity: SystemInfo CPU = ARMv7 VFPv3 NEON, Cores = 8, Memory = 3664mb
2019-03-19 11:11:46.297 3586-3602/? I/Unity: SystemInfo ARM big.LITTLE configuration: 4 big (mask: 0xf0), 4 little (mask: 0xf)
2019-03-19 11:11:46.298 3586-3602/? I/Unity: ApplicationInfo com.bds.ymtcpsvr version 0.1 build 4eb0b066-17e2-415c-9364-f17671433003
2019-03-19 11:11:46.298 3586-3602/? I/Unity: Built from '2018.3/staging' branch, Version '2018.3.8f1 (fc0fe30d6d91)', Build type 'Release', Scripting Backend 'mono', CPU 'armeabi-v7a'
2019-03-19 11:11:46.320 1064-1080/? W/zygote64: kill(-2488, 9) failed: No such process
2019-03-19 11:11:46.320 1064-1080/? I/zygote64: Successfully killed process cgroup uid 10017 pid 2488 in 45ms
2019-03-19 11:11:46.445 3586-3602/? E/SchedPolicy: set_timerslack_ns write failed: Operation not permitted
2019-03-19 11:11:46.466 3586-3602/? E/Unity: Unable to find libaudioplugingvrunity
2019-03-19 11:11:46.476 3586-3602/? I/Adreno: QUALCOMM build : c8f734a, I30fcb2c4a9 Build Date : 10/04/18 OpenGL ES Shader Compiler Version: EV031.22.00.01_06_07 Local Branch : mybranch36202376 Remote Branch : quic/gfx-adreno.lnx.1.0.r33-rel Remote Branch : NONE Reconstruct Branch : NOTHING
2019-03-19 11:11:46.478 3586-3602/? I/Adreno: PFP: 0x005ff087, ME: 0x005ff063
2019-03-19 11:11:46.481 3586-3602/? I/zygote: android::hardware::configstore::V1_0::ISurfaceFlingerConfigs::hasWideColorDisplay retrieved: 0
2019-03-19 11:11:46.494 3586-3602/? D/Unity: GL_OES_EGL_image GL_OES_EGL_image_external GL_OES_EGL_sync GL_OES_vertex_half_float GL_OES_framebuffer_object GL_OES_rgb8_rgba8 GL_OES_compressed_ETC1_RGB8_texture GL_AMD_compressed_ATC_texture GL_KHR_texture_compression_astc_ldr GL_KHR_texture_compression_astc_hdr GL_OES_texture_compression_astc GL_OES_texture_npot GL_EXT_texture_filter_anisotropic GL_EXT_texture_format_BGRA8888 GL_OES_texture_3D GL_EXT_color_buffer_float GL_EXT_color_buffer_half_float GL_QCOM_alpha_test GL_OES_depth24 GL_OES_packed_depth_stencil GL_OES_depth_texture GL_OES_depth_texture_cube_map GL_EXT_sRGB GL_OES_texture_float GL_OES_texture_float_linear GL_OES_texture_half_float GL_OES_texture_half_float_linear GL_EXT_texture_type_2_10_10_10_REV GL_EXT_texture_sRGB_decode GL_OES_element_index_uint GL_EXT_copy_image GL_EXT_geometry_shader GL_EXT_tessellation_shader GL_OES_texture_stencil8 GL_EXT_shader_io_blocks GL_OES_shader_image_atomic GL_OES_sample_variables GL_EXT_texture_border_clamp GL_EXT_multisampled_render_to_texture GL_EXT_mul
2019-03-19 11:11:46.494 3586-3602/? D/Unity: tisampled_render_to_texture2 GL_OES_shader_multisample_interpolation GL_EXT_texture_cube_map_array GL_EXT_draw_buffers_indexed GL_EXT_gpu_shader5 GL_EXT_robustness GL_EXT_texture_buffer GL_EXT_shader_framebuffer_fetch GL_ARM_shader_framebuffer_fetch_depth_stencil GL_OES_texture_storage_multisample_2d_array GL_OES_sample_shading GL_OES_get_program_binary GL_EXT_debug_label GL_KHR_blend_equation_advanced GL_KHR_blend_equation_advanced_coherent GL_QCOM_tiled_rendering GL_ANDROID_extension_pack_es31a GL_EXT_primitive_bounding_box GL_OES_standard_derivatives GL_OES_vertex_array_object GL_EXT_disjoint_timer_query GL_KHR_debug GL_EXT_YUV_target GL_EXT_sRGB_write_control GL_EXT_texture_norm16 GL_EXT_discard_framebuffer GL_OES_surfaceless_context GL_OVR_multiview GL_OVR_multiview2 GL_EXT_texture_sRGB_R8 GL_KHR_no_error GL_EXT_debug_marker GL_OES_EGL_image_external_essl3 GL_OVR_multiview_multisampled_render_to_texture GL_EXT_buffer_storage GL_EXT_external_buffer GL_EXT_blit_framebuffer_params GL_EXT_clip_cull_distance
2019-03-19 11:11:46.494 3586-3602/? D/Unity: GL_EXT_protected_textures GL_EXT_shader_non_constant_global_initializers GL_QCOM_texture_foveated GL_QCOM_shader_framebuffer_fetch_noncoherent GL_EXT_memory_object GL_EXT_memory_object_fd GL_EXT_EGL_image_array GL_NV_shader_noperspective_interpolation
2019-03-19 11:11:46.545 3586-3602/? I/libOpenSLES: Emulating old channel mask behavior (ignoring positional mask 0x3, using default mask 0x3 based on channel count of 2)
2019-03-19 11:11:46.545 664-815/? W/AudioFlinger: createTrack_l(): mismatch between requested flags (00000104) and output flags (00000006)
2019-03-19 11:11:46.546 3586-3602/? I/AudioTrack: AUDIO_OUTPUT_FLAG_FAST successful; frameCount 3840 -> 3840
2019-03-19 11:11:46.546 3586-3602/? D/AudioTrack: Client defaulted notificationFrames to 480 for frameCount 3840
2019-03-19 11:11:46.549 593-593/? W//system/bin/hw/android.hidl.allocator@1.0-service: ashmem_create_region(3840) returning hidl_memory(0x7400c2c350, 3840)
2019-03-19 11:11:46.550 593-593/? W//system/bin/hw/android.hidl.allocator@1.0-service: ashmem_create_region(3840) returning hidl_memory(0x7400c2c350, 3840)
2019-03-19 11:11:46.776 1372-3218/? D/AudioTrack: stop() called with 203040 frames delivered
2019-03-19 11:11:46.778 1446-1460/? I/VrCtl.ListenersManager: Removing listener 10039:1372:VrCtl.ServiceBridge0 for all controllers.
2019-03-19 11:11:46.778 1372-3218/? I/SurfacelessGLThread: WorldLSysUiGLTh paused
2019-03-19 11:11:46.780 1446-1460/? W/HeadTrackingService: Can't getSerializedTrackerState; caller isn't active VR component.
2019-03-19 11:11:47.021 3586-3602/? V/MediaRouter: Adding route: RouteInfo{ name=Phone, description=null, status=null, category=RouteCategory{ name=System types=ROUTE_TYPE_LIVE_AUDIO ROUTE_TYPE_LIVE_VIDEO groupable=false }, supportedTypes=ROUTE_TYPE_LIVE_AUDIO ROUTE_TYPE_LIVE_VIDEO , presentationDisplay=null }
2019-03-19 11:11:47.023 3586-3602/? V/MediaRouter: Selecting route: RouteInfo{ name=Phone, description=null, status=null, category=RouteCategory{ name=System types=ROUTE_TYPE_LIVE_AUDIO ROUTE_TYPE_LIVE_VIDEO groupable=false }, supportedTypes=ROUTE_TYPE_LIVE_AUDIO ROUTE_TYPE_LIVE_VIDEO , presentationDisplay=null }
2019-03-19 11:11:47.041 3586-3602/? W/native: commandlineflags.cc:1311 Ignoring RegisterValidateFunction() for flag pointer 0xd22ef230: no flag found at that address
2019-03-19 11:11:47.044 3586-3602/? E/Unity: Unable to find gvrshim
2019-03-19 11:11:47.061 3586-3586/? D/SdkConfigurationReader: Fetched params from VrParamsProvider: allow_dynamic_java_library_loading: true allow_dynamic_library_loading: true allow_vrcore_compositing: true allow_vrcore_head_tracking: true async_reprojection_config < additional_ahardwarebuffer_usage: 268435456 back_rgb16_with_bgr16: true black_boost: 0 compositor_draws_flange: false display_latency_micros: 13333 flags: 132 strips_per_frame: 1 vsync_grace_period_micros: 0 > cpu_late_latching_enabled: false daydream_image_alignment: 3 dim_ui_layer: false disallow_multiview: false enable_forced_tracking_compat: false screen_capture_config < allow_casting: true allow_screen_record: true allow_screenshot: true > touch_overlay_enabled: false use_device_idle_detection: false use_direct_mode_sensors: false use_magnetometer_in_sensor_fusion: false use_online_magnetometer_calibration: false use_stationary_bias_correction: false use_system_clock_for_sensor_timestamps: false
2019-03-19 11:11:47.099 3586-3586/? W/native: commandlineflags.cc:943 Ignoring RegisterValidateFunction() for flag pointer 0xd11e14b8: no flag found at that address
2019-03-19 11:11:47.109 3586-3586/? I/libdvr: dvrGetApi: api=0xe6d17c80 struct_size=556 version=1
2019-03-19 11:11:47.111 3586-3586/? I/Ion: [vr/gvr/capi/src/gvr_core_api_loader_android.cc:177] Successfully loaded GVR library version 1.183.0 from VrCore (target was 1.170.0).
2019-03-19 11:11:47.129 1446-1459/? W/native: helpers.cc:1667 Defaulting to persistent calibration file.
2019-03-19 11:11:47.130 1446-1459/? W/native: helpers.cc:1675 Setting factory calibration from Android property. This method will be deprecated in API >= 24.
2019-03-19 11:11:47.130 1446-1459/? W/native: helpers.cc:1641 Setting cad calibration file from Android property. This method will be deprecated in API >= 24.
2019-03-19 11:11:47.130 1446-1459/? I/native: calibration_provider.cc:601 Instantiating calibration provider with sources: CAD: /data/user_de/0/com.google.vr.vrcore/files/device_profile_database/device_profile_vega_colon_8.textproto Factory: /persist/tango/calibration.xml Online: /data/data/com.google.vr.vrcore/files/config/online-calibration.xml ActiveFile: kOnlineCalibrationFile Hardcoded CAD model fallback: Disabled Device type: kUnknownDevice
2019-03-19 11:11:47.131 1446-1459/? W/native: calibration_provider.cc:416 Requested parsing of Online calibration, but fell back to Factory calibration: /persist/tango/calibration.xml. Attempted fallbacks: - Online calibration: File does not exist: /data/data/com.google.vr.vrcore/files/config/online-calibration.xml.
2019-03-19 11:11:47.131 1446-1459/? I/native: calibration_provider.cc:403 Successfully parsed requested CAD calibration: /data/user_de/0/com.google.vr.vrcore/files/device_profile_database/device_profile_vega_colon_8.textproto.
2019-03-19 11:11:47.140 3586-3586/? I/GVR: [vr/gvr/capi/src/gvr.cc:103] Initialized GVR version 1.183.0
2019-03-19 11:11:47.143 3586-3637/? D/NetworkSecurityConfig: No Network Security Config specified, using platform default
2019-03-19 11:11:47.150 3586-3586/? I/GvrLayoutFactory: Successfully loaded GvrLayout from VrCore.
2019-03-19 11:11:47.153 3586-3586/? I/GVR: [vr/gvr/hmd/cardboard/cardboard_api_impl.cc:2003] Out-of-process composition enabled
2019-03-19 11:11:47.153 3586-3586/? D/libpdx_uds: ClientChannelFactory: Waiting for endpoint at /dev/socket/pdx/system/vr/display/client
2019-03-19 11:11:47.153 3586-3586/? D/libpdx_uds: ClientChannelFactory: Connecting to /dev/socket/pdx/system/vr/display/client
2019-03-19 11:11:47.153 3586-3586/? D/libpdx_uds: ClientChannelFactory: Connected successfully to /dev/socket/pdx/system/vr/display/client...
2019-03-19 11:11:47.154 625-866/? D/libpdx: DisplayService::OnChannelOpen: pid=3586 cid=47
2019-03-19 11:11:47.154 625-866/? W/libpdx_uds: RecvMsgAll: Socket has been shut down
2019-03-19 11:11:47.154 625-866/? D/libpdx: DisplayService::OnChannelClose: pid=-1 cid=47
2019-03-19 11:11:47.157 3586-3586/? D/libpdx_uds: ClientChannelFactory: Waiting for endpoint at /dev/socket/pdx/system/vr/display/client
2019-03-19 11:11:47.157 3586-3586/? D/libpdx_uds: ClientChannelFactory: Connecting to /dev/socket/pdx/system/vr/display/client
2019-03-19 11:11:47.157 3586-3586/? D/libpdx_uds: ClientChannelFactory: Connected successfully to /dev/socket/pdx/system/vr/display/client...
2019-03-19 11:11:47.158 625-866/? D/libpdx: DisplayService::OnChannelOpen: pid=3586 cid=48
2019-03-19 11:11:47.158 625-866/? W/libpdx_uds: RecvMsgAll: Socket has been shut down
2019-03-19 11:11:47.158 625-866/? D/libpdx: DisplayService::OnChannelClose: pid=-1 cid=48
2019-03-19 11:11:47.159 3586-3586/? D/libpdx_uds: ClientChannelFactory: Waiting for endpoint at /dev/socket/pdx/system/vr/display/client
2019-03-19 11:11:47.160 3586-3586/? D/libpdx_uds: ClientChannelFactory: Connecting to /dev/socket/pdx/system/vr/display/client
2019-03-19 11:11:47.160 3586-3586/? D/libpdx_uds: ClientChannelFactory: Connected successfully to /dev/socket/pdx/system/vr/display/client...
2019-03-19 11:11:47.160 625-866/? D/libpdx: DisplayService::OnChannelOpen: pid=3586 cid=49
2019-03-19 11:11:47.161 625-866/? W/libpdx_uds: RecvMsgAll: Socket has been shut down
2019-03-19 11:11:47.161 625-866/? D/libpdx: DisplayService::OnChannelClose: pid=-1 cid=49
2019-03-19 11:11:47.161 3586-3586/? D/libpdx_uds: ClientChannelFactory: Waiting for endpoint at /dev/socket/pdx/system/vr/display/client
2019-03-19 11:11:47.161 3586-3586/? D/libpdx_uds: ClientChannelFactory: Connecting to /dev/socket/pdx/system/vr/display/client
2019-03-19 11:11:47.161 3586-3586/? D/libpdx_uds: ClientChannelFactory: Connected successfully to /dev/socket/pdx/system/vr/display/client...
2019-03-19 11:11:47.161 625-866/? D/libpdx: DisplayService::OnChannelOpen: pid=3586 cid=50
2019-03-19 11:11:47.161 625-866/? W/libpdx_uds: RecvMsgAll: Socket has been shut down
2019-03-19 11:11:47.161 625-866/? D/libpdx: DisplayService::OnChannelClose: pid=-1 cid=50
2019-03-19 11:11:47.161 3586-3586/? D/libpdx_uds: ClientChannelFactory: Waiting for endpoint at /dev/socket/pdx/system/vr/display/client
2019-03-19 11:11:47.161 3586-3586/? D/libpdx_uds: ClientChannelFactory: Connecting to /dev/socket/pdx/system/vr/display/client
2019-03-19 11:11:47.162 3586-3586/? D/libpdx_uds: ClientChannelFactory: Connected successfully to /dev/socket/pdx/system/vr/display/client...
2019-03-19 11:11:47.162 625-866/? D/libpdx: DisplayService::OnChannelOpen: pid=3586 cid=51
2019-03-19 11:11:47.162 625-866/? W/libpdx_uds: RecvMsgAll: Socket has been shut down
2019-03-19 11:11:47.162 625-866/? D/libpdx: DisplayService::OnChannelClose: pid=-1 cid=51
2019-03-19 11:11:47.182 3586-3629/? D/libpdx_uds: ClientChannelFactory: Waiting for endpoint at /dev/socket/pdx/system/vr/display/client
2019-03-19 11:11:47.182 3586-3629/? D/libpdx_uds: ClientChannelFactory: Connecting to /dev/socket/pdx/system/vr/display/client
2019-03-19 11:11:47.182 3586-3629/? D/libpdx_uds: ClientChannelFactory: Connected successfully to /dev/socket/pdx/system/vr/display/client...
2019-03-19 11:11:47.183 625-866/? D/libpdx: DisplayService::OnChannelOpen: pid=3586 cid=52
2019-03-19 11:11:47.183 625-866/? D/libpdx_uds: ClientChannelFactory: Waiting for endpoint at /dev/socket/pdx/system/buffer_hub/client
2019-03-19 11:11:47.184 625-866/? D/libpdx_uds: ClientChannelFactory: Connecting to /dev/socket/pdx/system/buffer_hub/client
2019-03-19 11:11:47.184 625-866/? D/libpdx_uds: ClientChannelFactory: Connected successfully to /dev/socket/pdx/system/buffer_hub/client...
2019-03-19 11:11:47.184 622-622/? D/libpdx: BufferHub::OnChannelOpen: pid=625 cid=78
2019-03-19 11:11:47.185 625-866/? I/libbufferhubqueue: ConsumerQueue::ImportBuffers: Queue is silent, no buffers imported.
2019-03-19 11:11:47.185 625-866/? I/libbufferhubqueue: ConsumerQueue::ConsumerQueue: Imported 0 buffers.
2019-03-19 11:11:47.186 622-622/? D/libbufferhubd: ProducerQueueChannel::AllocateBuffer: Notified consumer with new buffer, buffer_id=80
2019-03-19 11:11:47.187 622-622/? D/libbufferhubd: ProducerQueueChannel::AllocateBuffer: Notified consumer with new buffer, buffer_id=81
2019-03-19 11:11:47.187 622-622/? D/libbufferhubd: ProducerQueueChannel::AllocateBuffer: Notified consumer with new buffer, buffer_id=82
2019-03-19 11:11:47.188 3586-3629/? I/GVR: [vr/gvr/hmd/cardboard/cardboard_api_impl.cc:539] Creating swap chain with id: [52]
2019-03-19 11:11:47.188 3586-3629/? I/GVR: [vr/gvr/hmd/cardboard/cardboard_api_impl.cc:543] BufferSpec 0: Size=V[1695, 1726], ColorFormat=Rgba8888, Samples=2, Views=1
2019-03-19 11:11:47.189 625-866/? D/libpdx_uds: ClientChannelFactory: Waiting for endpoint at /dev/socket/pdx/system/buffer_hub/client
2019-03-19 11:11:47.189 625-866/? D/libpdx_uds: ClientChannelFactory: Connecting to /dev/socket/pdx/system/buffer_hub/client
2019-03-19 11:11:47.189 625-866/? D/libpdx_uds: ClientChannelFactory: Connected successfully to /dev/socket/pdx/system/buffer_hub/client...
2019-03-19 11:11:47.189 622-622/? D/libpdx: BufferHub::OnChannelOpen: pid=625 cid=87
2019-03-19 11:11:47.190 1521-1580/? I/libbufferhubqueue: ConsumerQueue::ConsumerQueue: Imported 3 buffers.
2019-03-19 11:11:47.191 625-866/? I/libbufferhubqueue: ConsumerQueue::ImportBuffers: Queue is silent, no buffers imported.
2019-03-19 11:11:47.191 625-866/? I/libbufferhubqueue: ConsumerQueue::ConsumerQueue: Imported 0 buffers.
2019-03-19 11:11:47.191 622-622/? D/libbufferhubd: ProducerQueueChannel::AllocateBuffer: Notified consumer with new buffer, buffer_id=89
2019-03-19 11:11:47.192 622-622/? D/libbufferhubd: ProducerQueueChannel::AllocateBuffer: Notified consumer with new buffer, buffer_id=90
2019-03-19 11:11:47.192 622-622/? D/libbufferhubd: ProducerQueueChannel::AllocateBuffer: Notified consumer with new buffer, buffer_id=91
2019-03-19 11:11:47.193 3586-3629/? I/GVR: [vr/gvr/hmd/cardboard/cardboard_api_impl.cc:543] BufferSpec 1: Size=V[1695, 1726], ColorFormat=Rgba8888, Samples=2, Views=1
2019-03-19 11:11:47.193 625-866/? D/libpdx_uds: ClientChannelFactory: Waiting for endpoint at /dev/socket/pdx/system/buffer_hub/client
2019-03-19 11:11:47.194 625-866/? D/libpdx_uds: ClientChannelFactory: Connecting to /dev/socket/pdx/system/buffer_hub/client
2019-03-19 11:11:47.194 625-866/? D/libpdx_uds: ClientChannelFactory: Connected successfully to /dev/socket/pdx/system/buffer_hub/client...
2019-03-19 11:11:47.194 1521-1580/? I/libbufferhubqueue: ConsumerQueue::ConsumerQueue: Imported 3 buffers.
2019-03-19 11:11:47.194 622-622/? D/libpdx: BufferHub::OnChannelOpen: pid=625 cid=96
2019-03-19 11:11:47.194 625-866/? I/libbufferhubqueue: ConsumerQueue::ImportBuffers: Queue is silent, no buffers imported.
2019-03-19 11:11:47.194 625-866/? I/libbufferhubqueue: ConsumerQueue::ConsumerQueue: Imported 0 buffers.
2019-03-19 11:11:47.195 622-622/? D/libbufferhubd: ProducerQueueChannel::AllocateBuffer: Notified consumer with new buffer, buffer_id=98
2019-03-19 11:11:47.196 622-622/? D/libbufferhubd: ProducerQueueChannel::AllocateBuffer: Notified consumer with new buffer, buffer_id=99
2019-03-19 11:11:47.196 622-622/? D/libbufferhubd: ProducerQueueChannel::AllocateBuffer: Notified consumer with new buffer, buffer_id=100
2019-03-19 11:11:47.197 1521-1580/? I/libbufferhubqueue: ConsumerQueue::ConsumerQueue: Imported 3 buffers.
2019-03-19 11:11:47.198 3586-3602/? I/Unity: Created eye textures with a "separate" layout. The "multi-pass" stereo mode will be used. (Filename: Line: 2264)
2019-03-19 11:11:47.198 3586-3629/? I/GVR: [vr/gvr/hmd/cardboard/cardboard_api_impl.cc:556] Destroying swap chain with id: [52]
2019-03-19 11:11:47.198 622-622/? W/libpdx_uds: RecvMsgAll: Socket has been shut down
2019-03-19 11:11:47.198 622-622/? D/libpdx: BufferHub::OnChannelClose: pid=-1 cid=100
2019-03-19 11:11:47.198 622-622/? W/libpdx_uds: RecvMsgAll: Socket has been shut down
2019-03-19 11:11:47.198 622-622/? D/libpdx: BufferHub::OnChannelClose: pid=-1 cid=99
2019-03-19 11:11:47.198 622-622/? W/libpdx_uds: RecvMsgAll: Socket has been shut down
2019-03-19 11:11:47.198 622-622/? D/libpdx: BufferHub::OnChannelClose: pid=-1 cid=98
2019-03-19 11:11:47.198 622-622/? W/libpdx_uds: RecvMsgAll: Socket has been shut down
2019-03-19 11:11:47.198 622-622/? D/libpdx: BufferHub::OnChannelClose: pid=-1 cid=96
2019-03-19 11:11:47.198 622-622/? W/libpdx_uds: RecvMsgAll: Socket has been shut down
2019-03-19 11:11:47.198 622-622/? D/libpdx: BufferHub::OnChannelClose: pid=-1 cid=91
2019-03-19 11:11:47.198 622-622/? W/libpdx_uds: RecvMsgAll: Socket has been shut down
2019-03-19 11:11:47.198 622-622/? D/libpdx: BufferHub::OnChannelClose: pid=-1 cid=90
2019-03-19 11:11:47.198 622-622/? W/libpdx_uds: RecvMsgAll: Socket has been shut down
2019-03-19 11:11:47.198 622-622/? D/libpdx: BufferHub::OnChannelClose: pid=-1 cid=89
2019-03-19 11:11:47.198 622-622/? W/libpdx_uds: RecvMsgAll: Socket has been shut down
2019-03-19 11:11:47.198 622-622/? D/libpdx: BufferHub::OnChannelClose: pid=-1 cid=87
2019-03-19 11:11:47.198 625-866/? W/libpdx_uds: RecvMsgAll: Socket has been shut down
2019-03-19 11:11:47.198 625-866/? D/libpdx: DisplayService::OnChannelClose: pid=-1 cid=52
2019-03-19 11:11:47.198 622-622/? W/libpdx_uds: RecvMsgAll: Socket has been shut down
2019-03-19 11:11:47.198 622-622/? D/libpdx: BufferHub::OnChannelClose: pid=-1 cid=97
2019-03-19 11:11:47.198 3586-3629/? D/libpdx_uds: ClientChannelFactory: Waiting for endpoint at /dev/socket/pdx/system/vr/display/client
2019-03-19 11:11:47.199 622-622/? W/libpdx_uds: RecvMsgAll: Socket has been shut down
2019-03-19 11:11:47.199 622-622/? D/libpdx: BufferHub::OnChannelClose: pid=-1 cid=82
2019-03-19 11:11:47.199 622-622/? W/libpdx_uds: RecvMsgAll: Socket has been shut down
2019-03-19 11:11:47.199 622-622/? D/libpdx: BufferHub::OnChannelClose: pid=-1 cid=81
2019-03-19 11:11:47.199 3586-3629/? D/libpdx_uds: ClientChannelFactory: Connecting to /dev/socket/pdx/system/vr/display/client
2019-03-19 11:11:47.199 622-622/? W/libpdx_uds: RecvMsgAll: Socket has been shut down
2019-03-19 11:11:47.199 622-622/? D/libpdx: BufferHub::OnChannelClose: pid=-1 cid=80
2019-03-19 11:11:47.199 3586-3629/? D/libpdx_uds: ClientChannelFactory: Connected successfully to /dev/socket/pdx/system/vr/display/client...
2019-03-19 11:11:47.199 622-622/? W/libpdx_uds: RecvMsgAll: Socket has been shut down
2019-03-19 11:11:47.199 622-622/? D/libpdx: BufferHub::OnChannelClose: pid=-1 cid=78
2019-03-19 11:11:47.199 622-622/? W/libpdx_uds: RecvMsgAll: Socket has been shut down
2019-03-19 11:11:47.199 622-622/? D/libpdx: BufferHub::OnChannelClose: pid=-1 cid=88
2019-03-19 11:11:47.199 625-864/? D/vr_flinger: DisplaySurface::~DisplaySurface: surface_id=52 process_id=3586
2019-03-19 11:11:47.199 622-622/? W/libpdx_uds: RecvMsgAll: Socket has been shut down
2019-03-19 11:11:47.199 622-622/? D/libpdx: BufferHub::OnChannelClose: pid=-1 cid=79
2019-03-19 11:11:47.199 625-866/? D/libpdx: DisplayService::OnChannelOpen: pid=3586 cid=53
2019-03-19 11:11:47.200 625-866/? D/libpdx_uds: ClientChannelFactory: Waiting for endpoint at /dev/socket/pdx/system/buffer_hub/client
2019-03-19 11:11:47.200 625-866/? D/libpdx_uds: ClientChannelFactory: Connecting to /dev/socket/pdx/system/buffer_hub/client
2019-03-19 11:11:47.200 625-866/? D/libpdx_uds: ClientChannelFactory: Connected successfully to /dev/socket/pdx/system/buffer_hub/client...
2019-03-19 11:11:47.200 622-622/? D/libpdx: BufferHub::OnChannelOpen: pid=625 cid=105
2019-03-19 11:11:47.200 625-866/? I/libbufferhubqueue: ConsumerQueue::ImportBuffers: Queue is silent, no buffers imported.
2019-03-19 11:11:47.201 625-866/? I/libbufferhubqueue: ConsumerQueue::ConsumerQueue: Imported 0 buffers.
2019-03-19 11:11:47.201 1521-1561/? W/libbufferhubqueue: BufferHubQueue::HandleBufferEvent: Received EPOLLHUP event: slot=2 event_fd=287 buffer_id=82
2019-03-19 11:11:47.201 1521-1561/? W/libbufferhubqueue: BufferHubQueue::HandleBufferEvent: Received EPOLLHUP event: slot=1 event_fd=286 buffer_id=81
2019-03-19 11:11:47.201 1521-1561/? W/libbufferhubqueue: BufferHubQueue::HandleBufferEvent: Received EPOLLHUP event: slot=0 event_fd=285 buffer_id=80
2019-03-19 11:11:47.201 622-622/? D/libbufferhubd: ProducerQueueChannel::AllocateBuffer: Notified consumer with new buffer, buffer_id=107
2019-03-19 11:11:47.202 622-622/? D/libbufferhubd: ProducerQueueChannel::AllocateBuffer: Notified consumer with new buffer, buffer_id=108
2019-03-19 11:11:47.202 622-622/? D/libbufferhubd: ProducerQueueChannel::AllocateBuffer: Notified consumer with new buffer, buffer_id=109
2019-03-19 11:11:47.202 622-622/? W/libpdx_uds: RecvMsgAll: Socket has been shut down
2019-03-19 11:11:47.202 622-622/? D/libpdx: BufferHub::OnChannelClose: pid=-1 cid=86
2019-03-19 11:11:47.202 622-622/? W/libpdx_uds: RecvMsgAll: Socket has been shut down
2019-03-19 11:11:47.202 622-622/? D/libpdx: BufferHub::OnChannelClose: pid=-1 cid=85
2019-03-19 11:11:47.202 622-622/? W/libpdx_uds: RecvMsgAll: Socket has been shut down
2019-03-19 11:11:47.202 622-622/? D/libpdx: BufferHub::OnChannelClose: pid=-1 cid=84
2019-03-19 11:11:47.202 622-622/? W/libpdx_uds: RecvMsgAll: Socket has been shut down
2019-03-19 11:11:47.202 622-622/? D/libpdx: BufferHub::OnChannelClose: pid=-1 cid=83
2019-03-19 11:11:47.202 622-622/? W/libpdx_uds: RecvMsgAll: Socket has been shut down
2019-03-19 11:11:47.202 622-622/? D/libpdx: BufferHub::OnChannelClose: pid=-1 cid=95
2019-03-19 11:11:47.202 622-622/? W/libpdx_uds: RecvMsgAll: Socket has been shut down
2019-03-19 11:11:47.203 622-622/? D/libpdx: BufferHub::OnChannelClose: pid=-1 cid=94
2019-03-19 11:11:47.203 622-622/? W/libpdx_uds: RecvMsgAll: Socket has been shut down
2019-03-19 11:11:47.203 622-622/? D/libpdx: BufferHub::OnChannelClose: pid=-1 cid=93
2019-03-19 11:11:47.203 622-622/? W/libpdx_uds: RecvMsgAll: Socket has been shut down
2019-03-19 11:11:47.203 622-622/? D/libpdx: BufferHub::OnChannelClose: pid=-1 cid=92
2019-03-19 11:11:47.203 622-622/? W/libpdx_uds: RecvMsgAll: Socket has been shut down
2019-03-19 11:11:47.203 622-622/? D/libpdx: BufferHub::OnChannelClose: pid=-1 cid=104
2019-03-19 11:11:47.203 622-622/? W/libpdx_uds: RecvMsgAll: Socket has been shut down
2019-03-19 11:11:47.203 622-622/? D/libpdx: BufferHub::OnChannelClose: pid=-1 cid=103
2019-03-19 11:11:47.203 622-622/? W/libpdx_uds: RecvMsgAll: Socket has been shut down
2019-03-19 11:11:47.203 622-622/? D/libpdx: BufferHub::OnChannelClose: pid=-1 cid=102
2019-03-19 11:11:47.203 622-622/? W/libpdx_uds: RecvMsgAll: Socket has been shut down
2019-03-19 11:11:47.203 622-622/? D/libpdx: BufferHub::OnChannelClose: pid=-1 cid=101
2019-03-19 11:11:47.204 3586-3629/? I/GVR: [vr/gvr/hmd/cardboard/cardboard_api_impl.cc:539] Creating swap chain with id: [53]
2019-03-19 11:11:47.204 3586-3629/? I/GVR: [vr/gvr/hmd/cardboard/cardboard_api_impl.cc:543] BufferSpec 0: Size=V[1187, 1208], ColorFormat=Rgba8888, Samples=2, Views=1
2019-03-19 11:11:47.204 625-866/? D/libpdx_uds: ClientChannelFactory: Waiting for endpoint at /dev/socket/pdx/system/buffer_hub/client
2019-03-19 11:11:47.204 625-866/? D/libpdx_uds: ClientChannelFactory: Connecting to /dev/socket/pdx/system/buffer_hub/client
2019-03-19 11:11:47.204 625-866/? D/libpdx_uds: ClientChannelFactory: Connected successfully to /dev/socket/pdx/system/buffer_hub/client...
2019-03-19 11:11:47.205 622-622/? D/libpdx: BufferHub::OnChannelOpen: pid=625 cid=114
2019-03-19 11:11:47.205 625-866/? I/libbufferhubqueue: ConsumerQueue::ImportBuffers: Queue is silent, no buffers imported.
2019-03-19 11:11:47.205 625-866/? I/libbufferhubqueue: ConsumerQueue::ConsumerQueue: Imported 0 buffers.
2019-03-19 11:11:47.205 1521-1580/? I/libbufferhubqueue: ConsumerQueue::ConsumerQueue: Imported 3 buffers.
2019-03-19 11:11:47.208 622-622/? D/libbufferhubd: ProducerQueueChannel::AllocateBuffer: Notified consumer with new buffer, buffer_id=116
2019-03-19 11:11:47.208 622-622/? D/libbufferhubd: ProducerQueueChannel::AllocateBuffer: Notified consumer with new buffer, buffer_id=117
2019-03-19 11:11:47.209 622-622/? D/libbufferhubd: ProducerQueueChannel::AllocateBuffer: Notified consumer with new buffer, buffer_id=118
2019-03-19 11:11:47.210 3586-3629/? I/GVR: [vr/gvr/hmd/cardboard/cardboard_api_impl.cc:543] BufferSpec 1: Size=V[1187, 1208], ColorFormat=Rgba8888, Samples=2, Views=1
2019-03-19 11:11:47.210 625-866/? D/libpdx_uds: ClientChannelFactory: Waiting for endpoint at /dev/socket/pdx/system/buffer_hub/client
2019-03-19 11:11:47.210 1521-1580/? I/libbufferhubqueue: ConsumerQueue::ConsumerQueue: Imported 3 buffers.
2019-03-19 11:11:47.210 625-866/? D/libpdx_uds: ClientChannelFactory: Connecting to /dev/socket/pdx/system/buffer_hub/client
2019-03-19 11:11:47.211 625-866/? D/libpdx_uds: ClientChannelFactory: Connected successfully to /dev/socket/pdx/system/buffer_hub/client...
2019-03-19 11:11:47.211 622-622/? D/libpdx: BufferHub::OnChannelOpen: pid=625 cid=123
2019-03-19 11:11:47.211 625-866/? I/libbufferhubqueue: ConsumerQueue::ImportBuffers: Queue is silent, no buffers imported.
2019-03-19 11:11:47.211 625-866/? I/libbufferhubqueue: ConsumerQueue::ConsumerQueue: Imported 0 buffers.
2019-03-19 11:11:47.212 622-622/? D/libbufferhubd: ProducerQueueChannel::AllocateBuffer: Notified consumer with new buffer, buffer_id=125
2019-03-19 11:11:47.213 622-622/? D/libbufferhubd: ProducerQueueChannel::AllocateBuffer: Notified consumer with new buffer, buffer_id=126
2019-03-19 11:11:47.213 622-622/? D/libbufferhubd: ProducerQueueChannel::AllocateBuffer: Notified consumer with new buffer, buffer_id=127
2019-03-19 11:11:47.215 3586-3629/? I/libbufferhub: ProducerBuffer::LocalGain: already gained id=107.
2019-03-19 11:11:47.215 3586-3629/? I/libbufferhub: ProducerBuffer::LocalGain: already gained id=116.
2019-03-19 11:11:47.215 3586-3629/? I/libbufferhub: ProducerBuffer::LocalGain: already gained id=125.
2019-03-19 11:11:47.216 1521-1580/? I/libbufferhubqueue: ConsumerQueue::ConsumerQueue: Imported 3 buffers.
2019-03-19 11:11:47.217 3586-3629/? I/ATRACE: Using __system_property_wait to update tags
2019-03-19 11:11:47.217 3586-3645/? I/ATRACE: Updated trace tags to 4097
2019-03-19 11:11:47.225 3586-3629/? I/libbufferhub: ProducerBuffer::LocalGain: already gained id=108.
2019-03-19 11:11:47.225 3586-3629/? I/libbufferhub: ProducerBuffer::LocalGain: already gained id=117.
2019-03-19 11:11:47.226 3586-3629/? I/libbufferhub: ProducerBuffer::LocalGain: already gained id=126.
2019-03-19 11:11:47.236 3586-3629/? I/libbufferhub: ProducerBuffer::LocalGain: already gained id=109.
2019-03-19 11:11:47.236 3586-3629/? I/libbufferhub: ProducerBuffer::LocalGain: already gained id=118.
2019-03-19 11:11:47.236 3586-3629/? I/libbufferhub: ProducerBuffer::LocalGain: already gained id=127.
