2019-03-19 11:11:47.461 3586-3602/? I/Unity: Creating and initializing GVR API controller object. (Filename: ./Runtime/Export/Debug.bindings.h Line: 45)
2019-03-19 11:11:47.618 3586-3602/? D/AudioTrack: stop() called with 53760 frames delivered
2019-03-19 11:11:47.626 625-2012/? E/SurfaceFlinger: Failed to find layer (SurfaceView - com.bds.ymtcpsvr/com.unity3d.player.UnityPlayerActivity#0) in layer parent (no-parent).
2019-03-19 11:11:47.626 625-770/? E/SurfaceFlinger: Failed to find layer (Background for - SurfaceView - com.bds.ymtcpsvr/com.unity3d.player.UnityPlayerActivity#0) in layer parent (no-parent).
2019-03-19 11:11:47.633 3586-3586/? I/Choreographer: Skipped 33 frames! The application may be doing too much work on its main thread.
2019-03-19 11:11:47.680 3586-3586/? D/libpdx_uds: ClientChannelFactory: Waiting for endpoint at /dev/socket/pdx/system/vr/display/client
2019-03-19 11:11:47.680 3586-3586/? D/libpdx_uds: ClientChannelFactory: Connecting to /dev/socket/pdx/system/vr/display/client
2019-03-19 11:11:47.681 3586-3586/? D/libpdx_uds: ClientChannelFactory: Connected successfully to /dev/socket/pdx/system/vr/display/client...
2019-03-19 11:11:47.681 625-866/? D/libpdx: DisplayService::OnChannelOpen: pid=3586 cid=54
2019-03-19 11:11:47.681 625-866/? W/libpdx_uds: RecvMsgAll: Socket has been shut down
2019-03-19 11:11:47.681 625-866/? D/libpdx: DisplayService::OnChannelClose: pid=-1 cid=54
2019-03-19 11:11:47.681 3586-3586/? D/libpdx_uds: ClientChannelFactory: Waiting for endpoint at /dev/socket/pdx/system/vr/display/client
2019-03-19 11:11:47.681 3586-3586/? D/libpdx_uds: ClientChannelFactory: Connecting to /dev/socket/pdx/system/vr/display/client
2019-03-19 11:11:47.682 3586-3586/? D/libpdx_uds: ClientChannelFactory: Connected successfully to /dev/socket/pdx/system/vr/display/client...
2019-03-19 11:11:47.682 625-866/? D/libpdx: DisplayService::OnChannelOpen: pid=3586 cid=55
2019-03-19 11:11:47.682 625-866/? W/libpdx_uds: RecvMsgAll: Socket has been shut down
2019-03-19 11:11:47.682 625-866/? D/libpdx: DisplayService::OnChannelClose: pid=-1 cid=55
2019-03-19 11:11:47.682 3586-3586/? D/libpdx_uds: ClientChannelFactory: Waiting for endpoint at /dev/socket/pdx/system/vr/display/client
2019-03-19 11:11:47.682 3586-3586/? D/libpdx_uds: ClientChannelFactory: Connecting to /dev/socket/pdx/system/vr/display/client
2019-03-19 11:11:47.682 3586-3586/? D/libpdx_uds: ClientChannelFactory: Connected successfully to /dev/socket/pdx/system/vr/display/client...
2019-03-19 11:11:47.683 625-866/? D/libpdx: DisplayService::OnChannelOpen: pid=3586 cid=56
2019-03-19 11:11:47.684 3586-3586/? D/libpdx_uds: ClientChannelFactory: Waiting for endpoint at /dev/socket/pdx/system/vr/display/client
2019-03-19 11:11:47.684 3586-3586/? D/libpdx_uds: ClientChannelFactory: Connecting to /dev/socket/pdx/system/vr/display/client
2019-03-19 11:11:47.684 3586-3586/? D/libpdx_uds: ClientChannelFactory: Connected successfully to /dev/socket/pdx/system/vr/display/client...
2019-03-19 11:11:47.684 625-866/? W/libpdx_uds: RecvMsgAll: Socket has been shut down
2019-03-19 11:11:47.684 625-866/? D/libpdx: DisplayService::OnChannelClose: pid=-1 cid=56
2019-03-19 11:11:47.685 625-866/? D/libpdx: DisplayService::OnChannelOpen: pid=3586 cid=57
2019-03-19 11:11:47.686 625-866/? W/libpdx_uds: RecvMsgAll: Socket has been shut down
2019-03-19 11:11:47.686 625-866/? D/libpdx: DisplayService::OnChannelClose: pid=-1 cid=57
2019-03-19 11:11:47.716 1446-2014/? I/VrCtl.ListenersManager: Adding listener 10076:3586:VrCtl.ServiceBridge0 for controller 0.
2019-03-19 11:11:47.716 3586-3586/? I/VrCtl.ServiceBridge: Successfully registered service listener.
2019-03-19 11:11:47.716 1446-2014/? I/VrCtl.ListenersManager: Listener for uid=10076 ENABLED
2019-03-19 11:11:47.717 1446-2014/? I/VrCtl.ListenersManager: Removing listener 10076:3586:VrCtl.ServiceBridge0 for controller 0.
2019-03-19 11:11:47.717 1446-2014/? I/VrCtl.ListenersManager: Adding listener 10076:3586:VrCtl.ServiceBridge0 for controller 0.
2019-03-19 11:11:47.718 1446-2014/? I/VrCtl.ListenersManager: Listener for uid=10076 ENABLED
2019-03-19 11:11:47.806 3586-3629/? D/libpdx_uds: ClientChannelFactory: Waiting for endpoint at /dev/socket/pdx/system/performance/client
2019-03-19 11:11:47.806 3586-3629/? D/libpdx_uds: ClientChannelFactory: Connecting to /dev/socket/pdx/system/performance/client
2019-03-19 11:11:47.806 3586-3629/? D/libpdx_uds: ClientChannelFactory: Connected successfully to /dev/socket/pdx/system/performance/client...
2019-03-19 11:11:47.807 624-624/? D/libpdx: PerformanceService::OnChannelOpen: pid=3586 cid=19
2019-03-19 11:11:47.807 624-624/? I/performanced: PerformanceService::OnSetSchedulerPolicy: task_id=3629 scheduler_policy=vr:app:render
2019-03-19 11:11:47.808 624-624/? I/performanced: SetVrAppRenderThread old=3218 new=3629
2019-03-19 11:11:47.808 624-624/? I/performanced: PerformanceService::OnSetSchedulerPolicy: Using cpuset=/application/performance
2019-03-19 11:11:47.808 624-624/? W/libpdx_uds: RecvMsgAll: Socket has been shut down
2019-03-19 11:11:47.808 624-624/? D/libpdx: PerformanceService::OnChannelClose: pid=-1 cid=19
2019-03-19 11:11:47.929 3586-3602/? W/Unity: Using Raycaster (Raycaster: UnityEngine.UI.GraphicRaycaster, Object: Canvas). It is recommended to use GvrPointerPhysicsRaycaster or GvrPointerGrahpicRaycaster with GvrPointerInputModule. (Filename: ./Runtime/Export/Debug.bindings.h Line: 45)
2019-03-19 11:11:48.556 3586-3602/? I/chatty: uid=10076(com.bds.ymtcpsvr) UnityMain identical 48 lines
2019-03-19 11:11:48.569 3586-3602/? W/Unity: Using Raycaster (Raycaster: UnityEngine.UI.GraphicRaycaster, Object: Canvas). It is recommended to use GvrPointerPhysicsRaycaster or GvrPointerGrahpicRaycaster with GvrPointerInputModule. (Filename: ./Runtime/Export/Debug.bindings.h Line: 45)
2019-03-19 11:11:48.581 1635-2773/? I/BeaconBle: Client requested scan, settings=BleSettings [scanMode=ZERO_POWER, callbackType=ALL_MATCHES, reportDelayMillis=0, 5 filters, 1 clients, callingClientName=Nearby]
2019-03-19 11:11:48.583 3586-3602/? W/Unity: Using Raycaster (Raycaster: UnityEngine.UI.GraphicRaycaster, Object: Canvas). It is recommended to use GvrPointerPhysicsRaycaster or GvrPointerGrahpicRaycaster with GvrPointerInputModule. (Filename: ./Runtime/Export/Debug.bindings.h Line: 45)
2019-03-19 11:11:48.590 1635-2773/? I/BeaconBle: Stopping scan on delegate scanner. BT state: 12
2019-03-19 11:11:48.590 1635-2773/? D/BluetoothAdapter: isLeEnabled(): ON
2019-03-19 11:11:48.593 1635-2773/? I/BeaconBle: Resetting - new scanner available: true
2019-03-19 11:11:48.596 1635-2773/? I/BeaconBle: 'L' hardware scan: 5 filters, scanMode=-1, reportdelay=0, callback type=1, #clients=1, workSource=WorkSource{10013 com.google.android.gms}
2019-03-19 11:11:48.596 3586-3602/? W/Unity: Using Raycaster (Raycaster: UnityEngine.UI.GraphicRaycaster, Object: Canvas). It is recommended to use GvrPointerPhysicsRaycaster or GvrPointerGrahpicRaycaster with GvrPointerInputModule. (Filename: ./Runtime/Export/Debug.bindings.h Line: 45)
2019-03-19 11:11:48.597 1635-2773/? I/BeaconBle: Starting scan on OS scanner. BT state: 12
2019-03-19 11:11:48.598 1635-2773/? D/BluetoothAdapter: isLeEnabled(): ON
2019-03-19 11:11:48.600 1635-2423/? D/BluetoothLeScanner: onScannerRegistered() - status=0 scannerId=6 mScannerId=0
2019-03-19 11:11:48.604 1168-1577/? E/bt_btm: BTM_BleObserve Observe Already Active
2019-03-19 11:11:48.604 1168-1577/? W/bt_btif: bta_dm_ble_observe BTM_BleObserve failed. status 6
2019-03-19 11:11:48.610 3586-3602/? W/Unity: Using Raycaster (Raycaster: UnityEngine.UI.GraphicRaycaster, Object: Canvas). It is recommended to use GvrPointerPhysicsRaycaster or GvrPointerGrahpicRaycaster with GvrPointerInputModule. (Filename: ./Runtime/Export/Debug.bindings.h Line: 45)
2019-03-19 11:11:49.906 3586-3602/? I/chatty: uid=10076(com.bds.ymtcpsvr) UnityMain identical 97 lines
2019-03-19 11:11:49.922 3586-3602/? W/Unity: Using Raycaster (Raycaster: UnityEngine.UI.GraphicRaycaster, Object: Canvas). It is recommended to use GvrPointerPhysicsRaycaster or GvrPointerGrahpicRaycaster with GvrPointerInputModule. (Filename: ./Runtime/Export/Debug.bindings.h Line: 45)
2019-03-19 11:11:49.923 3586-3602/? I/Unity: done (Filename: ./Runtime/Export/Debug.bindings.h Line: 45)
2019-03-19 11:11:55.835 1064-1288/? I/ActivityManager: Killing 2781:com.qualcomm.timeservice/u0a52 (adj 906): empty #17
2019-03-19 11:11:55.835 1064-1288/? I/ActivityManager: Killing 2654:com.google.android.gms.ui/u0a13 (adj 906): empty #18
2019-03-19 11:11:53.641 3586-3602/? I/Unity: done (Filename: ./Runtime/Export/Debug.bindings.h Line: 45)
2019-03-19 11:11:55.836 1064-1080/? W/zygote64: kill(-2781, 9) failed: No such process
2019-03-19 11:11:55.880 1064-1080/? W/zygote64: kill(-2781, 9) failed: No such process
2019-03-19 11:11:55.880 1064-1080/? I/zygote64: Successfully killed process cgroup uid 10052 pid 2781 in 44ms
2019-03-19 11:11:55.880 1064-1080/? W/zygote64: kill(-2654, 9) failed: No such process
2019-03-19 11:11:55.880 1064-1080/? I/zygote64: Successfully killed process cgroup uid 10013 pid 2654 in 0ms
2019-03-19 11:11:56.327 3586-3602/? I/Unity: done (Filename: ./Runtime/Export/Debug.bindings.h Line: 45)
2019-03-19 11:11:56.353 3586-3602/? I/Unity: KK ExistsOnDevice (Filename: ./Runtime/Export/Debug.bindings.h Line: 45)
2019-03-19 11:11:56.354 3586-3602/? I/Unity: KK ExistsOnDevice (Filename: ./Runtime/Export/Debug.bindings.h Line: 45)
2019-03-19 11:11:56.357 3586-3602/? I/Unity: AuthorizationStatusFetchedauthorized (Filename: ./Runtime/Export/Debug.bindings.h Line: 45)
2019-03-19 11:11:56.359 3586-3602/? I/Unity: AuthorizationStatusFetchedauthorized (Filename: ./Runtime/Export/Debug.bindings.h Line: 45)
2019-03-19 11:11:56.869 1446-1646/? I/native: stationary_detector.cc:202 SensorFusion: Enter stationary state. Stability time: 10
2019-03-19 11:11:57.528 3586-3602/? W/Unity: Your current multi-scene setup has inconsistent Lighting settings which may lead to different lighting when loading scenes individually or in a different order! Consider homogenizing the following: 2/3 scenes have different Realtime GI settings. 1/3 scenes use different skyboxes. (Filename: Line: 123)
2019-03-19 11:11:57.631 3586-3602/? W/Unity: Using Raycaster (Raycaster: UnityEngine.UI.GraphicRaycaster, Object: Canvas). It is recommended to use GvrPointerPhysicsRaycaster or GvrPointerGrahpicRaycaster with GvrPointerInputModule. (Filename: ./Runtime/Export/Debug.bindings.h Line: 45)
2019-03-19 11:11:57.631 3586-3602/? I/Unity: enter (Filename: ./Runtime/Export/Debug.bindings.h Line: 45)
2019-03-19 11:11:57.871 3586-3602/? W/Unity: Using Raycaster (Raycaster: UnityEngine.UI.GraphicRaycaster, Object: Canvas). It is recommended to use GvrPointerPhysicsRaycaster or GvrPointerGrahpicRaycaster with GvrPointerInputModule. (Filename: ./Runtime/Export/Debug.bindings.h Line: 45)
2019-03-19 11:11:59.759 3586-3602/? I/chatty: uid=10076(com.bds.ymtcpsvr) UnityMain identical 141 lines
2019-03-19 11:11:59.772 3586-3602/? W/Unity: Using Raycaster (Raycaster: UnityEngine.UI.GraphicRaycaster, Object: Canvas). It is recommended to use GvrPointerPhysicsRaycaster or GvrPointerGrahpicRaycaster with GvrPointerInputModule. (Filename: ./Runtime/Export/Debug.bindings.h Line: 45)
2019-03-19 11:11:59.773 3586-3602/? I/Unity: interView (CatFrontView) (Filename: ./Runtime/Export/Debug.bindings.h Line: 45)
2019-03-19 11:11:59.785 3586-3602/? W/Unity: Using Raycaster (Raycaster: UnityEngine.UI.GraphicRaycaster, Object: Canvas). It is recommended to use GvrPointerPhysicsRaycaster or GvrPointerGrahpicRaycaster with GvrPointerInputModule. (Filename: ./Runtime/Export/Debug.bindings.h Line: 45)
2019-03-19 11:12:00.214 3586-3602/? I/chatty: uid=10076(com.bds.ymtcpsvr) UnityMain identical 32 lines
2019-03-19 11:12:00.227 3586-3602/? W/Unity: Using Raycaster (Raycaster: UnityEngine.UI.GraphicRaycaster, Object: Canvas). It is recommended to use GvrPointerPhysicsRaycaster or GvrPointerGrahpicRaycaster with GvrPointerInputModule. (Filename: ./Runtime/Export/Debug.bindings.h Line: 45)
2019-03-19 11:12:00.249 621-636/? E/Sensors: sns_debug_main.c(160):Debug Timer Callback called
2019-03-19 11:12:00.251 3586-3602/? W/Unity: Using Raycaster (Raycaster: UnityEngine.UI.GraphicRaycaster, Object: Canvas). It is recommended to use GvrPointerPhysicsRaycaster or GvrPointerGrahpicRaycaster with GvrPointerInputModule. (Filename: ./Runtime/Export/Debug.bindings.h Line: 45)
2019-03-19 11:12:01.509 3586-3602/? I/chatty: uid=10076(com.bds.ymtcpsvr) UnityMain identical 94 lines
2019-03-19 11:12:01.523 3586-3602/? W/Unity: Using Raycaster (Raycaster: UnityEngine.UI.GraphicRaycaster, Object: Canvas). It is recommended to use GvrPointerPhysicsRaycaster or GvrPointerGrahpicRaycaster with GvrPointerInputModule. (Filename: ./Runtime/Export/Debug.bindings.h Line: 45)
2019-03-19 11:12:01.523 3586-3602/? I/Unity: interView (CatFrontView) (Filename: ./Runtime/Export/Debug.bindings.h Line: 45)
2019-03-19 11:12:01.538 3586-3602/? I/Unity: exit (Filename: ./Runtime/Export/Debug.bindings.h Line: 45)
2019-03-19 11:12:01.630 3586-3591/? I/zygote: Do partial code cache collection, code=30KB, data=23KB
2019-03-19 11:12:01.630 3586-3591/? I/zygote: After code cache collection, code=30KB, data=23KB
2019-03-19 11:12:01.631 3586-3591/? I/zygote: Increasing code cache capacity to 128KB
2019-03-19 11:12:02.067 1446-1654/? I/native: stationary_detector.cc:188 SensorFusion: Exit stationary state: Gyro HP:0 Acc HP: 0 Gyro Norm: 1
2019-03-19 11:12:05.230 2023-3677/? I/Authzen: [DeviceStateSyncManager] Skipping sync since last one was 22674ms ago.
2019-03-19 11:12:05.233 2208-2208/? I/Finsky: [2] com.google.android.finsky.scheduler.JobSchedulerEngine$PhoneskyJobSchedulerJobService.onStartJob(3): onJobSchedulerWakeup with jobId 9004
2019-03-19 11:12:05.236 2208-2208/? I/Finsky: [2] pgc.a(21): Scheduling fallback job with id: 9034, and delay: 43200000 ms
2019-03-19 11:12:05.239 2208-2208/? I/Finsky: [2] pgc.a(5): Scheduling fallback in 64799999 (absolute: 64867717)
2019-03-19 11:12:05.241 2208-2208/? I/Finsky: [2] com.google.android.finsky.scheduler.JobSchedulerEngine$PhoneskyJobSchedulerJobService.onStartJob(3): onJobSchedulerWakeup with jobId 9003
2019-03-19 11:12:05.243 2208-2208/? I/Finsky: [2] pgc.a(21): Scheduling fallback job with id: 9034, and delay: 43200000 ms
2019-03-19 11:12:05.246 2208-2208/? I/Finsky: [2] pgc.a(5): Scheduling fallback in 64799999 (absolute: 64867724)
2019-03-19 11:12:05.248 2208-2208/? W/Finsky: [2] com.google.android.finsky.scheduler.JobSchedulerEngine$PhoneskyJobSchedulerJobService.onStartJob(6): onJobSchedulerWakeup while already running
2019-03-19 11:12:05.271 2208-2208/? I/Finsky: [2] pgk.handleMessage(10): DeviceState: DeviceState{currentTime=1552965125268, isCharging=true, isIdle=false, netAny=true, netNotRoaming=true, netUnmetered=true}
2019-03-19 11:12:05.276 1064-2142/? D/WificondControl: Scan result ready event
2019-03-19 11:12:05.278 1064-1145/? D/WificondScannerImpl: Filtering out 8 scan results.
2019-03-19 11:12:05.279 2208-3679/? I/Finsky: [109] phq.b(7): Jobs in database: 1-1337 3-37 10-1 10-3 10-4 10-6 10-7 10-8 10-10 10-11 10-12 10-14 10-15 10-16 10-18 10-20 10-22 10-24 10-25 10-26 10-27 10-28 10-29 10-30 10-31 10-36 10-38 10-39 10-40 10-41 10-42 10-44 10-46 10-48 10-50 10-55 10-57 21-333333333 26-1414141414
2019-03-19 11:12:05.282 2208-2208/? I/Finsky: [2] pgf.a(45): Running job: 3-37
2019-03-19 11:12:05.284 2208-2208/? I/Finsky: [2] pgf.a(45): Running job: 10-1
2019-03-19 11:12:05.286 2208-2208/? I/Finsky: [2] pgf.a(45): Running job: 10-3
2019-03-19 11:12:05.287 2208-2208/? I/Finsky: [2] pgf.a(45): Running job: 10-4
2019-03-19 11:12:05.290 2208-2208/? I/Finsky: [2] pgk.handleMessage(81): RunningQueue size: 4, PendingQueue size: 33
2019-03-19 11:12:05.291 2208-2208/? I/Finsky: [2] pgk.handleMessage(90): Running queue: 3-37 10-1 10-3 10-4
2019-03-19 11:12:05.291 2208-3682/? I/Finsky: [112] phl.b(15): jobFinished: 10-3. TimeElapsed: 5ms
2019-03-19 11:12:05.291 2208-2208/? I/Finsky: [2] khr.a(6): Connection has changed false
2019-03-19 11:12:05.291 2208-2208/? I/Finsky: [2] com.google.android.finsky.installqueue.impl.InstallQueuePhoneskyJob.b(9): Start job 37
2019-03-19 11:12:05.293 2208-2208/? I/Finsky: [2] pgf.a(10): Job 3-37 finished
2019-03-19 11:12:05.294 2208-2208/? I/Finsky: [2] pgf.a(10): Job 10-3 finished
2019-03-19 11:12:05.294 2208-3681/? W/Settings: Setting install_non_market_apps has moved from android.provider.Settings.Global to android.provider.Settings.Secure, returning read-only value.
2019-03-19 11:12:05.296 2208-2208/? I/Finsky: [2] pgf.a(45): Running job: 10-6
2019-03-19 11:12:05.296 2208-3681/? W/Settings: Setting download_manager_max_bytes_over_mobile has moved from android.provider.Settings.Secure to android.provider.Settings.Global.
2019-03-19 11:12:05.300 2208-2208/? I/Finsky: [2] pgf.a(45): Running job: 10-7
2019-03-19 11:12:05.301 2208-2208/? I/Finsky: [2] pgk.handleMessage(81): RunningQueue size: 4, PendingQueue size: 31
2019-03-19 11:12:05.301 2208-2208/? I/Finsky: [2] pgk.handleMessage(90): Running queue: 10-1 10-4 10-6 10-7
2019-03-19 11:12:05.301 2208-2208/? I/Finsky: [2] pgk.handleMessage(91): Running maximum number of jobs: 4
2019-03-19 11:12:05.302 2208-3682/? I/Finsky: [112] phl.b(15): jobFinished: 10-7. TimeElapsed: 2ms
2019-03-19 11:12:05.302 2208-2208/? I/Finsky: [2] pgf.a(10): Job 10-7 finished
2019-03-19 11:12:05.303 2208-2208/? I/Finsky: [2] pgf.a(45): Running job: 10-8
2019-03-19 11:12:05.304 2208-2208/? I/Finsky: [2] pgk.handleMessage(81): RunningQueue size: 4, PendingQueue size: 30
2019-03-19 11:12:05.304 2208-2208/? I/Finsky: [2] pgk.handleMessage(90): Running queue: 10-1 10-4 10-6 10-8
2019-03-19 11:12:05.312 2208-3004/? I/Finsky: [97] kfr.b(38): 1 scheduled requests found
2019-03-19 11:12:05.324 2208-3683/? I/Finsky: [113] phl.b(15): jobFinished: 10-4. TimeElapsed: 37ms
2019-03-19 11:12:05.325 2208-2208/? I/Finsky: [2] pgf.a(10): Job 10-4 finished
2019-03-19 11:12:05.326 2208-2208/? I/Finsky: [2] pgf.a(45): Running job: 10-10
2019-03-19 11:12:05.328 2208-2208/? I/Finsky: [2] pgk.handleMessage(81): RunningQueue size: 4, PendingQueue size: 29
2019-03-19 11:12:05.328 2208-2208/? I/Finsky: [2] pgk.handleMessage(90): Running queue: 10-1 10-6 10-8 10-10
2019-03-19 11:12:05.330 2208-3683/? I/Finsky: [113] phl.b(15): jobFinished: 10-10. TimeElapsed: 4ms
2019-03-19 11:12:05.331 2208-2208/? I/Finsky: [2] pgf.a(10): Job 10-10 finished
2019-03-19 11:12:05.332 2208-2208/? I/Finsky: [2] pgf.a(45): Running job: 10-11
2019-03-19 11:12:05.334 2208-2208/? I/Finsky: [2] pgk.handleMessage(81): RunningQueue size: 4, PendingQueue size: 28
2019-03-19 11:12:05.335 2208-3683/? I/Finsky: [113] com.google.android.finsky.splitinstallservice.SplitInstallCleanerHygieneJob.a(3): Running split install cleaner
2019-03-19 11:12:05.335 2208-2208/? I/Finsky: [2] pgk.handleMessage(90): Running queue: 10-1 10-6 10-8 10-11
2019-03-19 11:12:05.342 2208-2291/? I/Finsky: [55] txk.a(46): Verifying installed packages
2019-03-19 11:12:05.348 2208-2208/? I/Finsky: [2] khg.a(1): Requesting install request=package_name=com.google.android.apps.photos, version=3339061, priority=3, reason=auto_update, account_name=[McxGcFAuTIRuPmOfNUYSmm0jxhQ], type=0, constraints=((REQ_CHARGING, REQ_GEARHEAD_PROJECTION_OFF, NETWORK=UNMETERED, PROVISIONING_STATE=PROVISIONED, ),)
2019-03-19 11:12:05.350 2208-2208/? I/Finsky: [2] jwz.a(139): Request install of com.google.android.apps.photos v=3339061 pri=3 mods=[] for auto_update
2019-03-19 11:12:05.366 2208-3683/? I/Finsky: [113] com.google.android.finsky.splitinstallservice.SplitInstallCleanerHygieneJob.a(18): Removed 0 obsolete sessions.
2019-03-19 11:12:05.369 2208-2208/? I/Finsky: [2] jwz.a(277): Installer kick - starting com.google.android.apps.photos, activeTasks={}
2019-03-19 11:12:05.371 2208-3683/? I/Finsky: [113] com.google.android.finsky.splitinstallservice.SplitInstallCleanerHygieneJob.a(24): Removed 0 corrupted downloaded sessions.
2019-03-19 11:12:05.378 2208-2264/? I/Finsky: [38] jvm.a(34): Preloads directory was not found.
2019-03-19 11:12:05.379 2208-2208/? I/Finsky: [2] jzo.a(162): isInstantAppSplitOnlyInstall false
2019-03-19 11:12:05.401 2208-2208/? W/ResourceType: ResTable_typeSpec entry count inconsistent: given 1310, previously 1357
2019-03-19 11:12:05.402 2208-3683/? I/Finsky: [113] com.google.android.finsky.splitinstallservice.SplitInstallCleanerHygieneJob.a(41): Finished completion of 0 out of 0 sessions. Successful: 0. Failed: 0.
2019-03-19 11:12:05.407 2208-3683/? E/Finsky: [113] qgq.a(3): Can't schedule deferred install. No modules found.
2019-03-19 11:12:05.416 2208-3689/? I/Finsky: [119] jvy.doInBackground(4): File-by-File compatibility check result: true
2019-03-19 11:12:05.417 2208-3683/? I/Finsky: [113] phl.b(15): jobFinished: 10-11. TimeElapsed: 85ms
2019-03-19 11:12:05.420 2208-2208/? I/Finsky: [2] pgf.a(10): Job 10-11 finished
2019-03-19 11:12:05.423 2208-2208/? I/Finsky: [2] pgf.a(45): Running job: 10-12
2019-03-19 11:12:05.424 2208-2208/? I/Finsky: [2] pgk.handleMessage(81): RunningQueue size: 4, PendingQueue size: 27
2019-03-19 11:12:05.424 2208-2208/? I/Finsky: [2] pgk.handleMessage(90): Running queue: 10-1 10-6 10-8 10-12
2019-03-19 11:12:05.424 2208-3683/? I/Finsky: [113] isx.a(3): Flushing event logs for [McxGcFAuTIRuPmOfNUYSmm0jxhQ]
2019-03-19 11:12:05.427 2208-2282/? I/PlayCommon: [50] acwd.d(22): Preparing logs for uploading
2019-03-19 11:12:05.434 2208-2282/? I/PlayCommon: [50] acwd.d(208): Connecting to server for timestamp: https://play.googleapis.com/play/log/timestamp
2019-03-19 11:12:05.597 2208-2282/? I/PlayCommon: [50] acwd.d(113): Connecting to server: https://play.googleapis.com/play/log?format=raw&proto_v2=true
2019-03-19 11:12:05.600 2208-2208/? I/Finsky: [2] jzo.a(391): Required downloads: [com.google.android.apps.photos, ..split.config.xxhdpi, ..split.config.zh, ..split.config.en]
2019-03-19 11:12:05.622 2208-2372/? I/Finsky: [85] ndm.run(2): Session for com.google.android.apps.photos already exists, skipping creation
2019-03-19 11:12:05.688 2208-2208/? I/Finsky: [2] gyn.a(1): Device configuration updated successfully.
2019-03-19 11:12:05.688 2208-3685/? I/Finsky: [115] phl.b(15): jobFinished: 10-6. TimeElapsed: 392ms
2019-03-19 11:12:05.689 2208-2208/? I/Finsky: [2] pgf.a(10): Job 10-6 finished
2019-03-19 11:12:05.690 2208-2208/? I/Finsky: [2] pgf.a(45): Running job: 10-14
2019-03-19 11:12:05.691 2208-2208/? I/Finsky: [2] pgk.handleMessage(81): RunningQueue size: 4, PendingQueue size: 26
2019-03-19 11:12:05.691 2208-2208/? I/Finsky: [2] pgk.handleMessage(90): Running queue: 10-1 10-8 10-12 10-14
2019-03-19 11:12:05.692 2208-3685/? I/Finsky: [115] com.google.android.finsky.instantappsstatussynchygiene.InstantAppsEnabledStatusSyncHygieneJob.a(4): Instant App status sync triggered from migrated hygiene.
2019-03-19 11:12:05.693 2208-3685/? I/Finsky: [115] com.google.android.finsky.instantappsstatussynchygiene.InstantAppsEnabledStatusSyncHygieneJob.a(8): Enqueue status sync job.
2019-03-19 11:12:05.701 2208-3685/? I/Finsky: [115] phl.b(15): jobFinished: 10-14. TimeElapsed: 11ms
2019-03-19 11:12:05.702 2208-2208/? I/Finsky: [2] pgf.a(10): Job 10-14 finished
2019-03-19 11:12:05.702 2208-2208/? I/Finsky: [2] pgf.a(45): Running job: 10-15
2019-03-19 11:12:05.703 2208-2208/? I/Finsky: [2] pgk.handleMessage(81): RunningQueue size: 4, PendingQueue size: 25
2019-03-19 11:12:05.704 2208-2208/? I/Finsky: [2] pgk.handleMessage(90): Running queue: 10-1 10-8 10-12 10-15
2019-03-19 11:12:05.718 2955-3696/? I/Finsky:instant_app_inst: [60] com.google.android.finsky.instantapps.statussync.EnabledStatusSyncService.a(1): Running status sync job.
2019-03-19 11:12:05.742 2208-2282/? I/PlayCommon: [50] acwd.d(164): Successfully uploaded logs.
2019-03-19 11:12:05.749 2208-3683/? I/Finsky: [113] phl.b(15): jobFinished: 10-12. TimeElapsed: 327ms
2019-03-19 11:12:05.750 2208-2208/? E/Finsky: [2] qoh.a(14): Failed to get status for package 'com.mlb.AtBatVR' (1601) java.lang.reflect.InvocationTargetException
at java.lang.reflect.Method.invoke(Native Method)
at nhj.run(Unknown Source:3)
at android.os.Handler.handleCallback(Handler.java:789)
at android.os.Handler.dispatchMessage(Handler.java:98)
at android.os.Looper.loop(Looper.java:164)
at android.os.HandlerThread.run(HandlerThread.java:65)
Caused by: android.content.pm.PackageManager$NameNotFoundException: com.mlb.AtBatVR
at java.lang.reflect.Constructor.newInstance0(Native Method)
at java.lang.reflect.Constructor.newInstance(Constructor.java:334)
at android.os.ParcelableException.readFromParcel(ParcelableException.java:56)
at android.os.ParcelableException$1.createFromParcel(ParcelableException.java:82)
at android.os.ParcelableException$1.createFromParcel(ParcelableException.java:80)
at android.os.Parcel.readParcelable(Parcel.java:2780)
at android.os.Parcel.readException(Parcel.java:1939)
at android.os.Parcel.readException(Parcel.java:1890)
at android.app.usage.IStorageStatsManager$Stub$Proxy.queryStatsForPackage(IStorageStatsManager.java:316)
at android.app.usage.StorageStatsManager.queryStatsForPackage(StorageStatsManager.java:199)
at java.lang.reflect.Method.invoke(Native Method) 
at nhj.run(Unknown Source:3) 
at android.os.Handler.handleCallback(Handler.java:789) 
at android.os.Handler.dispatchMessage(Handler.java:98) 
at android.os.Looper.loop(Looper.java:164) 
at android.os.HandlerThread.run(HandlerThread.java:65) 
2019-03-19 11:12:05.750 2208-2208/? E/Finsky: [2] qoh.a(10): Error getting stats java.lang.reflect.InvocationTargetException
at java.lang.reflect.Method.invoke(Native Method)
at nhj.run(Unknown Source:3)
at android.os.Handler.handleCallback(Handler.java:789)
at android.os.Handler.dispatchMessage(Handler.java:98)
at android.os.Looper.loop(Looper.java:164)
at android.os.HandlerThread.run(HandlerThread.java:65)
Caused by: android.content.pm.PackageManager$NameNotFoundException: com.mlb.AtBatVR
at java.lang.reflect.Constructor.newInstance0(Native Method)
at java.lang.reflect.Constructor.newInstance(Constructor.java:334)
at android.os.ParcelableException.readFromParcel(ParcelableException.java:56)
at android.os.ParcelableException$1.createFromParcel(ParcelableException.java:82)
at android.os.ParcelableException$1.createFromParcel(ParcelableException.java:80)
at android.os.Parcel.readParcelable(Parcel.java:2780)
at android.os.Parcel.readException(Parcel.java:1939)
at android.os.Parcel.readException(Parcel.java:1890)
at android.app.usage.IStorageStatsManager$Stub$Proxy.queryStatsForPackage(IStorageStatsManager.java:316)
at android.app.usage.StorageStatsManager.queryStatsForPackage(StorageStatsManager.java:199)
at java.lang.reflect.Method.invoke(Native Method) 
at nhj.run(Unknown Source:3) 
at android.os.Handler.handleCallback(Handler.java:789) 
at android.os.Handler.dispatchMessage(Handler.java:98) 
at android.os.Looper.loop(Looper.java:164) 
at android.os.HandlerThread.run(HandlerThread.java:65) 
2019-03-19 11:12:05.752 2208-2208/? I/Finsky: [2] pgf.a(10): Job 10-12 finished
2019-03-19 11:12:05.752 2208-2208/? I/Finsky: [2] pgf.a(45): Running job: 10-16
2019-03-19 11:12:05.753 2208-2208/? I/Finsky: [2] pgk.handleMessage(81): RunningQueue size: 4, PendingQueue size: 24
2019-03-19 11:12:05.753 2208-2208/? I/Finsky: [2] pgk.handleMessage(90): Running queue: 10-1 10-8 10-15 10-16
2019-03-19 11:12:05.759 2208-3683/? I/Finsky: [113] phl.b(15): jobFinished: 10-16. TimeElapsed: 1ms
2019-03-19 11:12:05.762 2208-2208/? I/Finsky: [2] pgf.a(10): Job 10-16 finished
2019-03-19 11:12:05.762 2208-2208/? I/Finsky: [2] pgf.a(45): Running job: 10-18
2019-03-19 11:12:05.763 2208-2208/? I/Finsky: [2] pgk.handleMessage(81): RunningQueue size: 4, PendingQueue size: 23
2019-03-19 11:12:05.763 2208-2208/? I/Finsky: [2] pgk.handleMessage(90): Running queue: 10-1 10-8 10-15 10-18
2019-03-19 11:12:05.768 2208-3683/? I/Finsky: [113] phl.b(15): jobFinished: 10-18. TimeElapsed: 6ms
2019-03-19 11:12:05.770 2208-2208/? E/Finsky: [2] qoh.a(14): Failed to get status for package 'com.doodlemobile.rollercoaster' (1601) java.lang.reflect.InvocationTargetException
at java.lang.reflect.Method.invoke(Native Method)
at nhj.run(Unknown Source:3)
at android.os.Handler.handleCallback(Handler.java:789)
at android.os.Handler.dispatchMessage(Handler.java:98)
at android.os.Looper.loop(Looper.java:164)
at android.os.HandlerThread.run(HandlerThread.java:65)
Caused by: android.content.pm.PackageManager$NameNotFoundException: com.doodlemobile.rollercoaster
at java.lang.reflect.Constructor.newInstance0(Native Method)
at java.lang.reflect.Constructor.newInstance(Constructor.java:334)
at android.os.ParcelableException.readFromParcel(ParcelableException.java:56)
at android.os.ParcelableException$1.createFromParcel(ParcelableException.java:82)
at android.os.ParcelableException$1.createFromParcel(ParcelableException.java:80)
at android.os.Parcel.readParcelable(Parcel.java:2780)
at android.os.Parcel.readException(Parcel.java:1939)
at android.os.Parcel.readException(Parcel.java:1890)
at android.app.usage.IStorageStatsManager$Stub$Proxy.queryStatsForPackage(IStorageStatsManager.java:316)
at android.app.usage.StorageStatsManager.queryStatsForPackage(StorageStatsManager.java:199)
at java.lang.reflect.Method.invoke(Native Method) 
at nhj.run(Unknown Source:3) 
at android.os.Handler.handleCallback(Handler.java:789) 
at android.os.Handler.dispatchMessage(Handler.java:98) 
at android.os.Looper.loop(Looper.java:164) 
at android.os.HandlerThread.run(HandlerThread.java:65) 
2019-03-19 11:12:05.771 2208-2208/? E/Finsky: [2] qoh.a(10): Error getting stats java.lang.reflect.InvocationTargetException
at java.lang.reflect.Method.invoke(Native Method)
at nhj.run(Unknown Source:3)
at android.os.Handler.handleCallback(Handler.java:789)
at android.os.Handler.dispatchMessage(Handler.java:98)
at android.os.Looper.loop(Looper.java:164)
at android.os.HandlerThread.run(HandlerThread.java:65)
Caused by: android.content.pm.PackageManager$NameNotFoundException: com.doodlemobile.rollercoaster
at java.lang.reflect.Constructor.newInstance0(Native Method)
at java.lang.reflect.Constructor.newInstance(Constructor.java:334)
at android.os.ParcelableException.readFromParcel(ParcelableException.java:56)
at android.os.ParcelableException$1.createFromParcel(ParcelableException.java:82)
at android.os.ParcelableException$1.createFromParcel(ParcelableException.java:80)
at android.os.Parcel.readParcelable(Parcel.java:2780)
at android.os.Parcel.readException(Parcel.java:1939)
at android.os.Parcel.readException(Parcel.java:1890)
at android.app.usage.IStorageStatsManager$Stub$Proxy.queryStatsForPackage(IStorageStatsManager.java:316)
at android.app.usage.StorageStatsManager.queryStatsForPackage(StorageStatsManager.java:199)
at java.lang.reflect.Method.invoke(Native Method) 
at nhj.run(Unknown Source:3) 
at android.os.Handler.handleCallback(Handler.java:789) 
at android.os.Handler.dispatchMessage(Handler.java:98) 
at android.os.Looper.loop(Looper.java:164) 
at android.os.HandlerThread.run(HandlerThread.java:65) 
2019-03-19 11:12:05.771 2208-2208/? I/Finsky: [2] pgf.a(10): Job 10-18 finished
2019-03-19 11:12:05.772 2208-2208/? I/Finsky: [2] pgf.a(45): Running job: 10-20
2019-03-19 11:12:05.774 2208-2208/? I/Finsky: [2] pgk.handleMessage(81): RunningQueue size: 4, PendingQueue size: 22
2019-03-19 11:12:05.774 2208-2208/? I/Finsky: [2] pgk.handleMessage(90): Running queue: 10-1 10-8 10-15 10-20
2019-03-19 11:12:05.776 2208-3683/? I/Finsky: [113] com.google.android.finsky.setup.DeferredVpaNotificationHygieneJob.a(12): Should not show workaround PAI step because experiment disabled
2019-03-19 11:12:05.776 2208-3683/? I/Finsky: [113] phl.b(15): jobFinished: 10-20. TimeElapsed: 4ms
2019-03-19 11:12:05.776 2208-2208/? E/Finsky: [2] qoh.a(14): Failed to get status for package 'xyz.skybox.player' (1601) java.lang.reflect.InvocationTargetException
at java.lang.reflect.Method.invoke(Native Method)
at nhj.run(Unknown Source:3)
at android.os.Handler.handleCallback(Handler.java:789)
at android.os.Handler.dispatchMessage(Handler.java:98)
at android.os.Looper.loop(Looper.java:164)
at android.os.HandlerThread.run(HandlerThread.java:65)
Caused by: android.content.pm.PackageManager$NameNotFoundException: xyz.skybox.player
at java.lang.reflect.Constructor.newInstance0(Native Method)
at java.lang.reflect.Constructor.newInstance(Constructor.java:334)
at android.os.ParcelableException.readFromParcel(ParcelableException.java:56)
at android.os.ParcelableException$1.createFromParcel(ParcelableException.java:82)
at android.os.ParcelableException$1.createFromParcel(ParcelableException.java:80)
at android.os.Parcel.readParcelable(Parcel.java:2780)
at android.os.Parcel.readException(Parcel.java:1939)
at android.os.Parcel.readException(Parcel.java:1890)
at android.app.usage.IStorageStatsManager$Stub$Proxy.queryStatsForPackage(IStorageStatsManager.java:316)
at android.app.usage.StorageStatsManager.queryStatsForPackage(StorageStatsManager.java:199)
at java.lang.reflect.Method.invoke(Native Method) 
at nhj.run(Unknown Source:3) 
at android.os.Handler.handleCallback(Handler.java:789) 
at android.os.Handler.dispatchMessage(Handler.java:98) 
at android.os.Looper.loop(Looper.java:164) 
at android.os.HandlerThread.run(HandlerThread.java:65) 
2019-03-19 11:12:05.777 2208-2208/? E/Finsky: [2] qoh.a(10): Error getting stats java.lang.reflect.InvocationTargetException
at java.lang.reflect.Method.invoke(Native Method)
at nhj.run(Unknown Source:3)
at android.os.Handler.handleCallback(Handler.java:789)
at android.os.Handler.dispatchMessage(Handler.java:98)
at android.os.Looper.loop(Looper.java:164)
at android.os.HandlerThread.run(HandlerThread.java:65)
Caused by: android.content.pm.PackageManager$NameNotFoundException: xyz.skybox.player
at java.lang.reflect.Constructor.newInstance0(Native Method)
at java.lang.reflect.Constructor.newInstance(Constructor.java:334)
at android.os.ParcelableException.readFromParcel(ParcelableException.java:56)
at android.os.ParcelableException$1.createFromParcel(ParcelableException.java:82)
at android.os.ParcelableException$1.createFromParcel(ParcelableException.java:80)
at android.os.Parcel.readParcelable(Parcel.java:2780)
at android.os.Parcel.readException(Parcel.java:1939)
at android.os.Parcel.readException(Parcel.java:1890)
at android.app.usage.IStorageStatsManager$Stub$Proxy.queryStatsForPackage(IStorageStatsManager.java:316)
at android.app.usage.StorageStatsManager.queryStatsForPackage(StorageStatsManager.java:199)
at java.lang.reflect.Method.invoke(Native Method) 
at nhj.run(Unknown Source:3) 
at android.os.Handler.handleCallback(Handler.java:789) 
at android.os.Handler.dispatchMessage(Handler.java:98) 
at android.os.Looper.loop(Looper.java:164) 
at android.os.HandlerThread.run(HandlerThread.java:65) 
2019-03-19 11:12:05.777 2208-2208/? I/Finsky: [2] pgf.a(10): Job 10-20 finished
2019-03-19 11:12:05.778 2208-2208/? I/Finsky: [2] pgf.a(45): Running job: 10-22
2019-03-19 11:12:05.778 2208-2208/? I/Finsky: [2] pgk.handleMessage(81): RunningQueue size: 4, PendingQueue size: 21
2019-03-19 11:12:05.779 2208-2208/? I/Finsky: [2] pgk.handleMessage(90): Running queue: 10-1 10-8 10-15 10-22
2019-03-19 11:12:05.787 2208-3685/? I/Finsky: [115] phl.b(15): jobFinished: 10-15. TimeElapsed: 84ms
2019-03-19 11:12:05.787 2208-2208/? I/Finsky: [2] pgf.a(10): Job 10-15 finished
2019-03-19 11:12:05.788 2208-3683/? I/Finsky: [113] phl.b(15): jobFinished: 10-22. TimeElapsed: 10ms
2019-03-19 11:12:05.788 2208-2208/? I/Finsky: [2] pgf.a(45): Running job: 10-24
2019-03-19 11:12:05.788 2208-3683/? I/Finsky: [113] phl.b(15): jobFinished: 10-22. TimeElapsed: 11ms
2019-03-19 11:12:05.789 2208-2208/? I/Finsky: [2] pgk.handleMessage(81): RunningQueue size: 4, PendingQueue size: 20
2019-03-19 11:12:05.789 2208-2208/? I/Finsky: [2] pgk.handleMessage(90): Running queue: 10-1 10-8 10-22 10-24
2019-03-19 11:12:05.789 2208-2208/? I/Finsky: [2] pgf.a(10): Job 10-22 finished
2019-03-19 11:12:05.790 2208-2208/? I/Finsky: [2] pgf.a(45): Running job: 10-25
2019-03-19 11:12:05.791 2208-2208/? I/Finsky: [2] pgk.handleMessage(81): RunningQueue size: 4, PendingQueue size: 19
2019-03-19 11:12:05.791 2208-2208/? I/Finsky: [2] pgk.handleMessage(90): Running queue: 10-1 10-8 10-24 10-25
2019-03-19 11:12:05.798 1064-3678/? I/BackgroundDexOptService: Pinning optimized code {}
2019-03-19 11:12:05.821 2208-3683/? I/Finsky: [113] gzs.a(4): Scheduling UploadDynamicConfig.
2019-03-19 11:12:05.822 2208-3685/? I/Finsky: [115] phl.b(15): jobFinished: 10-25. TimeElapsed: 32ms
2019-03-19 11:12:05.823 2208-2208/? I/Finsky: [2] pgf.a(10): Job 10-25 finished
2019-03-19 11:12:05.824 2208-2208/? I/Finsky: [2] pgf.a(45): Running job: 10-26
2019-03-19 11:12:05.827 2208-2208/? I/Finsky: [2] pgk.handleMessage(81): RunningQueue size: 4, PendingQueue size: 18
2019-03-19 11:12:05.828 2208-2208/? I/Finsky: [2] pgk.handleMessage(90): Running queue: 10-1 10-8 10-24 10-26
2019-03-19 11:12:05.830 2208-3683/? I/Finsky: [113] phl.b(15): jobFinished: 10-24. TimeElapsed: 42ms
2019-03-19 11:12:05.831 2208-3683/? I/Finsky: [113] phl.b(15): jobFinished: 10-26. TimeElapsed: 7ms
2019-03-19 11:12:05.832 2208-3681/? I/Finsky: [111] phl.b(15): jobFinished: 10-1. TimeElapsed: 547ms
2019-03-19 11:12:05.835 2208-2208/? I/Finsky: [2] pgf.a(10): Job 10-24 finished
2019-03-19 11:12:05.836 2208-2208/? I/Finsky: [2] pgf.a(10): Job 10-26 finished
2019-03-19 11:12:05.836 2208-2208/? I/Finsky: [2] pgf.a(10): Job 10-1 finished
2019-03-19 11:12:05.838 2208-2208/? I/Finsky: [2] pgf.a(45): Running job: 10-27
2019-03-19 11:12:05.839 2208-2208/? I/Finsky: [2] pgf.a(45): Running job: 10-28
2019-03-19 11:12:05.840 2208-2208/? I/Finsky: [2] pgf.a(45): Running job: 10-29
2019-03-19 11:12:05.842 2208-2208/? I/Finsky: [2] pgk.handleMessage(81): RunningQueue size: 4, PendingQueue size: 15
2019-03-19 11:12:05.842 2208-2208/? I/Finsky: [2] pgk.handleMessage(90): Running queue: 10-8 10-27 10-28 10-29
2019-03-19 11:12:05.842 2208-2208/? I/Finsky: [2] pgk.handleMessage(91): Running maximum number of jobs: 4
2019-03-19 11:12:05.843 2208-2208/? I/Finsky: [2] pgk.handleMessage(91): Running maximum number of jobs: 4
2019-03-19 11:12:05.844 2208-3683/? I/Finsky: [113] phl.b(15): jobFinished: 10-27. TimeElapsed: 6ms
2019-03-19 11:12:05.845 2208-3685/? I/Finsky: [115] phl.b(15): jobFinished: 10-28. TimeElapsed: 6ms
2019-03-19 11:12:05.846 2208-3683/? I/Finsky: [113] phl.b(15): jobFinished: 10-29. TimeElapsed: 5ms
2019-03-19 11:12:05.853 2208-2208/? I/Finsky: [2] pgf.a(10): Job 10-27 finished
2019-03-19 11:12:05.854 2208-2208/? I/Finsky: [2] pgf.a(10): Job 10-28 finished
2019-03-19 11:12:05.854 2208-2208/? I/Finsky: [2] pgf.a(10): Job 10-29 finished
2019-03-19 11:12:05.856 2208-2208/? I/Finsky: [2] pgf.a(45): Running job: 10-30
2019-03-19 11:12:05.857 2208-3681/? I/Finsky: [111] phl.b(15): jobFinished: 10-30. TimeElapsed: 1ms
2019-03-19 11:12:05.857 2208-2208/? I/Finsky: [2] pgf.a(45): Running job: 10-31
2019-03-19 11:12:05.860 2208-2208/? I/Finsky: [2] pgf.a(45): Running job: 10-36
2019-03-19 11:12:05.860 2955-2955/? D/PhenotypeUpdateService: onCreate called
2019-03-19 11:12:05.861 2208-2208/? I/Finsky: [2] pgk.handleMessage(81): RunningQueue size: 4, PendingQueue size: 12
2019-03-19 11:12:05.862 2208-2208/? I/Finsky: [2] pgk.handleMessage(90): Running queue: 10-8 10-30 10-31 10-36
2019-03-19 11:12:05.862 2208-2208/? I/Finsky: [2] pgk.handleMessage(91): Running maximum number of jobs: 4
2019-03-19 11:12:05.863 2208-2208/? I/Finsky: [2] pgk.handleMessage(91): Running maximum number of jobs: 4
2019-03-19 11:12:05.863 2208-2208/? I/Finsky: [2] pgf.a(10): Job 10-30 finished
2019-03-19 11:12:05.864 2208-2208/? I/Finsky: [2] pgf.a(45): Running job: 10-38
2019-03-19 11:12:05.878 2208-2208/? I/Finsky: [2] pgk.handleMessage(81): RunningQueue size: 4, PendingQueue size: 11
2019-03-19 11:12:05.878 2208-2208/? I/Finsky: [2] pgk.handleMessage(90): Running queue: 10-8 10-31 10-36 10-38
2019-03-19 11:12:05.882 2208-3685/? I/Finsky: [115] phl.b(15): jobFinished: 10-31. TimeElapsed: 24ms
2019-03-19 11:12:05.883 2955-3697/? D/PhenotypeUpdateService: Registering with Phenotype
2019-03-19 11:12:05.886 2208-3681/? I/Finsky: [111] com.google.android.finsky.instantapps.notificationenforcement.hygiene.NotificationEnforcementCleanupHygieneJob.a(4): Instant App notification enforcement cleanup triggered from hygiene.
2019-03-19 11:12:05.894 2208-2208/? I/Finsky: [2] pgf.a(10): Job 10-31 finished
2019-03-19 11:12:05.895 2208-2208/? I/Finsky: [2] pgf.a(45): Running job: 10-39
2019-03-19 11:12:05.896 2208-3681/? I/Finsky: [111] phl.b(15): jobFinished: 10-38. TimeElapsed: 31ms
2019-03-19 11:12:05.897 2208-2208/? I/Finsky: [2] pgk.handleMessage(81): RunningQueue size: 4, PendingQueue size: 10
2019-03-19 11:12:05.897 2208-2208/? I/Finsky: [2] pgk.handleMessage(90): Running queue: 10-8 10-36 10-38 10-39
2019-03-19 11:12:05.898 2208-2208/? I/Finsky: [2] pgf.a(10): Job 10-38 finished
2019-03-19 11:12:05.898 2208-2208/? I/Finsky: [2] pgf.a(45): Running job: 10-40
2019-03-19 11:12:05.900 2208-2208/? I/Finsky: [2] pgk.handleMessage(81): RunningQueue size: 4, PendingQueue size: 9
2019-03-19 11:12:05.901 2208-2208/? I/Finsky: [2] pgk.handleMessage(90): Running queue: 10-8 10-36 10-39 10-40
2019-03-19 11:12:05.902 2208-3685/? I/Finsky: [115] phl.b(15): jobFinished: 10-40. TimeElapsed: 4ms
2019-03-19 11:12:05.903 2208-2208/? I/Finsky: [2] pgf.a(10): Job 10-40 finished
2019-03-19 11:12:05.905 2208-2208/? I/Finsky: [2] pgf.a(45): Running job: 10-41
2019-03-19 11:12:05.907 2208-2208/? I/Finsky: [2] pgk.handleMessage(81): RunningQueue size: 4, PendingQueue size: 8
2019-03-19 11:12:05.907 2208-2208/? I/Finsky: [2] pgk.handleMessage(90): Running queue: 10-8 10-36 10-39 10-41
2019-03-19 11:12:05.908 2955-3696/? I/Finsky:instant_app_inst: [60] com.google.android.finsky.instantapps.statussync.EnabledStatusSyncService.a(7): Instant App enabled status=true
2019-03-19 11:12:05.925 2208-3681/? I/Finsky: [111] com.google.android.finsky.installservice.DevTriggeredUpdateHygieneJob.a(2): Running dev-triggered-update hygiene
2019-03-19 11:12:05.935 2208-3683/? I/Finsky: [113] phl.b(15): jobFinished: 10-36. TimeElapsed: 74ms
2019-03-19 11:12:05.935 2208-3683/? I/Finsky: [113] com.google.android.finsky.instantappsarchiveprefetchhygiene.InstantAppsArchivePrefetchHygieneJob.a(4): Instant Apps archive prefetch triggered from hygiene.
2019-03-19 11:12:05.935 2208-2208/? I/Finsky: [2] pgf.a(10): Job 10-36 finished
2019-03-19 11:12:05.936 2208-2208/? I/Finsky: [2] pgf.a(45): Running job: 10-42
2019-03-19 11:12:05.941 2208-2208/? I/Finsky: [2] pgk.handleMessage(81): RunningQueue size: 4, PendingQueue size: 7
2019-03-19 11:12:05.941 2208-2208/? I/Finsky: [2] pgk.handleMessage(90): Running queue: 10-8 10-39 10-41 10-42
2019-03-19 11:12:05.941 2208-3685/? I/Finsky: [115] phl.b(15): jobFinished: 10-42. TimeElapsed: 5ms
2019-03-19 11:12:05.942 2208-2208/? I/Finsky: [2] pgf.a(10): Job 10-42 finished
2019-03-19 11:12:05.942 2208-3683/? I/Finsky: [113] phl.b(15): jobFinished: 10-41. TimeElapsed: 35ms
2019-03-19 11:12:05.943 2208-2208/? I/Finsky: [2] pgf.a(45): Running job: 10-44
2019-03-19 11:12:05.945 2208-2208/? I/Finsky: [2] pgk.handleMessage(81): RunningQueue size: 4, PendingQueue size: 6
2019-03-19 11:12:05.945 2208-2208/? I/Finsky: [2] pgk.handleMessage(90): Running queue: 10-8 10-39 10-41 10-44
2019-03-19 11:12:05.945 2208-2208/? I/Finsky: [2] pgf.a(10): Job 10-41 finished
2019-03-19 11:12:05.947 2208-2208/? I/Finsky: [2] pgf.a(45): Running job: 10-46
2019-03-19 11:12:05.964 2208-2208/? I/Finsky: [2] pgk.handleMessage(81): RunningQueue size: 4, PendingQueue size: 5
2019-03-19 11:12:05.965 2208-2208/? I/Finsky: [2] pgk.handleMessage(90): Running queue: 10-8 10-39 10-44 10-46
2019-03-19 11:12:05.972 2955-2955/? D/PhenotypeUpdateService: onCreate called
2019-03-19 11:12:05.976 2955-3697/? D/PhenotypeUpdateService: Registering with Phenotype
2019-03-19 11:12:05.977 2208-3683/? E/Finsky: [113] fki.a(55): Failed to get subscriber ID.
2019-03-19 11:12:05.979 2208-3681/? I/Finsky: [111] com.google.android.finsky.installservice.DevTriggeredUpdateHygieneJob.a(11): Removed 0 uncompleted downloaded updates.
2019-03-19 11:12:05.979 2208-3681/? I/Finsky: [111] com.google.android.finsky.installservice.DevTriggeredUpdateHygieneJob.a(18): Removed obsolete update files.
2019-03-19 11:12:05.986 2208-3681/? I/Finsky: [111] com.google.android.finsky.installservice.DevTriggeredUpdateHygieneJob.a(24): Reset 0 obsolete 'installing' bits.
2019-03-19 11:12:05.988 2208-3683/? E/Finsky: [113] fki.a(55): Failed to get subscriber ID.
2019-03-19 11:12:05.995 2208-3683/? I/chatty: uid=10020(com.android.vending) .lowPriority #2 identical 1 line
2019-03-19 11:12:05.996 2208-3683/? E/Finsky: [113] fki.a(55): Failed to get subscriber ID.
2019-03-19 11:12:05.996 2955-3696/? I/Finsky:instant_app_inst: [60] ldo.a(14): GmsCore device enabled query successful
2019-03-19 11:12:06.004 2208-3681/? I/Finsky: [111] com.google.android.finsky.installservice.DevTriggeredUpdateHygieneJob.a(42): Finished completion of 0 out of 0 dev-triggered updates. Successful: 0. Failed: 0.
2019-03-19 11:12:06.006 2208-3681/? I/Finsky: [111] phl.b(15): jobFinished: 10-39. TimeElapsed: 110ms
2019-03-19 11:12:06.010 2955-3701/? I/Finsky:instant_app_inst: [62] com.google.android.finsky.instantapps.notificationenforcement.hygiene.NotificationEnforcementCleanupService.a(15): Deleted 0 obsolete records
2019-03-19 11:12:06.011 2208-2208/? I/Finsky: [2] pgf.a(10): Job 10-39 finished
2019-03-19 11:12:06.012 2208-2208/? I/Finsky: [2] pgf.a(45): Running job: 10-48
2019-03-19 11:12:06.013 2208-2208/? I/Finsky: [2] pgk.handleMessage(81): RunningQueue size: 4, PendingQueue size: 4
2019-03-19 11:12:06.013 2208-2208/? I/Finsky: [2] pgk.handleMessage(90): Running queue: 10-8 10-44 10-46 10-48
2019-03-19 11:12:06.015 2208-3681/? I/Finsky: [111] com.google.android.finsky.instantapps.hint.AppPreloadHygieneJob.a(4): Instant App hint preload cleanup triggered from hygiene.
2019-03-19 11:12:06.019 2208-3683/? E/Finsky: [113] fki.a(55): Failed to get subscriber ID.
2019-03-19 11:12:06.020 2208-3681/? I/Finsky: [111] phl.b(15): jobFinished: 10-48. TimeElapsed: 9ms
2019-03-19 11:12:06.021 2208-2208/? I/Finsky: [2] pgf.a(10): Job 10-48 finished
2019-03-19 11:12:06.021 2208-2208/? I/Finsky: [2] pgf.a(45): Running job: 10-50
2019-03-19 11:12:06.022 2208-2208/? I/Finsky: [2] pgk.handleMessage(81): RunningQueue size: 4, PendingQueue size: 3
2019-03-19 11:12:06.023 2208-2208/? I/Finsky: [2] pgk.handleMessage(90): Running queue: 10-8 10-44 10-46 10-50
2019-03-19 11:12:06.025 2208-3683/? E/Finsky: [113] fki.a(55): Failed to get subscriber ID.
2019-03-19 11:12:06.026 2955-3697/? I/Finsky:instant_app_inst: [61] com.google.android.finsky.instantapps.hint.AppPreloadHygieneService.a(1): AppPreloadHygieneService disabled
2019-03-19 11:12:06.031 2208-3681/? I/Finsky: [111] phl.b(15): jobFinished: 10-50. TimeElapsed: 10ms
2019-03-19 11:12:06.032 2208-2208/? I/Finsky: [2] pgf.a(10): Job 10-50 finished
2019-03-19 11:12:06.033 2208-2208/? I/Finsky: [2] pgf.a(45): Running job: 10-55
2019-03-19 11:12:06.034 2208-2208/? I/Finsky: [2] pgk.handleMessage(81): RunningQueue size: 4, PendingQueue size: 2
2019-03-19 11:12:06.034 2208-2208/? I/Finsky: [2] pgk.handleMessage(90): Running queue: 10-8 10-44 10-46 10-55
2019-03-19 11:12:06.040 2208-3683/? E/Finsky: [113] fki.a(55): Failed to get subscriber ID.
2019-03-19 11:12:06.041 2208-3681/? I/Finsky: [111] phl.b(15): jobFinished: 10-55. TimeElapsed: 8ms
2019-03-19 11:12:06.042 2208-2208/? I/Finsky: [2] pgf.a(10): Job 10-55 finished
2019-03-19 11:12:06.043 2208-2208/? I/Finsky: [2] pgf.a(45): Running job: 10-57
2019-03-19 11:12:06.045 2208-2208/? I/Finsky: [2] pgk.handleMessage(81): RunningQueue size: 4, PendingQueue size: 1
2019-03-19 11:12:06.045 2208-2208/? I/Finsky: [2] pgk.handleMessage(90): Running queue: 10-8 10-44 10-46 10-57
2019-03-19 11:12:06.052 2208-3681/? I/Finsky: [111] phl.b(15): jobFinished: 10-57. TimeElapsed: 9ms
2019-03-19 11:12:06.052 2208-2208/? I/Finsky: [2] pgf.a(10): Job 10-57 finished
2019-03-19 11:12:06.053 2208-2208/? I/Finsky: [2] pgf.a(45): Running job: 26-1414141414
2019-03-19 11:12:06.054 2208-2208/? I/Finsky: [2] pgk.handleMessage(81): RunningQueue size: 4, PendingQueue size: 0
2019-03-19 11:12:06.054 2208-2208/? I/Finsky: [2] pgk.handleMessage(90): Running queue: 10-8 10-44 10-46 26-1414141414
2019-03-19 11:12:06.054 2955-3706/? I/Isotope: UID: [10020] PID: [2955] DiskSpacePrefetchPolicy : space available : 41896 MB
2019-03-19 11:12:06.055 2208-3683/? E/Finsky: [113] fki.a(55): Failed to get subscriber ID.
2019-03-19 11:12:06.056 2208-2279/? I/Finsky: [47] fcq.a(1): Counters flushed successfully
2019-03-19 11:12:06.056 2208-2279/? I/Finsky: [47] phl.b(15): jobFinished: 26-1414141414. TimeElapsed: 3ms
2019-03-19 11:12:06.057 2208-2208/? I/Finsky: [2] pgf.a(10): Job 26-1414141414 finished
2019-03-19 11:12:06.057 2208-2208/? I/Finsky: [2] pgk.handleMessage(81): RunningQueue size: 3, PendingQueue size: 0
2019-03-19 11:12:06.058 2208-2208/? I/Finsky: [2] pgk.handleMessage(90): Running queue: 10-8 10-44 10-46
2019-03-19 11:12:06.069 2208-3683/? E/Finsky: [113] fki.a(55): Failed to get subscriber ID.
2019-03-19 11:12:06.074 2208-3683/? I/chatty: uid=10020(com.android.vending) .lowPriority #2 identical 1 line
2019-03-19 11:12:06.090 2208-3683/? E/Finsky: [113] fki.a(55): Failed to get subscriber ID.
2019-03-19 11:12:06.095 2208-2291/? I/Finsky: [55] fcx.a(4): Successfully generated counter events
2019-03-19 11:12:06.102 2208-3683/? E/Finsky: [113] fki.a(55): Failed to get subscriber ID.
2019-03-19 11:12:06.114 2208-3683/? I/chatty: uid=10020(com.android.vending) .lowPriority #2 identical 1 line
2019-03-19 11:12:06.115 2208-3683/? E/Finsky: [113] fki.a(55): Failed to get subscriber ID.
