2019-03-19 11:12:06.119 2208-3683/? I/Finsky: [113] phl.b(15): jobFinished: 10-46. TimeElapsed: 171ms
2019-03-19 11:12:06.119 2208-2208/? I/Finsky: [2] pgf.a(10): Job 10-46 finished
2019-03-19 11:12:06.120 2208-2208/? I/Finsky: [2] pgk.handleMessage(81): RunningQueue size: 2, PendingQueue size: 0
2019-03-19 11:12:06.120 2208-2208/? I/Finsky: [2] pgk.handleMessage(90): Running queue: 10-8 10-44
2019-03-19 11:12:06.160 2955-2980/? I/cr_CronetLibraryLoader: Cronet version: 74.0.3702.2, arch: armv8l
2019-03-19 11:12:06.183 1635-1635/? W/ChimeraUtils: Non Chimera context
2019-03-19 11:12:06.184 1635-1635/? W/ChimeraUtils: Non Chimera context
2019-03-19 11:12:06.208 2208-2208/? I/Finsky: [2] kao.a(26): Downloading patch for com.google.android.apps.photos:3294962 (adid: com.google.android.apps.photos , isid: sF6EtRv1QgWUYR5iEgMtVw)
2019-03-19 11:12:06.211 2208-2208/? I/Finsky: [2] hli.a(3): Duplicate state set for 'com.google.android.apps.photos' (0). Already in that state
2019-03-19 11:12:06.211 2208-2208/? I/Finsky: [2] hlr.e(6): Download com.google.android.apps.photos added to DownloadQueue
2019-03-19 11:12:06.213 2208-2208/? I/Finsky: [2] hli.a(5): com.google.android.apps.photos from 0 to 1.
2019-03-19 11:12:06.220 2208-2208/? I/Finsky: [2] hma.a(12): Download com.google.android.apps.photos starting
2019-03-19 11:12:06.289 2208-2208/? I/Finsky: [2] hly.onPostExecute(3): Enqueued com.google.android.apps.photos as content://downloads/my_downloads/195
2019-03-19 11:12:06.289 2208-2208/? I/Finsky: [2] hli.a(5): com.google.android.apps.photos from 1 to 2.
2019-03-19 11:12:06.290 2208-2208/? I/Finsky: [2] hlr.d(8): com.google.android.apps.photos: onStart
2019-03-19 11:12:06.333 2037-3724/? D/DownloadManager: [195] Starting
2019-03-19 11:12:06.375 1064-1289/? W/TelecomManager: Telecom Service not found.
2019-03-19 11:12:06.376 2037-3724/? D/NetworkSecurityConfig: No Network Security Config specified, using platform default
2019-03-19 11:12:06.379 2208-2208/? I/Finsky: [2] hlr.b(15): com.google.android.apps.photos: onProgress 0/-1 Status: 192 URI: content://downloads/my_downloads/195.
2019-03-19 11:12:06.382 2023-3582/? I/UdcContextInitChimeraSe: Registering with contextmanager
2019-03-19 11:12:06.433 671-671/? I/DrmHal: makeDrmFactories: factory instance default is Remote
2019-03-19 11:12:06.434 671-671/? I/DrmHal: makeDrmFactories: factory instance widevine is Remote
2019-03-19 11:12:06.439 1195-1195/? I/zygote64: Deoptimizing void com.android.systemui.statusbar.ViewTransformationHelper.setVisible(boolean) due to JIT inline cache
2019-03-19 11:12:06.447 600-2466/? D/WVCdm: Instantiating CDM.
2019-03-19 11:12:06.446 2955-3696/? D/amhs: Outputstream is being buffered in memory.
2019-03-19 11:12:06.448 600-2466/? I/WVCdm: CdmEngine::QueryStatus
2019-03-19 11:12:06.454 600-3736/? I/WVCdm: Level3 Library 4445 May 19 2017 17:17:20
2019-03-19 11:12:06.459 600-2466/? D/DrmWidevineDash: OEMCrypto_Initialize: starts! g_qsee_apps_version = 0x41
2019-03-19 11:12:06.459 600-2466/? D/QSEECOMAPI: QSEECom_get_handle sb_length = 0x2800
2019-03-19 11:12:06.459 600-2466/? D/QSEECOMAPI: App is not loaded in QSEE
2019-03-19 11:12:06.459 600-2466/? D/QSEECOMAPI: app_arch = 2, total_files = 9
2019-03-19 11:12:06.497 2023-3677/? W/GmsIntents: Google now certificate not valid. UDC settings broadcast will not be sent.
2019-03-19 11:12:06.502 2955-3716/? D/NetworkSecurityConfig: No Network Security Config specified, using platform default
2019-03-19 11:12:06.504 600-2466/? D/QSEECOMAPI: Loaded image: APP id = 1441794
2019-03-19 11:12:06.505 600-2466/? D/DrmWidevineDash: Service_Initialize: starts!
2019-03-19 11:12:06.505 600-2466/? D/QSEECOMAPI: QSEECom_get_handle sb_length = 0x19000
2019-03-19 11:12:06.505 600-2466/? D/QSEECOMAPI: App is not loaded in QSEE
2019-03-19 11:12:06.505 600-2466/? D/QSEECOMAPI: app_arch = 2, total_files = 9
2019-03-19 11:12:06.555 600-2466/? D/QSEECOMAPI: Loaded image: APP id = 1507331
2019-03-19 11:12:06.558 600-2466/? D/DrmWidevineDash: Service_Initialize: ends! returns 0
2019-03-19 11:12:06.559 600-2466/? D/QSAPPSVER: qsapps_get_capabilities: Capability from secure side: 0x1
2019-03-19 11:12:06.559 600-2466/? D/QSAPPSVER: qsapps_get_capabilities: returns 0
2019-03-19 11:12:06.559 600-2466/? D/DrmWidevineDash: OEMCrypto_Initialize sion_buffer g_wv_fhandle->ion_sbuffer 0x0xf4c38000
2019-03-19 11:12:06.559 600-2466/? D/DrmWidevineDash: sion_buffer g_wv_fhandle->ion_sbuffer 0x0xf4c38000
2019-03-19 11:12:06.580 532-542/? D/DrmLibTime: got the req here! ret=0
2019-03-19 11:12:06.580 532-542/? D/DrmLibTime: command id, time_cmd_id = 770
2019-03-19 11:12:06.580 532-542/? D/DrmLibTime: time_getutcsec starts!
2019-03-19 11:12:06.580 532-542/? D/DrmLibTime: QSEE Time Listener: time_getutcsec
2019-03-19 11:12:06.580 532-542/? D/DrmLibTime: QSEE Time Listener: get_utc_seconds
2019-03-19 11:12:06.580 532-542/? D/DrmLibTime: QSEE Time Listener: time_get_modem_time
2019-03-19 11:12:06.580 532-542/? D/DrmLibTime: QSEE Time Listener: Checking if ATS_MODEM is set or not.
2019-03-19 11:12:06.580 532-542/? D/QC-time-services: Lib:time_genoff_operation: pargs->base = 13
2019-03-19 11:12:06.580 532-542/? D/QC-time-services: Lib:time_genoff_operation: pargs->operation = 2
2019-03-19 11:12:06.580 532-542/? D/QC-time-services: Lib:time_genoff_operation: pargs->ts_val = 0
2019-03-19 11:12:06.581 532-542/? D/QC-time-services: Lib:time_genoff_operation: Send to server passed!!
2019-03-19 11:12:06.581 553-560/? D/QC-time-services: Daemon: Connection accepted:time_genoff
2019-03-19 11:12:06.585 553-3744/? D/QC-time-services: Daemon:Received base = 13, unit = 1, operation = 2,value = 0
2019-03-19 11:12:06.585 553-3744/? D/QC-time-services: Daemon:genoff_opr: Base = 13, val = 0, operation = 2
2019-03-19 11:12:06.585 553-3744/? D/QC-time-services: offset is: 0 for base: 13
2019-03-19 11:12:06.585 553-560/? E/QC-time-services: Daemon: Time-services: Waiting to acceptconnection
2019-03-19 11:12:06.586 532-542/? E/QC-time-services: Receive Passed == base = 13, unit = 1, operation = 2, result = 0
2019-03-19 11:12:06.586 532-542/? D/DrmLibTime: QSEE Time Listener: ATS_MODEM is not set. Fallback to Android system time.
2019-03-19 11:12:06.586 532-542/? D/DrmLibTime: QSEE Time Listener: Retrieved Android system time: 1552965126
2019-03-19 11:12:06.586 532-542/? D/DrmLibTime: time_getutcsec returns 0, sec = 1552965126; nsec = 0
2019-03-19 11:12:06.586 532-542/? D/DrmLibTime: time_getutcsec finished!
2019-03-19 11:12:06.586 532-542/? D/DrmLibTime: iotcl_continue_command finished! and return 0
2019-03-19 11:12:06.586 532-542/? D/DrmLibTime: before calling ioctl to read the next time_cmd
2019-03-19 11:12:06.602 600-2466/? D/DrmWidevineDash: OEMCrypto_APIVersion: starts!
2019-03-19 11:12:06.603 600-2466/? D/DrmWidevineDash: hlos api version = 13
2019-03-19 11:12:06.603 600-2466/? D/DrmWidevineDash: tz api version = 14
2019-03-19 11:12:06.603 600-2466/? D/DrmWidevineDash: OEMCrypto_APIVersion: ends! returns version 13
2019-03-19 11:12:06.603 600-2466/? D/DrmWidevineDash: OEMCrypto_SupportsUsageTable: starts!
2019-03-19 11:12:06.603 600-2466/? D/DrmWidevineDash: OEMCrypto_SupportsUsageTable: is_supported = 1
2019-03-19 11:12:06.603 600-2466/? D/DrmWidevineDash: OEMCrypto_SupportsUsageTable: wv_app_version =0x50
2019-03-19 11:12:06.603 600-2466/? D/DrmWidevineDash: OEMCrypto_SupportsUsageTable: ends! returns 0
2019-03-19 11:12:06.603 600-2466/? D/DrmWidevineDash: OEMCrypto_Initialize: ends! returns 0
2019-03-19 11:12:06.603 600-2466/? D/DrmWidevineDash: OEMCrypto_APIVersion: starts!
2019-03-19 11:12:06.604 600-2466/? D/DrmWidevineDash: hlos api version = 13
2019-03-19 11:12:06.604 600-2466/? D/DrmWidevineDash: tz api version = 14
2019-03-19 11:12:06.604 600-2466/? D/DrmWidevineDash: OEMCrypto_APIVersion: ends! returns version 13
2019-03-19 11:12:06.604 600-2466/? D/DrmWidevineDash: OEMCrypto_IsKeyboxValid: starts!
2019-03-19 11:12:06.608 600-2466/? D/DrmWidevineDash: OEMCrypto_IsKeyboxValid: ends! returns 0
2019-03-19 11:12:06.608 600-2466/? D/WVCdm: OEMCrypto_Initialize Level 1 success. I will use level 1.
2019-03-19 11:12:06.608 600-2466/? D/DrmWidevineDash: OEMCrypto_GetDeviceID: starts! deviceID=0xf3e0b460, idLength=0xf3dfed64
2019-03-19 11:12:06.613 600-2466/? D/DrmWidevineDash: OEMCrypto_GetDeviceID: ends! returns 0
2019-03-19 11:12:06.613 600-2466/? D/DrmWidevineDash: OEMCrypto_Terminate: starts!
2019-03-19 11:12:06.614 600-2466/? D/DrmWidevineDash: Service_Uninitialize: starts!
2019-03-19 11:12:06.614 600-2466/? D/QSEECOMAPI: QSEECom_dealloc_memory
2019-03-19 11:12:06.614 600-2466/? D/QSEECOMAPI: QSEECom_shutdown_app, app_id = 1507331
2019-03-19 11:12:06.615 600-2466/? D/DrmWidevineDash: Service_Uninitialize: ends! returns 0x0
2019-03-19 11:12:06.615 600-2466/? D/QSEECOMAPI: QSEECom_dealloc_memory
2019-03-19 11:12:06.615 600-2466/? D/QSEECOMAPI: QSEECom_shutdown_app, app_id = 1441794
2019-03-19 11:12:06.617 600-2466/? D/DrmWidevineDash: OEMCrypto_Terminate: ends! returns 0
2019-03-19 11:12:06.617 600-2466/? I/WVCdm: CdmEngine::OpenSession
2019-03-19 11:12:06.619 600-3745/? I/WVCdm: Level3 Library 4445 May 19 2017 17:17:20
2019-03-19 11:12:06.622 600-2466/? D/DrmWidevineDash: OEMCrypto_Initialize: starts! g_qsee_apps_version = 0x41
2019-03-19 11:12:06.623 600-2466/? D/QSEECOMAPI: QSEECom_get_handle sb_length = 0x2800
2019-03-19 11:12:06.623 600-2466/? D/QSEECOMAPI: App is not loaded in QSEE
2019-03-19 11:12:06.623 600-2466/? D/QSEECOMAPI: app_arch = 2, total_files = 9
2019-03-19 11:12:06.661 600-2466/? D/QSEECOMAPI: Loaded image: APP id = 1572866
2019-03-19 11:12:06.671 600-2466/? D/DrmWidevineDash: Service_Initialize: starts!
2019-03-19 11:12:06.671 600-2466/? D/QSEECOMAPI: QSEECom_get_handle sb_length = 0x19000
2019-03-19 11:12:06.672 600-2466/? D/QSEECOMAPI: App is not loaded in QSEE
2019-03-19 11:12:06.672 600-2466/? D/QSEECOMAPI: app_arch = 2, total_files = 9
2019-03-19 11:12:06.676 2955-3697/? I/Isotope: UID: [10020] PID: [2955] HygieneTask : Syncing Archive List of size 1
2019-03-19 11:12:06.678 2955-3697/? E/ActivityThread: Failed to find provider info for com.google.android.instantapps.supervisor.SupervisorArchiveProvider
2019-03-19 11:12:06.680 2955-3697/? I/Isotope: UID: [10020] PID: [2955] DownloadHandler : file already present on device. Not queuing download for com.google.android.instantapps.dna.archive:39.
2019-03-19 11:12:06.718 600-2466/? D/QSEECOMAPI: Loaded image: APP id = 1638403
2019-03-19 11:12:06.719 600-2466/? D/DrmWidevineDash: Service_Initialize: ends! returns 0
2019-03-19 11:12:06.720 600-2466/? D/QSAPPSVER: qsapps_get_capabilities: Capability from secure side: 0x1
2019-03-19 11:12:06.720 600-2466/? D/QSAPPSVER: qsapps_get_capabilities: returns 0
2019-03-19 11:12:06.720 600-2466/? D/DrmWidevineDash: OEMCrypto_Initialize sion_buffer g_wv_fhandle->ion_sbuffer 0x0xf4c38000
2019-03-19 11:12:06.720 600-2466/? D/DrmWidevineDash: sion_buffer g_wv_fhandle->ion_sbuffer 0x0xf4c38000
2019-03-19 11:12:06.736 532-542/? D/DrmLibTime: got the req here! ret=0
2019-03-19 11:12:06.736 532-542/? D/DrmLibTime: command id, time_cmd_id = 770
2019-03-19 11:12:06.736 532-542/? D/DrmLibTime: time_getutcsec starts!
2019-03-19 11:12:06.736 532-542/? D/DrmLibTime: QSEE Time Listener: time_getutcsec
2019-03-19 11:12:06.736 532-542/? D/DrmLibTime: QSEE Time Listener: get_utc_seconds
2019-03-19 11:12:06.736 532-542/? D/DrmLibTime: QSEE Time Listener: time_get_modem_time
2019-03-19 11:12:06.736 532-542/? D/DrmLibTime: QSEE Time Listener: Checking if ATS_MODEM is set or not.
2019-03-19 11:12:06.736 532-542/? D/QC-time-services: Lib:time_genoff_operation: pargs->base = 13
2019-03-19 11:12:06.736 532-542/? D/QC-time-services: Lib:time_genoff_operation: pargs->operation = 2
2019-03-19 11:12:06.736 532-542/? D/QC-time-services: Lib:time_genoff_operation: pargs->ts_val = 0
2019-03-19 11:12:06.736 532-542/? D/QC-time-services: Lib:time_genoff_operation: Send to server passed!!
2019-03-19 11:12:06.736 553-560/? D/QC-time-services: Daemon: Connection accepted:time_genoff
2019-03-19 11:12:06.737 553-3746/? D/QC-time-services: Daemon:Received base = 13, unit = 1, operation = 2,value = 0
2019-03-19 11:12:06.737 553-3746/? D/QC-time-services: Daemon:genoff_opr: Base = 13, val = 0, operation = 2
2019-03-19 11:12:06.737 553-3746/? D/QC-time-services: offset is: 0 for base: 13
2019-03-19 11:12:06.737 553-560/? E/QC-time-services: Daemon: Time-services: Waiting to acceptconnection
2019-03-19 11:12:06.737 532-542/? E/QC-time-services: Receive Passed == base = 13, unit = 1, operation = 2, result = 0
2019-03-19 11:12:06.737 532-542/? D/DrmLibTime: QSEE Time Listener: ATS_MODEM is not set. Fallback to Android system time.
2019-03-19 11:12:06.737 532-542/? D/DrmLibTime: QSEE Time Listener: Retrieved Android system time: 1552965126
2019-03-19 11:12:06.737 532-542/? D/DrmLibTime: time_getutcsec returns 0, sec = 1552965126; nsec = 0
2019-03-19 11:12:06.737 532-542/? D/DrmLibTime: time_getutcsec finished!
2019-03-19 11:12:06.737 532-542/? D/DrmLibTime: iotcl_continue_command finished! and return 0
2019-03-19 11:12:06.737 532-542/? D/DrmLibTime: before calling ioctl to read the next time_cmd
2019-03-19 11:12:06.742 600-2466/? D/DrmWidevineDash: OEMCrypto_APIVersion: starts!
2019-03-19 11:12:06.743 600-2466/? D/DrmWidevineDash: hlos api version = 13
2019-03-19 11:12:06.743 600-2466/? D/DrmWidevineDash: tz api version = 14
2019-03-19 11:12:06.743 600-2466/? D/DrmWidevineDash: OEMCrypto_APIVersion: ends! returns version 13
2019-03-19 11:12:06.743 600-2466/? D/DrmWidevineDash: OEMCrypto_SupportsUsageTable: starts!
2019-03-19 11:12:06.744 600-2466/? D/DrmWidevineDash: OEMCrypto_SupportsUsageTable: is_supported = 1
2019-03-19 11:12:06.744 600-2466/? D/DrmWidevineDash: OEMCrypto_SupportsUsageTable: wv_app_version =0x50
2019-03-19 11:12:06.744 600-2466/? D/DrmWidevineDash: OEMCrypto_SupportsUsageTable: ends! returns 0
2019-03-19 11:12:06.744 600-2466/? D/DrmWidevineDash: OEMCrypto_Initialize: ends! returns 0
2019-03-19 11:12:06.744 600-2466/? D/DrmWidevineDash: OEMCrypto_APIVersion: starts!
2019-03-19 11:12:06.744 600-2466/? D/DrmWidevineDash: hlos api version = 13
2019-03-19 11:12:06.744 600-2466/? D/DrmWidevineDash: tz api version = 14
2019-03-19 11:12:06.744 600-2466/? D/DrmWidevineDash: OEMCrypto_APIVersion: ends! returns version 13
2019-03-19 11:12:06.745 600-2466/? D/DrmWidevineDash: OEMCrypto_IsKeyboxValid: starts!
2019-03-19 11:12:06.747 600-2466/? D/DrmWidevineDash: OEMCrypto_IsKeyboxValid: ends! returns 0
2019-03-19 11:12:06.748 600-2466/? D/WVCdm: OEMCrypto_Initialize Level 1 success. I will use level 1.
2019-03-19 11:12:06.748 600-2466/? D/WVCdm: CryptoSession::Open: Lock: requested_security_level: Default
2019-03-19 11:12:06.748 600-2466/? D/DrmWidevineDash: OEMCrypto_OpenSession: starts! SID=0xf3dfeecc
2019-03-19 11:12:06.748 600-2466/? D/DrmWidevineDash: OEMCrypto_OpenSession Session ID = 0
2019-03-19 11:12:06.748 600-2466/? D/DrmWidevineDash: OEMCrypto_OpenSession SID = 1
2019-03-19 11:12:06.748 600-2466/? D/DrmWidevineDash: OEMCrypto_OpenSession: ends! returns 0
2019-03-19 11:12:06.748 600-2466/? D/DrmWidevineDash: OEMCrypto_GetRandom: starts! randomData=0xf4222770, dataLength=8
2019-03-19 11:12:06.749 600-2466/? D/DrmWidevineDash: OEMCrypto_GetRandom: ends! returns 0
2019-03-19 11:12:06.749 600-2466/? D/DrmWidevineDash: OEMCrypto_SupportsUsageTable: starts!
2019-03-19 11:12:06.749 1064-1309/? W/TelecomManager: Telecom Service not found.
2019-03-19 11:12:06.750 600-2466/? D/DrmWidevineDash: OEMCrypto_SupportsUsageTable: is_supported = 1
2019-03-19 11:12:06.750 600-2466/? D/DrmWidevineDash: OEMCrypto_SupportsUsageTable: wv_app_version =0x50
2019-03-19 11:12:06.750 600-2466/? D/DrmWidevineDash: OEMCrypto_SupportsUsageTable: ends! returns 0
2019-03-19 11:12:06.750 600-2466/? D/DrmWidevineDash: OEMCrypto_APIVersion: starts!
2019-03-19 11:12:06.750 600-2466/? D/DrmWidevineDash: hlos api version = 13
2019-03-19 11:12:06.750 600-2466/? D/DrmWidevineDash: tz api version = 14
2019-03-19 11:12:06.750 600-2466/? D/DrmWidevineDash: OEMCrypto_APIVersion: ends! returns version 13
2019-03-19 11:12:06.756 600-2466/? D/DrmWidevineDash: OEMCrypto_LoadUsageTableHeader starts!
2019-03-19 11:12:06.756 600-2466/? D/DrmWidevineDash: bufer = 0xf3e5c000, buf len = 96
2019-03-19 11:12:06.765 600-2466/? D/DrmWidevineDash: OEMCrypto_LoadDeviceRSAKey: starts! SID=1, wrapped_rsa_key=0xf3e7d000, wrapped_rsa_key_length=1280
2019-03-19 11:12:06.768 600-2466/? D/DrmWidevineDash: OEMCrypto_LoadDeviceRSAKey: ends! returns 0
2019-03-19 11:12:06.768 600-2466/? D/DrmWidevineDash: OEMCrypto_GetRandom: starts! randomData=0xf3e10808, dataLength=4
2019-03-19 11:12:06.768 600-2466/? D/DrmWidevineDash: OEMCrypto_GetRandom: ends! returns 0
2019-03-19 11:12:06.769 600-2466/? I/WVCdm: CdmEngine::QueryOemCryptoSessionId
2019-03-19 11:12:06.769 600-2466/? I/WVCdm: CdmEngine::GenerateKeyRequest
2019-03-19 11:12:06.769 600-2466/? D/DrmWidevineDash: OEMCrypto_GetDeviceID: starts! deviceID=0xf3e0b560, idLength=0xf3dfed5c
2019-03-19 11:12:06.775 600-2466/? D/DrmWidevineDash: OEMCrypto_GetDeviceID: ends! returns 0
2019-03-19 11:12:06.775 600-2466/? D/DrmWidevineDash: OEMCrypto_Security_Patch_Level: starts!
2019-03-19 11:12:06.776 600-2466/? D/DrmWidevineDash: tz api security patch level = 0
2019-03-19 11:12:06.776 600-2466/? D/DrmWidevineDash: OEMCrypto_Security_Patch_Level: ends! returns level 0
2019-03-19 11:12:06.776 600-2466/? D/DrmWidevineDash: OEMCrypto_SupportsUsageTable: starts!
2019-03-19 11:12:06.776 600-2466/? D/DrmWidevineDash: OEMCrypto_SupportsUsageTable: is_supported = 1
2019-03-19 11:12:06.776 600-2466/? D/DrmWidevineDash: OEMCrypto_SupportsUsageTable: wv_app_version =0x50
2019-03-19 11:12:06.776 600-2466/? D/DrmWidevineDash: OEMCrypto_SupportsUsageTable: ends! returns 0
2019-03-19 11:12:06.776 600-2466/? D/DrmWidevineDash: OEMCrypto_IsAntiRollbackHwPresent: starts!
2019-03-19 11:12:06.777 600-2466/? D/DrmWidevineDash: OEMCrypto_IsAntiRollbackHwPresent ends! ret=0, is_antirb_enabled = 1
2019-03-19 11:12:06.777 600-2466/? D/DrmWidevineDash: OEMCrypto_APIVersion: starts!
2019-03-19 11:12:06.778 600-2466/? D/DrmWidevineDash: hlos api version = 13
2019-03-19 11:12:06.778 600-2466/? D/DrmWidevineDash: tz api version = 14
2019-03-19 11:12:06.778 600-2466/? D/DrmWidevineDash: OEMCrypto_APIVersion: ends! returns version 13
2019-03-19 11:12:06.778 600-2466/? D/DrmWidevineDash: OEMCrypto_GetHDCPCapability starts!
2019-03-19 11:12:06.778 600-2466/? D/DrmWidevineDash: OEMCrypto_GetHDCPCapability current=255, max=4
2019-03-19 11:12:06.778 600-2466/? D/DrmWidevineDash: OEMCrypto_GetHDCPCapability ends! ret = 0
2019-03-19 11:12:06.778 600-2466/? D/DrmWidevineDash: OEMCrypto_GenerateNonce: starts! SID=1, nonce=0xf3dfeea4
2019-03-19 11:12:06.779 600-2466/? D/DrmWidevineDash: OEMCrypto_GenerateNonce: ends! returns 0
2019-03-19 11:12:06.779 600-2466/? D/WVCdm: PrepareKeyRequest: nonce=302207343
2019-03-19 11:12:06.779 600-2466/? D/DrmWidevineDash: OEMCrypto_GenerateRSASignature starts! SID=1, message=0xf3e63000
2019-03-19 11:12:06.779 600-2466/? D/DrmWidevineDash: message_length=1671, signature=0xf2c98000, signature_length=0xf3dfee3c
2019-03-19 11:12:06.818 2955-2995/? I/PlayCommon: [56] acwd.d(22): Preparing logs for uploading
2019-03-19 11:12:06.819 1064-1309/? W/TelecomManager: Telecom Service not found.
2019-03-19 11:12:06.863 600-2466/? D/DrmWidevineDash: OEMCrypto_GenerateRSASignature returns 0
2019-03-19 11:12:06.864 600-2466/? I/WVCdm: CdmEngine::CloseSession
2019-03-19 11:12:06.864 600-2466/? D/DrmWidevineDash: OEMCrypto_CloseSession: starts! SID=1
2019-03-19 11:12:06.878 2955-2995/? I/PlayCommon: [56] acwd.d(208): Connecting to server for timestamp: https://play.googleapis.com/play/log/timestamp
2019-03-19 11:12:06.898 600-2466/? D/DrmWidevineDash: OEMCrypto_CloseSession: ends! returns 0
2019-03-19 11:12:06.898 600-2466/? D/DrmWidevineDash: OEMCrypto_Terminate: starts!
2019-03-19 11:12:06.899 600-2466/? D/DrmWidevineDash: Service_Uninitialize: starts!
2019-03-19 11:12:06.899 600-2466/? D/QSEECOMAPI: QSEECom_dealloc_memory
2019-03-19 11:12:06.899 600-2466/? D/QSEECOMAPI: QSEECom_shutdown_app, app_id = 1638403
2019-03-19 11:12:06.900 600-2466/? D/DrmWidevineDash: Service_Uninitialize: ends! returns 0x0
2019-03-19 11:12:06.900 600-2466/? D/QSEECOMAPI: QSEECom_dealloc_memory
2019-03-19 11:12:06.900 600-2466/? D/QSEECOMAPI: QSEECom_shutdown_app, app_id = 1572866
2019-03-19 11:12:06.901 600-2466/? D/DrmWidevineDash: OEMCrypto_Terminate: ends! returns 0
2019-03-19 11:12:06.965 2208-3685/? I/Finsky: [115] phl.b(15): jobFinished: 10-44. TimeElapsed: 1023ms
2019-03-19 11:12:06.967 2208-2208/? I/Finsky: [2] pgf.a(10): Job 10-44 finished
2019-03-19 11:12:06.968 2208-2208/? I/Finsky: [2] pgk.handleMessage(81): RunningQueue size: 1, PendingQueue size: 0
2019-03-19 11:12:06.968 2208-2208/? I/Finsky: [2] pgk.handleMessage(90): Running queue: 10-8
2019-03-19 11:12:07.276 2955-2995/? I/PlayCommon: [56] acwd.d(113): Connecting to server: https://play.googleapis.com/play/log?format=raw&proto_v2=true
2019-03-19 11:12:07.334 1446-1647/? I/native: transformation.cc:108 Position difference: 0.36445 > 0.3 (m) Rotation difference: 0.0238959 <= 0.0872665 (radians)
2019-03-19 11:12:07.424 2955-2995/? I/PlayCommon: [56] acwd.d(164): Successfully uploaded logs.
2019-03-19 11:12:07.448 1446-1646/? I/native: transformation.cc:108 Position difference: 0.491873 > 0.3 (m) Rotation difference: 0.0188607 <= 0.0872665 (radians)
2019-03-19 11:12:07.744 2208-3690/? I/Finsky: [120] tyi.a(3): Cleaning the verify apps datastore
2019-03-19 11:12:08.034 2208-3690/? I/Finsky: [120] tyi.a(54): Finished cleaning the verify apps datastore
2019-03-19 11:12:08.052 2208-2299/? W/Settings: Setting install_non_market_apps has moved from android.provider.Settings.Global to android.provider.Settings.Secure, returning read-only value.
2019-03-19 11:12:08.087 3586-3602/? I/Unity: enter (Filename: ./Runtime/Export/Debug.bindings.h Line: 45)
2019-03-19 11:12:08.405 2208-2248/? I/Finsky: [30] ias.run(3): Stats for Executor: BlockingExecutor icd@b6e431c[Running, pool size = 2, active threads = 1, queued tasks = 0, completed tasks = 16]
2019-03-19 11:12:08.409 2208-2248/? I/Finsky: [30] ias.run(3): Stats for Executor: LightweightExecutor icd@a0d4b25[Running, pool size = 4, active threads = 0, queued tasks = 0, completed tasks = 60]
2019-03-19 11:12:08.526 2208-2248/? I/Finsky: [30] ias.run(3): Stats for Executor: bgExecutor icd@82c74fa[Running, pool size = 4, active threads = 0, queued tasks = 0, completed tasks = 50]
2019-03-19 11:12:08.568 1635-2245/? W/Conscrypt: Could not set socket write timeout: java.net.SocketException: Socket closed
2019-03-19 11:12:08.568 1635-2245/? W/Conscrypt: at com.google.android.gms.org.conscrypt.Platform.setSocketWriteTimeout(:com.google.android.gms@15090019@15.0.90 (040400-231259764):2)
2019-03-19 11:12:08.568 1635-2245/? W/Conscrypt: at com.google.android.gms.org.conscrypt.ConscryptFileDescriptorSocket.setSoWriteTimeout(:com.google.android.gms@15090019@15.0.90 (040400-231259764):2)
2019-03-19 11:12:08.586 1635-2245/? W/Conscrypt: Could not set socket write timeout: java.net.SocketException: Socket closed
2019-03-19 11:12:08.587 1635-2245/? W/Conscrypt: at com.google.android.gms.org.conscrypt.Platform.setSocketWriteTimeout(:com.google.android.gms@15090019@15.0.90 (040400-231259764):2)
2019-03-19 11:12:08.587 1635-2245/? W/Conscrypt: at com.google.android.gms.org.conscrypt.ConscryptFileDescriptorSocket.setSoWriteTimeout(:com.google.android.gms@15090019@15.0.90 (040400-231259764):2)
2019-03-19 11:12:08.615 2037-3724/? D/DownloadManager: [195] Finished with status SUCCESS
2019-03-19 11:12:08.632 1064-1216/? W/TelecomManager: Telecom Service not found.
2019-03-19 11:12:08.640 2208-2316/? I/Finsky: [72] nlo.a(36): Started reading experiment flags from file [v6B-2IolLQRBwrwPhscSaeg04As].
2019-03-19 11:12:08.641 2208-2316/? I/Finsky: [72] nlo.a(37): Finished reading experiment flags from file [v6B-2IolLQRBwrwPhscSaeg04As].
2019-03-19 11:12:08.647 2208-2208/? I/Finsky: [2] com.google.android.finsky.download.DownloadBroadcastReceiver.b(1): Intent received at DownloadBroadcastReceiver
2019-03-19 11:12:08.648 2208-2208/? I/Finsky: [2] hlr.b(15): com.google.android.apps.photos: onProgress 8479403/8479403 Status: 200 URI: content://downloads/my_downloads/195.
2019-03-19 11:12:08.651 2955-2955/? W/Isotope: UID: [10020] PID: [2955] DownloadDataStoreImpl : No matching entry found, returning null.
2019-03-19 11:12:08.651 2955-2955/? I/Isotope: UID: [10020] PID: [2955] DownloadDataStoreImpl : no data for downloadId 195
2019-03-19 11:12:08.652 2955-2955/? I/Finsky:instant_app_inst: [2] com.google.android.finsky.instantapps.dna.ArchiveDownloadBroadcastReceiver.onReceive(5): Skipping download id 195, not a prefetch
2019-03-19 11:12:08.656 1064-1064/? W/TelecomManager: Telecom Service not found.
2019-03-19 11:12:08.677 2208-2208/? I/Finsky: [2] hli.a(5): com.google.android.apps.photos from 2 to 3.
2019-03-19 11:12:08.678 2208-2208/? I/Finsky: [2] hlr.a(28): com.google.android.apps.photos: onComplete
2019-03-19 11:12:08.678 2208-2208/? I/Finsky: [2] hlr.i(1): Download com.google.android.apps.photos removed from DownloadQueue
2019-03-19 11:12:08.688 2208-2208/? I/Finsky: [2] jzo.a(139): Prepare to patch com.google.android.apps.photos (adid: com.google.android.apps.photos , isid: sF6EtRv1QgWUYR5iEgMtVw) from content://downloads/my_downloads/195 format 5
2019-03-19 11:12:08.695 1195-1201/? I/zygote64: Do full code cache collection, code=250KB, data=164KB
2019-03-19 11:12:08.697 1195-1201/? I/zygote64: After code cache collection, code=241KB, data=139KB
2019-03-19 11:12:08.767 2208-3681/? I/Finsky: [111] cyf.a(1): APK integrity will be verified using [SHA-256] method
2019-03-19 11:12:08.982 3586-3602/? I/Unity: Anna (Game1Girl) (Filename: ./Runtime/Export/Debug.bindings.h Line: 45)
2019-03-19 11:12:09.044 2208-2279/? W/ResourceType: ResTable_typeSpec entry count inconsistent: given 527, previously 526
2019-03-19 11:12:09.044 2208-2279/? W/ResourceType: ResTable_typeSpec entry count inconsistent: given 226, previously 959
2019-03-19 11:12:09.206 2208-2279/? W/ResourceType: ResTable_typeSpec entry count inconsistent: given 1310, previously 1357
2019-03-19 11:12:09.359 2208-2279/? I/Finsky: [47] two.a(11): Device wide non work profile PHA is changed
2019-03-19 11:12:09.383 2208-2208/? I/Finsky: [2] txm.a(6): Done verifying installed packages
2019-03-19 11:12:09.836 2208-3682/? I/Finsky: [112] phl.b(15): jobFinished: 10-8. TimeElapsed: 4532ms
2019-03-19 11:12:09.838 2208-2208/? I/Finsky: [2] pgf.a(10): Job 10-8 finished
2019-03-19 11:12:09.839 2208-2208/? I/Finsky: [2] pgk.handleMessage(81): RunningQueue size: 0, PendingQueue size: 0
2019-03-19 11:12:09.839 2208-2208/? I/Finsky: [2] pgk.handleMessage(85): Waiting on changed job store
2019-03-19 11:12:10.799 3586-3602/? I/Unity: Anna (Game1Girl) (Filename: ./Runtime/Export/Debug.bindings.h Line: 45)
2019-03-19 11:12:10.801 3586-3602/? I/Unity: StartRecording... (Filename: ./Runtime/Export/Debug.bindings.h Line: 45)
2019-03-19 11:12:10.851 1653-1653/? I/GRecognitionServiceImpl: #startListening [en-US]
2019-03-19 11:12:10.883 1653-1653/? E/WorkerLoader: No worker found for workerId microdetection.
2019-03-19 11:12:10.883 1653-1653/? I/SearchService: We were killed and are starting back!
2019-03-19 11:12:10.884 1064-2142/? W/ActivityManager: Unable to start service Intent { act=com.google.android.apps.gsa.search.core.BroadcastListenerService.action.START cmp=com.google.android.apps.speechservices/com.google.android.apps.gsa.search.core.BroadcastListenerService } U=0: not found
2019-03-19 11:12:10.921 1653-1653/? E/WorkerLoader: No worker found for workerId networkmonitor.
2019-03-19 11:12:10.922 1653-1653/? E/WorkerLoader: No worker found for workerId sharedmicrodetection.
2019-03-19 11:12:10.922 1653-1653/? E/WorkerLoader: No worker found for workerId actions.
2019-03-19 11:12:10.935 1653-1653/? I/AudioRouter: Route changed: ROUTE_NO_AUDIO->ROUTE_NO_BLUETOOTH,CONNECTION_TYPE_NONE->CONNECTION_TYPE_NONE
2019-03-19 11:12:10.935 1653-3771/? W/AudioManager: Use of stream types is deprecated for operations other than volume control
2019-03-19 11:12:10.935 1653-3771/? W/AudioManager: See the documentation of requestAudioFocus() for what to use instead with android.media.AudioAttributes to qualify your playback use case
2019-03-19 11:12:10.937 1064-3658/? I/MediaFocusControl: AudioFocus requestAudioFocus() from uid/pid 10074/1653 clientId=android.media.AudioManager@287dc8bcom.google.android.apps.gsa.speech.audio.c.b@78d7168 req=4 flags=0x0
2019-03-19 11:12:10.962 1653-1653/? I/AudioController: Created new AudioSource
2019-03-19 11:12:10.965 1653-2150/? I/MicrophoneInputStream: mic_starting com.google.android.apps.gsa.speech.audio.ae@ec6fd37
2019-03-19 11:12:10.971 3586-3586/? I/KKSpeechRecognizer: onReadyForSpeech
2019-03-19 11:12:10.971 595-1048/? W/DeviceHAL: Device 0xec558000 open_input_stream: Invalid argument
2019-03-19 11:12:10.976 664-3776/? I/AudioFlinger: AudioFlinger's thread 0xf0b03a00 tid=3776 ready to run
2019-03-19 11:12:10.994 1653-2150/? I/MicrophoneInputStream: mic_started com.google.android.apps.gsa.speech.audio.ae@ec6fd37
2019-03-19 11:12:10.996 595-3781/? D/libperfdclientstub: perf_lock_acq stub called by pid: 595
2019-03-19 11:12:10.996 595-3781/? D/audio_route: Apply path: echo-reference
2019-03-19 11:12:10.998 1653-3774/? I/S3RecognizerInfoBuilder: S3PreambleType 0
2019-03-19 11:12:11.005 595-3781/? D/audio_hw_primary: select_devices: changing use case audio-record input device from(0: none, acdb -1) to (80: voice-rec-dmic-ef-fluence, acdb 111)
2019-03-19 11:12:11.005 595-3781/? I/msm8974_platform: platform_check_capture_backend_cfg:txbecf: afe: Codec backend needs to be updated. new bit width: 0 new sample rate: 0 new channel: 1
2019-03-19 11:12:11.006 1653-3779/? I/FavoriteContactNamesSup: get()
2019-03-19 11:12:11.006 1653-3779/? I/FavoriteContactNamesSup: get() : Execute directly (BG thread)
2019-03-19 11:12:11.006 1653-3779/? I/FavoriteContactNamesSup: get()
2019-03-19 11:12:11.006 1653-3779/? I/FavoriteContactNamesSup: get() : Execute directly (BG thread)
2019-03-19 11:12:11.006 595-3781/? D/msm8974_platform: platform_set_backend_cfg:becf: afe: SLIM_0_TX Format mixer set to 0 bit for 1 format
2019-03-19 11:12:11.006 1653-3779/? I/FavoriteContactNamesSup: get()
2019-03-19 11:12:11.007 1653-3779/? I/FavoriteContactNamesSup: get() : Execute directly (BG thread)
2019-03-19 11:12:11.007 595-3781/? D/msm8974_platform: platform_set_backend_cfg:becf: afe: SLIM_0_TX SampleRate set to KHZ_48
2019-03-19 11:12:11.010 595-3781/? D/audio_hw_primary: enable_snd_device: snd_device(80: voice-rec-dmic-ef-fluence)
2019-03-19 11:12:11.010 595-3781/? D/audio_route: Apply path: voice-rec-dmic-ef-fluence
2019-03-19 11:12:11.011 593-593/? W//system/bin/hw/android.hidl.allocator@1.0-service: ashmem_create_region(3840) returning hidl_memory(0x7400c2c350, 3840)
2019-03-19 11:12:11.011 1653-3770/? D/CronetProvider: Tried to load org.chromium.net.impl.NativeCronetProvider provider class but it wasn't included in the app classpath
2019-03-19 11:12:11.011 1653-1653/? I/BgTaskExecutorImpl: Starting EXCLUSIVE background task fetch_location_reporting_state.
2019-03-19 11:12:11.013 593-593/? W//system/bin/hw/android.hidl.allocator@1.0-service: ashmem_create_region(3840) returning hidl_memory(0x7400c2c350, 3840)
2019-03-19 11:12:11.019 595-3781/? D/ACDB-LOADER: ACDB -> send_audio_cal, acdb_id = 111, path = 1, app id = 0x11132, sample rate = 48000
2019-03-19 11:12:11.019 595-3781/? D/ACDB-LOADER: ACDB -> send_asm_topology
2019-03-19 11:12:11.019 595-3781/? D/ACDB-LOADER: ACDB -> ACDB_CMD_GET_AUDPROC_STREAM_TOPOLOGY_ID
2019-03-19 11:12:11.019 595-3781/? D/ACDB-LOADER: ACDB -> send_adm_topology
2019-03-19 11:12:11.019 595-3781/? D/ACDB-LOADER: ACDB -> ACDB_CMD_GET_AUDPROC_COMMON_TOPOLOGY_ID
2019-03-19 11:12:11.019 595-3781/? D/ACDB-LOADER: ACDB -> send_audtable
2019-03-19 11:12:11.019 595-3781/? D/ACDB-LOADER: ACDB -> ACDB_CMD_GET_AUDPROC_COMMON_TABLE_SIZE
2019-03-19 11:12:11.019 595-3781/? D/ACDB-LOADER: ACDB -> ACDB_CMD_GET_AUDPROC_COMMON_TABLE
2019-03-19 11:12:11.020 595-3781/? D/ACDB-LOADER: ACDB -> AUDIO_SET_AUDPROC_CAL
2019-03-19 11:12:11.020 595-3781/? D/ACDB-LOADER: ACDB -> send_audvoltable
2019-03-19 11:12:11.020 595-3781/? D/ACDB-LOADER: ACDB -> ACDB_CMD_GET_AUDPROC_VOL_STEP_TABLE_SIZE
2019-03-19 11:12:11.020 595-3781/? D/ACDB-LOADER: ACDB -> ACDB_CMD_GET_AUDPROC_GAIN_DEP_STEP_TABLE, vol index 0
2019-03-19 11:12:11.020 595-3781/? E/ACDB-LOADER: Error: ACDB AudProc vol returned = -19
2019-03-19 11:12:11.020 595-3781/? D/ACDB-LOADER: ACDB -> AUDIO_SET_VOL_CAL cal type = 12
2019-03-19 11:12:11.020 595-3781/? D/ACDB-LOADER: ACDB -> ACDB_CMD_GET_AUDPROC_STREAM_TABLE_SIZE
2019-03-19 11:12:11.020 595-3781/? D/ACDB-LOADER: ACDB -> send_audstrmtable
2019-03-19 11:12:11.020 595-3781/? D/ACDB-LOADER: ACDB -> ACDB_CMD_GET_AUDPROC_STREAM_TABLE_V2
2019-03-19 11:12:11.020 595-3781/? D/ACDB-LOADER: ACDB -> audstrm_cal->cal_type.cal_data.cal_size = 16
2019-03-19 11:12:11.020 595-3781/? D/ACDB-LOADER: ACDB -> send_afe_topology
2019-03-19 11:12:11.020 595-3781/? D/ACDB-LOADER: ACDB -> ACDB_CMD_GET_AFE_TOPOLOGY_ID
2019-03-19 11:12:11.020 595-3781/? D/ACDB-LOADER: ACDB -> GET_AFE_TOPOLOGY_ID for adcd_id 111, Topology Id 112fb
2019-03-19 11:12:11.020 595-3781/? D/ACDB-LOADER: ACDB -> send_afe_cal
2019-03-19 11:12:11.020 595-3781/? D/ACDB-LOADER: ACDB -> ACDB_CMD_GET_AFE_COMMON_TABLE_SIZE
2019-03-19 11:12:11.020 595-3781/? E/ACDB-LOADER: Error: ACDB_CMD_GET_AFE_COMMON_TABLE_SIZE Returned = -19
2019-03-19 11:12:11.020 595-3781/? D/ACDB-LOADER: ACDB -> ACDB_CMD_GET_AFE_COMMON_TABLE
2019-03-19 11:12:11.020 595-3781/? E/ACDB-LOADER: Error: ACDB AFE returned = -19
2019-03-19 11:12:11.020 595-3781/? D/ACDB-LOADER: ACDB -> AUDIO_SET_AFE_CAL
2019-03-19 11:12:11.020 595-3781/? D/ACDB-LOADER: ACDB -> send_hw_delay : acdb_id = 111 path = 1
2019-03-19 11:12:11.020 595-3781/? D/ACDB-LOADER: ACDB -> ACDB_AVSYNC_INFO: ACDB_CMD_GET_DEVICE_PROPERTY
2019-03-19 11:12:11.020 595-3781/? D/audio_hw_primary: enable_audio_route: usecase(9) apply and update mixer path: audio-record
2019-03-19 11:12:11.020 595-3781/? D/audio_route: Apply path: audio-record
2019-03-19 11:12:11.022 1653-3783/? I/OMXClient: Treble IOmx obtained
2019-03-19 11:12:11.023 682-1562/? I/OMXMaster: makeComponentInstance(OMX.google.amrwb.encoder) in omx@1.0-service process
2019-03-19 11:12:11.025 1653-1783/? W/BgTaskExecutorImpl: EXCLUSIVE background task fetch_location_reporting_state was not found. com.google.android.apps.gsa.tasks.p: Could not find background task: fetch_location_reporting_state
at com.google.android.apps.gsa.tasks.b.b.run(SourceFile:2)
at java.util.concurrent.Executors$RunnableAdapter.call(Executors.java:457)
at java.util.concurrent.FutureTask.run(FutureTask.java:266)
at java.util.concurrent.Executors$RunnableAdapter.call(Executors.java:457)
at java.util.concurrent.FutureTask.run(FutureTask.java:266)
at com.google.android.apps.gsa.shared.util.concurrent.a.h.run(Unknown Source:2)
at com.google.android.apps.gsa.shared.util.concurrent.a.ap.run(SourceFile:1)
at com.google.android.apps.gsa.shared.util.concurrent.a.ap.run(SourceFile:1)
at java.util.concurrent.ThreadPoolExecutor.runWorker(ThreadPoolExecutor.java:1162)
at java.util.concurrent.ThreadPoolExecutor$Worker.run(ThreadPoolExecutor.java:636)
at java.lang.Thread.run(Thread.java:764)
at com.google.android.apps.gsa.shared.util.concurrent.a.l.run(SourceFile:5)
2019-03-19 11:12:11.026 1653-3770/? W/zygote: Skipping duplicate class check due to unrecognized classloader
2019-03-19 11:12:11.027 682-1562/? E/OMXNodeInstance: getConfig(0xeaf14ae0:google.amrwb.encoder, ConfigAndroidVendorExtension(0x6f100004)) ERROR: Undefined(0x80001001)
2019-03-19 11:12:11.030 593-593/? W//system/bin/hw/android.hidl.allocator@1.0-service: ashmem_create_region(640) returning hidl_memory(0x7400c2c350, 640)
2019-03-19 11:12:11.034 593-593/? W//system/bin/hw/android.hidl.allocator@1.0-service: ashmem_create_region(640) returning hidl_memory(0x7400c2c350, 640)
2019-03-19 11:12:11.034 1653-3770/? I/DynamiteModule: Considering local module com.google.android.gms.cronet_dynamite:0 and remote module com.google.android.gms.cronet_dynamite:1207
2019-03-19 11:12:11.034 1653-3770/? I/DynamiteModule: Selected remote version of com.google.android.gms.cronet_dynamite, version >= 1207
2019-03-19 11:12:11.034 593-593/? W//system/bin/hw/android.hidl.allocator@1.0-service: ashmem_create_region(640) returning hidl_memory(0x7400c2c350, 640)
2019-03-19 11:12:11.035 593-593/? W//system/bin/hw/android.hidl.allocator@1.0-service: ashmem_create_region(640) returning hidl_memory(0x7400c2c350, 640)
2019-03-19 11:12:11.037 593-593/? W//system/bin/hw/android.hidl.allocator@1.0-service: ashmem_create_region(8192) returning hidl_memory(0x7400c2c350, 8192)
2019-03-19 11:12:11.038 593-593/? I/chatty: uid=1000(system) allocator@1.0-s identical 2 lines
2019-03-19 11:12:11.038 593-593/? W//system/bin/hw/android.hidl.allocator@1.0-service: ashmem_create_region(8192) returning hidl_memory(0x7400c2c350, 8192)
2019-03-19 11:12:11.050 595-3781/? D/libperfdclientstub: perf_lock_rel stub called by pid: 595
2019-03-19 11:12:11.062 1653-3770/? W/zygote: Skipping duplicate class check due to unrecognized classloader
2019-03-19 11:12:11.069 1653-3770/? D/CronetProvider: Tried to load org.chromium.net.impl.NativeCronetProvider provider class but it wasn't included in the app classpath
2019-03-19 11:12:11.086 1653-2150/? W/SpeechLevelGenerator: Really low audio levels detected. The audio input may have issues.
2019-03-19 11:12:11.094 1653-3770/? I/cr_CronetLibraryLoader: Cronet version: 70.0.3538.80, arch: armv8l
2019-03-19 11:12:11.098 1653-1717/? W/CronetHttpEngine: Upload request without a content type.
2019-03-19 11:12:11.185 1653-3792/? D/NetworkSecurityConfig: No Network Security Config specified, using platform default
2019-03-19 11:12:11.384 664-797/? W/AudioFlinger::EffectModule: EffectModule 0xf2d7cc00 destructor called with unreleased interface
2019-03-19 11:12:11.385 664-797/? W/AudioFlinger::EffectHandle: disconnect Effect handle 0xf2d2e940 disconnected after thread destruction
2019-03-19 11:12:11.880 1653-3769/? W/RecognitionDispatcher: Could not stop engine: 3.
2019-03-19 11:12:11.881 3586-3586/? I/KKSpeechRecognizer: onBeginningOfSpeech
2019-03-19 11:12:12.027 3586-3602/? I/Unity: GotPartialResult (Filename: ./Runtime/Export/Debug.bindings.h Line: 45)
2019-03-19 11:12:12.105 2208-3679/? I/Finsky: [109] phq.b(7): Jobs in database: 1-1337 12-1 19-9999 21-333333333 24-77777777 26-1414141414 31-305419896
2019-03-19 11:12:12.107 2208-2208/? I/Finsky: [2] pgf.a(45): Running job: 31-305419896
2019-03-19 11:12:12.108 2208-2208/? I/Finsky: [2] pgk.handleMessage(81): RunningQueue size: 1, PendingQueue size: 0
2019-03-19 11:12:12.109 3586-3602/? I/Unity: GotPartialResult (Filename: ./Runtime/Export/Debug.bindings.h Line: 45)
2019-03-19 11:12:12.109 2208-2208/? I/Finsky: [2] pgk.handleMessage(90): Running queue: 31-305419896
2019-03-19 11:12:12.198 2208-2299/? I/Finsky: [60] har.a(4): New device settings response:
2019-03-19 11:12:12.198 2208-2264/? I/Finsky: [38] haj.a(5): Device settings refresh successful
2019-03-19 11:12:12.198 2208-2264/? I/Finsky: [38] phl.b(15): jobFinished: 31-305419896. TimeElapsed: 92ms
2019-03-19 11:12:12.203 2208-2208/? I/Finsky: [2] pgf.a(10): Job 31-305419896 finished
2019-03-19 11:12:12.203 2208-2208/? I/Finsky: [2] pgk.handleMessage(81): RunningQueue size: 0, PendingQueue size: 0
2019-03-19 11:12:12.204 2208-2208/? I/Finsky: [2] pgk.handleMessage(27): Executor finished
2019-03-19 11:12:12.224 2208-2208/? I/Finsky: [2] phq.b(7): Jobs in database: 1-1337 12-1 19-9999 21-333333333 24-77777777 26-1414141414
2019-03-19 11:12:12.226 2208-2208/? I/Finsky: [2] pfj.a(67): ConstraintMapping: 24-77777777, -> L: 0ms, D: 82794575ms, C: false, I: true, N: 0
2019-03-19 11:12:12.231 2208-2208/? I/Finsky: [2] pfj.a(67): ConstraintMapping: 1-1337, 12-1, 19-9999, 21-333333333, -> L: 8248ms, D: 81785965ms, C: false, I: false, N: 1
2019-03-19 11:12:12.233 2208-2208/? I/Finsky: [2] pfj.a(67): ConstraintMapping: 26-1414141414, -> L: 43193826ms, D: 44093826ms, C: false, I: false, N: 0
2019-03-19 11:12:12.234 2208-2208/? I/Finsky: [2] com.google.android.finsky.scheduler.JobSchedulerEngine.a(42): Cancelling existing job with id: 9000
2019-03-19 11:12:12.235 2208-2208/? I/Finsky: [2] com.google.android.finsky.scheduler.JobSchedulerEngine.a(16): Throttling wakeup for job 9001 (expected to run in 0 ms) due to recent wakeup
2019-03-19 11:12:12.236 2208-2208/? I/Finsky: [2] com.google.android.finsky.scheduler.JobSchedulerEngine.a(4): Scheduling job Id: 9001, L: 30000, D: 82794575, C: false, I: true, N: 0
2019-03-19 11:12:12.237 2208-2208/? I/Finsky: [2] com.google.android.finsky.scheduler.JobSchedulerEngine.a(16): Throttling wakeup for job 9002 (expected to run in 8248 ms) due to recent wakeup
2019-03-19 11:12:12.238 2208-2208/? I/Finsky: [2] com.google.android.finsky.scheduler.JobSchedulerEngine.a(4): Scheduling job Id: 9002, L: 30000, D: 81785965, C: false, I: false, N: 1
2019-03-19 11:12:12.239 2208-2208/? I/Finsky: [2] com.google.android.finsky.scheduler.JobSchedulerEngine.a(4): Scheduling job Id: 9003, L: 43193826, D: 44093826, C: false, I: false, N: 0
2019-03-19 11:12:12.294 3586-3602/? I/Unity: GotPartialResult (Filename: ./Runtime/Export/Debug.bindings.h Line: 45)
2019-03-19 11:12:12.416 3586-3602/? I/chatty: uid=10076(com.bds.ymtcpsvr) UnityMain identical 3 lines
2019-03-19 11:12:12.561 3586-3602/? I/Unity: GotPartialResult (Filename: ./Runtime/Export/Debug.bindings.h Line: 45)
2019-03-19 11:12:12.669 3586-3602/? I/Unity: GotPartialResult what (Filename: ./Runtime/Export/Debug.bindings.h Line: 45)
2019-03-19 11:12:12.737 3586-3602/? I/chatty: uid=10076(com.bds.ymtcpsvr) UnityMain identical 1 line
2019-03-19 11:12:12.807 3586-3602/? I/Unity: GotPartialResult what (Filename: ./Runtime/Export/Debug.bindings.h Line: 45)
2019-03-19 11:12:12.816 3586-3602/? I/Unity: GotPartialResult what would (Filename: ./Runtime/Export/Debug.bindings.h Line: 45)
2019-03-19 11:12:13.001 3586-3602/? I/Unity: GotPartialResult what would you like (Filename: ./Runtime/Export/Debug.bindings.h Line: 45)
2019-03-19 11:12:13.123 3586-3602/? I/Unity: GotPartialResult what would you like to (Filename: ./Runtime/Export/Debug.bindings.h Line: 45)
2019-03-19 11:12:13.309 3586-3602/? I/Unity: GotPartialResult what would you like to have (Filename: ./Runtime/Export/Debug.bindings.h Line: 45)
2019-03-19 11:12:13.599 1653-3769/? I/MicrophoneInputStream: mic_close com.google.android.apps.gsa.speech.audio.ae@ec6fd37
2019-03-19 11:12:13.622 595-1049/? D/audio_hw_primary: disable_audio_route: usecase(9) reset and update mixer path: audio-record
2019-03-19 11:12:13.623 595-1049/? D/audio_hw_primary: disable_snd_device: snd_device(80: voice-rec-dmic-ef-fluence)
2019-03-19 11:12:13.639 3586-3586/? I/KKSpeechRecognizer: onEndOfSpeech
2019-03-19 11:12:13.644 3586-3602/? I/Unity: End Of Speech (Filename: ./Runtime/Export/Debug.bindings.h Line: 45)
2019-03-19 11:12:13.693 1653-3769/? I/AudioController: internalShutdown
2019-03-19 11:12:13.695 1653-1653/? I/RecognizerImpl: Supplied requestId [ItnPsFJomMk] is not the one that is currently active [null]
2019-03-19 11:12:13.709 593-593/? W//system/bin/hw/android.hidl.allocator@1.0-service: ashmem_create_region(3840) returning hidl_memory(0x7400c2c350, 3840)
2019-03-19 11:12:13.711 3586-3602/? I/Unity: GotFinalResult what would you like to have (Filename: ./Runtime/Export/Debug.bindings.h Line: 45)
2019-03-19 11:12:13.712 593-593/? W//system/bin/hw/android.hidl.allocator@1.0-service: ashmem_create_region(3840) returning hidl_memory(0x7400c2c350, 3840)
2019-03-19 11:12:14.244 664-797/? W/AudioFlinger::EffectModule: EffectModule 0xf2999d80 destructor called with unreleased interface
2019-03-19 11:12:14.245 664-797/? W/AudioFlinger::EffectHandle: disconnect Effect handle 0xf2991ac0 disconnected after thread destruction
2019-03-19 11:12:15.224 3586-3602/? I/Unity: Anna (Game1Girl) (Filename: ./Runtime/Export/Debug.bindings.h Line: 45)
2019-03-19 11:12:15.226 3586-3602/? I/Unity: voice: g1anna1 (Filename: ./Runtime/Export/Debug.bindings.h Line: 45)
2019-03-19 11:12:15.950 1635-1938/? E/AbstractServiceBroker: Getting service failed java.lang.SecurityException: GoogleCertificatesRslt: not whitelisted: pkg=com.google.android.apps.speechservices, sha1=38918a453d07199354f8b19af05ec6562ced5788, atk=false, ver=15090019.true at qgs.b(:com.google.android.gms@15090019@15.0.90 (040400-231259764):2) at qgy.a(:com.google.android.gms@15090019@15.0.90 (040400-231259764):21) at com.google.android.contextmanager.service.ContextManagerChimeraService.a(:com.google.android.gms@15090019@15.0.90 (040400-231259764):10) at yzp.a(:com.google.android.gms@15090019@15.0.90 (040400-231259764):17) at ray.a(:com.google.android.gms@15090019@15.0.90 (040400-231259764):40) at rdu.onTransact(:com.google.android.gms@15090019@15.0.90 (040400-231259764):36)
at android.os.Binder.transact(Binder.java:604) at dvm.onTransact(:com.google.android.gms@15090019@15.0.90 (040400-231259764):3)
at android.os.Binder.execTransact(Binder.java:674) --------- beginning of crash
2019-03-19 11:12:15.951 1653-3782/? E/AndroidRuntime: FATAL EXCEPTION: GcoreGoogleApiClient Process: com.google.android.apps.speechservices:search, PID: 1653 java.lang.SecurityException: GoogleCertificatesRslt: not whitelisted: pkg=com.google.android.apps.speechservices, sha1=38918a453d07199354f8b19af05ec6562ced5788, atk=false, ver=15090019.true
at android.os.Parcel.readException(Parcel.java:1944)
at android.os.Parcel.readException(Parcel.java:1890)
at com.google.android.gms.common.internal.x.a(Unknown Source:36)
at com.google.android.gms.common.internal.an.a(Unknown Source:39)
at com.google.android.gms.common.api.internal.q.UZ(Unknown Source:14)
at com.google.android.gms.common.api.internal.v.run(Unknown Source:5)
at java.util.concurrent.Executors$RunnableAdapter.call(Executors.java:457)
at java.util.concurrent.FutureTask.run(FutureTask.java:266)
at java.util.concurrent.ThreadPoolExecutor.runWorker(ThreadPoolExecutor.java:1162)
at java.util.concurrent.ThreadPoolExecutor$Worker.run(ThreadPoolExecutor.java:636)
at com.google.android.gms.internal.x.run(Unknown Source:7)
at java.lang.Thread.run(Thread.java:764)
2019-03-19 11:12:15.964 1064-1078/? I/ActivityManager: Start proc 3804:com.google.android.apps.speechservices:crash_report/u0a74 for broadcast com.google.android.apps.speechservices/com.google.android.apps.gsa.silentfeedback.SilentFeedbackReceiver
2019-03-19 11:12:15.964 3804-3804/? W/zygote: Using default instruction set features for ARM CPU variant (cortex-a9) using conservative defaults
2019-03-19 11:12:16.021 1653-3782/? I/Process: Sending signal. PID: 1653 SIG: 9
2019-03-19 11:12:16.068 3804-3804/? D/AndroidRuntime: Shutting down VM
2019-03-19 11:12:16.069 3804-3804/? E/AndroidRuntime: FATAL EXCEPTION: main Process: com.google.android.apps.speechservices:crash_report, PID: 3804 java.lang.SecurityException: GoogleCertificatesRslt: not whitelisted: pkg=com.google.android.apps.speechservices, sha1=38918a453d07199354f8b19af05ec6562ced5788, atk=false, ver=15090019.true
at android.os.Parcel.readException(Parcel.java:1944)
at android.os.Parcel.readException(Parcel.java:1890)
at com.google.android.gms.common.internal.x.a(Unknown Source:36)
at com.google.android.gms.common.internal.an.a(Unknown Source:39)
at com.google.android.gms.common.api.internal.q.UZ(Unknown Source:14)
at com.google.android.gms.common.api.internal.v.run(Unknown Source:5)
at java.util.concurrent.Executors$RunnableAdapter.call(Executors.java:457)
at java.util.concurrent.FutureTask.run(FutureTask.java:266)
at java.util.concurrent.ThreadPoolExecutor.runWorker(ThreadPoolExecutor.java:1162)
at java.util.concurrent.ThreadPoolExecutor$Worker.run(ThreadPoolExecutor.java:636)
at com.google.android.gms.internal.x.run(Unknown Source:7)
at java.lang.Thread.run(Thread.java:764)
2019-03-19 11:12:16.079 1064-2142/? D/ConnectivityService: ConnectivityService NetworkRequestInfo binderDied(NetworkRequest [ LISTEN id=12, [ Capabilities: INTERNET&NOT_RESTRICTED&TRUSTED] ], android.os.BinderProxy@63fdc0e)
2019-03-19 11:12:16.079 1064-1309/? I/ActivityManager: Process com.google.android.apps.speechservices:search (pid 1653) has died: vis BFGS
2019-03-19 11:12:16.079 1064-1080/? W/zygote64: kill(-1653, 9) failed: No such process
2019-03-19 11:12:16.080 1064-1309/? W/ActivityManager: Scheduling restart of crashed service com.google.android.apps.speechservices/com.google.android.voicesearch.serviceapi.GoogleRecognitionService in 1000ms
2019-03-19 11:12:16.080 1064-1309/? W/ActivityManager: Scheduling restart of crashed service com.google.android.apps.speechservices/com.google.android.apps.gsa.search.core.service.SearchService in 10999ms
2019-03-19 11:12:16.081 1064-1289/? I/MediaFocusControl: AudioFocus removeFocusStackEntryOnDeath(): removing entry for android.os.BinderProxy@f11262f
2019-03-19 11:12:16.114 1064-1289/? W/ActivityManager: Process com.google.android.apps.speechservices:search has crashed too many times: killing!
2019-03-19 11:12:16.114 1064-1289/? I/ActivityManager: Killing 3804:com.google.android.apps.speechservices:crash_report/u0a74 (adj 0): crash
2019-03-19 11:12:16.116 1064-1078/? W/BroadcastQueue: Background execution not allowed: receiving Intent { act=android.intent.action.DROPBOX_ENTRY_ADDED flg=0x10 (has extras) } to com.google.android.gms/.stats.service.DropBoxEntryAddedReceiver
2019-03-19 11:12:16.117 1064-1078/? W/BroadcastQueue: Background execution not allowed: receiving Intent { act=android.intent.action.DROPBOX_ENTRY_ADDED flg=0x10 (has extras) } to com.google.android.gms/.chimera.GmsIntentOperationService$PersistentTrustedReceiver
