2019-03-19 11:12:16.121 1064-1078/? W/BroadcastQueue: Unable to launch app com.google.android.apps.speechservices/10074 for broadcast Intent { flg=0x10 cmp=com.google.android.apps.speechservices/com.google.android.apps.gsa.silentfeedback.SilentFeedbackReceiver (has extras) }: process is bad
2019-03-19 11:12:16.123 1064-1080/? W/zygote64: kill(-1653, 9) failed: No such process
2019-03-19 11:12:16.123 1064-1080/? I/zygote64: Successfully killed process cgroup uid 10074 pid 1653 in 44ms
2019-03-19 11:12:16.124 1064-1078/? W/BroadcastQueue: Background execution not allowed: receiving Intent { act=android.intent.action.DROPBOX_ENTRY_ADDED flg=0x10 (has extras) } to com.google.android.gms/.stats.service.DropBoxEntryAddedReceiver
2019-03-19 11:12:16.124 1064-1078/? W/BroadcastQueue: Background execution not allowed: receiving Intent { act=android.intent.action.DROPBOX_ENTRY_ADDED flg=0x10 (has extras) } to com.google.android.gms/.chimera.GmsIntentOperationService$PersistentTrustedReceiver
2019-03-19 11:12:16.128 1064-1080/? W/zygote64: kill(-3804, 9) failed: No such process
2019-03-19 11:12:16.173 1064-1080/? W/zygote64: kill(-3804, 9) failed: No such process
2019-03-19 11:12:16.174 1064-1080/? I/zygote64: Successfully killed process cgroup uid 10074 pid 3804 in 48ms
2019-03-19 11:12:17.091 1064-1078/? I/ActivityManager: Start proc 3834:com.google.android.apps.speechservices:search/u0a74 for service com.google.android.apps.speechservices/com.google.android.voicesearch.serviceapi.GoogleRecognitionService
2019-03-19 11:12:17.092 3834-3834/? W/zygote: Using default instruction set features for ARM CPU variant (cortex-a9) using conservative defaults
2019-03-19 11:12:17.187 3834-3834/? E/WorkerLoader: No worker found for workerId microdetection.
2019-03-19 11:12:17.188 3834-3834/? I/SearchService: We were killed and are starting back!
2019-03-19 11:12:17.191 1064-2142/? W/ActivityManager: Unable to start service Intent { act=com.google.android.apps.gsa.search.core.BroadcastListenerService.action.START cmp=com.google.android.apps.speechservices/com.google.android.apps.gsa.search.core.BroadcastListenerService } U=0: not found
2019-03-19 11:12:19.192 3586-3602/? I/Unity: Anna (Game1Girl) (Filename: ./Runtime/Export/Debug.bindings.h Line: 45)
2019-03-19 11:12:20.665 3586-3602/? I/Unity: Anna (Game1Girl) (Filename: ./Runtime/Export/Debug.bindings.h Line: 45)
2019-03-19 11:12:20.665 3586-3602/? I/Unity: StartRecording... (Filename: ./Runtime/Export/Debug.bindings.h Line: 45)
2019-03-19 11:12:20.671 3834-3834/? I/GRecognitionServiceImpl: #startListening [en-US]
2019-03-19 11:12:20.695 3834-3834/? E/WorkerLoader: No worker found for workerId networkmonitor.
2019-03-19 11:12:20.696 3834-3834/? E/WorkerLoader: No worker found for workerId sharedmicrodetection.
2019-03-19 11:12:20.697 3834-3834/? E/WorkerLoader: No worker found for workerId actions.
2019-03-19 11:12:20.717 3834-3834/? I/AudioRouter: Route changed: ROUTE_NO_AUDIO->ROUTE_NO_BLUETOOTH,CONNECTION_TYPE_NONE->CONNECTION_TYPE_NONE
2019-03-19 11:12:20.719 3834-3861/? W/AudioManager: Use of stream types is deprecated for operations other than volume control
2019-03-19 11:12:20.719 3834-3861/? W/AudioManager: See the documentation of requestAudioFocus() for what to use instead with android.media.AudioAttributes to qualify your playback use case
2019-03-19 11:12:20.722 1064-2142/? I/MediaFocusControl: AudioFocus requestAudioFocus() from uid/pid 10074/3834 clientId=android.media.AudioManager@c270a38com.google.android.apps.gsa.speech.audio.c.b@10c9a11 req=4 flags=0x0
2019-03-19 11:12:20.751 3834-3834/? I/AudioController: Created new AudioSource
2019-03-19 11:12:20.755 3834-3859/? I/MicrophoneInputStream: mic_starting com.google.android.apps.gsa.speech.audio.ae@180bcae
2019-03-19 11:12:20.757 595-595/? W/DeviceHAL: Device 0xec558000 open_input_stream: Invalid argument
2019-03-19 11:12:20.760 3586-3586/? I/KKSpeechRecognizer: onReadyForSpeech
2019-03-19 11:12:20.764 664-3866/? I/AudioFlinger: AudioFlinger's thread 0xf0a83140 tid=3866 ready to run
2019-03-19 11:12:20.773 3834-3864/? I/S3RecognizerInfoBuilder: S3PreambleType 0
2019-03-19 11:12:20.785 3834-3857/? I/FavoriteContactNamesSup: get()
2019-03-19 11:12:20.785 3834-3857/? I/FavoriteContactNamesSup: get() : Execute directly (BG thread)
2019-03-19 11:12:20.787 1635-1635/? W/ChimeraUtils: Non Chimera context
2019-03-19 11:12:20.787 1635-1635/? W/ChimeraUtils: Non Chimera context
2019-03-19 11:12:20.788 3834-3857/? I/FavoriteContactNamesSup: get()
2019-03-19 11:12:20.788 3834-3857/? I/FavoriteContactNamesSup: get() : Execute directly (BG thread)
2019-03-19 11:12:20.788 3834-3857/? I/FavoriteContactNamesSup: get()
2019-03-19 11:12:20.788 3834-3857/? I/FavoriteContactNamesSup: get() : Execute directly (BG thread)
2019-03-19 11:12:20.789 3834-3856/? D/CronetProvider: Tried to load org.chromium.net.impl.NativeCronetProvider provider class but it wasn't included in the app classpath
2019-03-19 11:12:20.795 3834-3859/? I/MicrophoneInputStream: mic_started com.google.android.apps.gsa.speech.audio.ae@180bcae
2019-03-19 11:12:20.796 595-3872/? D/libperfdclientstub: perf_lock_acq stub called by pid: 595
2019-03-19 11:12:20.796 595-3872/? D/audio_route: Apply path: echo-reference
2019-03-19 11:12:20.803 593-593/? W//system/bin/hw/android.hidl.allocator@1.0-service: ashmem_create_region(3840) returning hidl_memory(0x7400c2c350, 3840)
2019-03-19 11:12:20.805 593-593/? W//system/bin/hw/android.hidl.allocator@1.0-service: ashmem_create_region(3840) returning hidl_memory(0x7400c2c350, 3840)
2019-03-19 11:12:20.809 3834-3871/? I/OMXClient: Treble IOmx obtained
2019-03-19 11:12:20.810 595-3872/? D/audio_hw_primary: enable_snd_device: snd_device(80: voice-rec-dmic-ef-fluence)
2019-03-19 11:12:20.810 595-3872/? D/audio_route: Apply path: voice-rec-dmic-ef-fluence
2019-03-19 11:12:20.810 682-1562/? I/OMXMaster: makeComponentInstance(OMX.google.amrwb.encoder) in omx@1.0-service process
2019-03-19 11:12:20.813 682-1268/? E/OMXNodeInstance: getConfig(0xeb322ae0:google.amrwb.encoder, ConfigAndroidVendorExtension(0x6f100004)) ERROR: Undefined(0x80001001)
2019-03-19 11:12:20.815 3834-3834/? I/BgTaskExecutorImpl: Starting EXCLUSIVE background task fetch_location_reporting_state.
2019-03-19 11:12:20.817 593-593/? W//system/bin/hw/android.hidl.allocator@1.0-service: ashmem_create_region(640) returning hidl_memory(0x7400c2c350, 640)
2019-03-19 11:12:20.822 593-593/? I/chatty: uid=1000(system) allocator@1.0-s identical 2 lines
2019-03-19 11:12:20.823 593-593/? W//system/bin/hw/android.hidl.allocator@1.0-service: ashmem_create_region(640) returning hidl_memory(0x7400c2c350, 640)
2019-03-19 11:12:20.827 3834-3856/? W/zygote: Skipping duplicate class check due to unrecognized classloader
2019-03-19 11:12:20.829 593-593/? W//system/bin/hw/android.hidl.allocator@1.0-service: ashmem_create_region(8192) returning hidl_memory(0x7400c2c350, 8192)
2019-03-19 11:12:20.829 3834-3856/? I/DynamiteModule: Considering local module com.google.android.gms.cronet_dynamite:0 and remote module com.google.android.gms.cronet_dynamite:1207
2019-03-19 11:12:20.829 3834-3856/? I/DynamiteModule: Selected remote version of com.google.android.gms.cronet_dynamite, version >= 1207
2019-03-19 11:12:20.830 595-3872/? D/ACDB-LOADER: ACDB -> send_audio_cal, acdb_id = 111, path = 1, app id = 0x11132, sample rate = 48000
2019-03-19 11:12:20.830 595-3872/? D/ACDB-LOADER: ACDB -> send_asm_topology
2019-03-19 11:12:20.830 595-3872/? D/ACDB-LOADER: ACDB -> ACDB_CMD_GET_AUDPROC_STREAM_TOPOLOGY_ID
2019-03-19 11:12:20.830 595-3872/? D/ACDB-LOADER: ACDB -> send_adm_topology
2019-03-19 11:12:20.830 595-3872/? D/ACDB-LOADER: ACDB -> ACDB_CMD_GET_AUDPROC_COMMON_TOPOLOGY_ID
2019-03-19 11:12:20.830 595-3872/? D/ACDB-LOADER: ACDB -> send_audtable
2019-03-19 11:12:20.830 595-3872/? D/ACDB-LOADER: ACDB -> ACDB_CMD_GET_AUDPROC_COMMON_TABLE_SIZE
2019-03-19 11:12:20.831 595-3872/? D/ACDB-LOADER: ACDB -> ACDB_CMD_GET_AUDPROC_COMMON_TABLE
2019-03-19 11:12:20.831 595-3872/? D/ACDB-LOADER: ACDB -> AUDIO_SET_AUDPROC_CAL
2019-03-19 11:12:20.831 595-3872/? D/ACDB-LOADER: ACDB -> send_audvoltable
2019-03-19 11:12:20.831 595-3872/? D/ACDB-LOADER: ACDB -> ACDB_CMD_GET_AUDPROC_VOL_STEP_TABLE_SIZE
2019-03-19 11:12:20.831 595-3872/? D/ACDB-LOADER: ACDB -> ACDB_CMD_GET_AUDPROC_GAIN_DEP_STEP_TABLE, vol index 0
2019-03-19 11:12:20.831 595-3872/? E/ACDB-LOADER: Error: ACDB AudProc vol returned = -19
2019-03-19 11:12:20.831 595-3872/? D/ACDB-LOADER: ACDB -> AUDIO_SET_VOL_CAL cal type = 12
2019-03-19 11:12:20.831 595-3872/? D/ACDB-LOADER: ACDB -> ACDB_CMD_GET_AUDPROC_STREAM_TABLE_SIZE
2019-03-19 11:12:20.831 595-3872/? D/ACDB-LOADER: ACDB -> send_audstrmtable
2019-03-19 11:12:20.831 595-3872/? D/ACDB-LOADER: ACDB -> ACDB_CMD_GET_AUDPROC_STREAM_TABLE_V2
2019-03-19 11:12:20.831 595-3872/? D/ACDB-LOADER: ACDB -> audstrm_cal->cal_type.cal_data.cal_size = 16
2019-03-19 11:12:20.831 595-3872/? D/ACDB-LOADER: ACDB -> send_afe_topology
2019-03-19 11:12:20.831 595-3872/? D/ACDB-LOADER: ACDB -> ACDB_CMD_GET_AFE_TOPOLOGY_ID
2019-03-19 11:12:20.831 595-3872/? D/ACDB-LOADER: ACDB -> GET_AFE_TOPOLOGY_ID for adcd_id 111, Topology Id 112fb
2019-03-19 11:12:20.831 595-3872/? D/ACDB-LOADER: ACDB -> send_afe_cal
2019-03-19 11:12:20.831 595-3872/? D/ACDB-LOADER: ACDB -> ACDB_CMD_GET_AFE_COMMON_TABLE_SIZE
2019-03-19 11:12:20.831 595-3872/? E/ACDB-LOADER: Error: ACDB_CMD_GET_AFE_COMMON_TABLE_SIZE Returned = -19
2019-03-19 11:12:20.831 595-3872/? D/ACDB-LOADER: ACDB -> ACDB_CMD_GET_AFE_COMMON_TABLE
2019-03-19 11:12:20.831 595-3872/? E/ACDB-LOADER: Error: ACDB AFE returned = -19
2019-03-19 11:12:20.831 595-3872/? D/ACDB-LOADER: ACDB -> AUDIO_SET_AFE_CAL
2019-03-19 11:12:20.831 595-3872/? D/ACDB-LOADER: ACDB -> send_hw_delay : acdb_id = 111 path = 1
2019-03-19 11:12:20.831 595-3872/? D/ACDB-LOADER: ACDB -> ACDB_AVSYNC_INFO: ACDB_CMD_GET_DEVICE_PROPERTY
2019-03-19 11:12:20.831 595-3872/? D/audio_hw_primary: enable_audio_route: usecase(9) apply and update mixer path: audio-record
2019-03-19 11:12:20.831 595-3872/? D/audio_route: Apply path: audio-record
2019-03-19 11:12:20.831 593-593/? W//system/bin/hw/android.hidl.allocator@1.0-service: ashmem_create_region(8192) returning hidl_memory(0x7400c2c350, 8192)
2019-03-19 11:12:20.833 593-593/? I/chatty: uid=1000(system) allocator@1.0-s identical 1 line
2019-03-19 11:12:20.835 593-593/? W//system/bin/hw/android.hidl.allocator@1.0-service: ashmem_create_region(8192) returning hidl_memory(0x7400c2c350, 8192)
2019-03-19 11:12:20.844 3834-3878/? W/BgTaskExecutorImpl: EXCLUSIVE background task fetch_location_reporting_state was not found. com.google.android.apps.gsa.tasks.p: Could not find background task: fetch_location_reporting_state
at com.google.android.apps.gsa.tasks.b.b.run(SourceFile:2)
at java.util.concurrent.Executors$RunnableAdapter.call(Executors.java:457)
at java.util.concurrent.FutureTask.run(FutureTask.java:266)
at java.util.concurrent.Executors$RunnableAdapter.call(Executors.java:457)
at java.util.concurrent.FutureTask.run(FutureTask.java:266)
at com.google.android.apps.gsa.shared.util.concurrent.a.h.run(Unknown Source:2)
at com.google.android.apps.gsa.shared.util.concurrent.a.ap.run(SourceFile:1)
at com.google.android.apps.gsa.shared.util.concurrent.a.ap.run(SourceFile:1)
at java.util.concurrent.ThreadPoolExecutor.runWorker(ThreadPoolExecutor.java:1162)
at java.util.concurrent.ThreadPoolExecutor$Worker.run(ThreadPoolExecutor.java:636)
at java.lang.Thread.run(Thread.java:764)
at com.google.android.apps.gsa.shared.util.concurrent.a.l.run(SourceFile:5)
2019-03-19 11:12:20.849 3834-3856/? W/zygote: Skipping duplicate class check due to unrecognized classloader
2019-03-19 11:12:20.856 3834-3856/? D/CronetProvider: Tried to load org.chromium.net.impl.NativeCronetProvider provider class but it wasn't included in the app classpath
2019-03-19 11:12:20.862 595-3872/? D/libperfdclientstub: perf_lock_rel stub called by pid: 595
2019-03-19 11:12:20.870 3834-3856/? I/cr_CronetLibraryLoader: Cronet version: 70.0.3538.80, arch: armv8l
2019-03-19 11:12:20.878 3834-3869/? W/CronetHttpEngine: Upload request without a content type.
2019-03-19 11:12:20.899 3834-3859/? W/SpeechLevelGenerator: Really low audio levels detected. The audio input may have issues.
2019-03-19 11:12:20.928 3834-3885/? D/NetworkSecurityConfig: No Network Security Config specified, using platform default
2019-03-19 11:12:21.184 664-797/? W/AudioFlinger::EffectModule: EffectModule 0xf2d7cd80 destructor called with unreleased interface
2019-03-19 11:12:21.184 664-797/? W/AudioFlinger::EffectHandle: disconnect Effect handle 0xf2d2e380 disconnected after thread destruction
2019-03-19 11:12:21.765 3834-3858/? W/RecognitionDispatcher: Could not stop engine: 3.
2019-03-19 11:12:21.765 3586-3586/? I/KKSpeechRecognizer: onBeginningOfSpeech
2019-03-19 11:12:22.117 3586-3602/? I/Unity: GotPartialResult (Filename: ./Runtime/Export/Debug.bindings.h Line: 45)
2019-03-19 11:12:22.653 3586-3602/? I/chatty: uid=10076(com.bds.ymtcpsvr) UnityMain identical 4 lines
2019-03-19 11:12:22.707 3586-3602/? I/Unity: GotPartialResult (Filename: ./Runtime/Export/Debug.bindings.h Line: 45)
2019-03-19 11:12:22.721 3586-3602/? I/Unity: GotPartialResult alright (Filename: ./Runtime/Export/Debug.bindings.h Line: 45)
2019-03-19 11:12:22.812 3586-3602/? I/chatty: uid=10076(com.bds.ymtcpsvr) UnityMain identical 2 lines
2019-03-19 11:12:22.866 3586-3602/? I/Unity: GotPartialResult alright (Filename: ./Runtime/Export/Debug.bindings.h Line: 45)
2019-03-19 11:12:23.108 3586-3602/? I/Unity: GotPartialResult alright just (Filename: ./Runtime/Export/Debug.bindings.h Line: 45)
2019-03-19 11:12:23.495 3586-3602/? I/Unity: GotPartialResult alright just a moment (Filename: ./Runtime/Export/Debug.bindings.h Line: 45)
2019-03-19 11:12:23.620 3834-3858/? I/MicrophoneInputStream: mic_close com.google.android.apps.gsa.speech.audio.ae@180bcae
2019-03-19 11:12:23.653 595-595/? D/audio_hw_primary: disable_audio_route: usecase(9) reset and update mixer path: audio-record
2019-03-19 11:12:23.654 595-595/? D/audio_hw_primary: disable_snd_device: snd_device(80: voice-rec-dmic-ef-fluence)
2019-03-19 11:12:23.665 3586-3586/? I/KKSpeechRecognizer: onEndOfSpeech
2019-03-19 11:12:23.667 3586-3602/? I/Unity: End Of Speech (Filename: ./Runtime/Export/Debug.bindings.h Line: 45)
2019-03-19 11:12:23.684 3586-3602/? I/Unity: exit (Filename: ./Runtime/Export/Debug.bindings.h Line: 45)
2019-03-19 11:12:23.740 3834-3858/? I/AudioController: internalShutdown
2019-03-19 11:12:23.746 3834-3834/? I/RecognizerImpl: Supplied requestId [E1gfrZ-ALh8] is not the one that is currently active [null]
2019-03-19 11:12:23.748 3586-3602/? I/Unity: GotFinalResult alright just a moment (Filename: ./Runtime/Export/Debug.bindings.h Line: 45)
2019-03-19 11:12:23.752 593-593/? W//system/bin/hw/android.hidl.allocator@1.0-service: ashmem_create_region(3840) returning hidl_memory(0x7400c2c350, 3840)
2019-03-19 11:12:23.753 593-593/? W//system/bin/hw/android.hidl.allocator@1.0-service: ashmem_create_region(3840) returning hidl_memory(0x7400c2c350, 3840)
2019-03-19 11:12:24.284 664-797/? W/AudioFlinger::EffectModule: EffectModule 0xf2999900 destructor called with unreleased interface
2019-03-19 11:12:24.284 664-797/? W/AudioFlinger::EffectHandle: disconnect Effect handle 0xf2d2e340 disconnected after thread destruction
2019-03-19 11:12:25.734 1635-2188/? E/AbstractServiceBroker: Getting service failed java.lang.SecurityException: GoogleCertificatesRslt: not whitelisted: pkg=com.google.android.apps.speechservices, sha1=38918a453d07199354f8b19af05ec6562ced5788, atk=false, ver=15090019.true at qgs.b(:com.google.android.gms@15090019@15.0.90 (040400-231259764):2) at qgy.a(:com.google.android.gms@15090019@15.0.90 (040400-231259764):21) at com.google.android.contextmanager.service.ContextManagerChimeraService.a(:com.google.android.gms@15090019@15.0.90 (040400-231259764):10) at yzp.a(:com.google.android.gms@15090019@15.0.90 (040400-231259764):17) at ray.a(:com.google.android.gms@15090019@15.0.90 (040400-231259764):40) at rdu.onTransact(:com.google.android.gms@15090019@15.0.90 (040400-231259764):36)
at android.os.Binder.transact(Binder.java:604) at dvm.onTransact(:com.google.android.gms@15090019@15.0.90 (040400-231259764):3)
at android.os.Binder.execTransact(Binder.java:674)
2019-03-19 11:12:25.735 3834-3874/? E/AndroidRuntime: FATAL EXCEPTION: GcoreGoogleApiClient Process: com.google.android.apps.speechservices:search, PID: 3834 java.lang.SecurityException: GoogleCertificatesRslt: not whitelisted: pkg=com.google.android.apps.speechservices, sha1=38918a453d07199354f8b19af05ec6562ced5788, atk=false, ver=15090019.true
at android.os.Parcel.readException(Parcel.java:1944)
at android.os.Parcel.readException(Parcel.java:1890)
at com.google.android.gms.common.internal.x.a(Unknown Source:36)
at com.google.android.gms.common.internal.an.a(Unknown Source:39)
at com.google.android.gms.common.api.internal.q.UZ(Unknown Source:14)
at com.google.android.gms.common.api.internal.v.run(Unknown Source:5)
at java.util.concurrent.Executors$RunnableAdapter.call(Executors.java:457)
at java.util.concurrent.FutureTask.run(FutureTask.java:266)
at java.util.concurrent.ThreadPoolExecutor.runWorker(ThreadPoolExecutor.java:1162)
at java.util.concurrent.ThreadPoolExecutor$Worker.run(ThreadPoolExecutor.java:636)
at com.google.android.gms.internal.x.run(Unknown Source:7)
at java.lang.Thread.run(Thread.java:764)
2019-03-19 11:12:25.751 1064-1078/? I/ActivityManager: Start proc 3897:com.google.android.apps.speechservices:crash_report/u0a74 for broadcast com.google.android.apps.speechservices/com.google.android.apps.gsa.silentfeedback.SilentFeedbackReceiver
2019-03-19 11:12:25.752 3897-3897/? W/zygote: Using default instruction set features for ARM CPU variant (cortex-a9) using conservative defaults
2019-03-19 11:12:25.844 3834-3874/? I/Process: Sending signal. PID: 3834 SIG: 9
2019-03-19 11:12:25.883 1064-2142/? D/ConnectivityService: ConnectivityService NetworkRequestInfo binderDied(NetworkRequest [ LISTEN id=13, [ Capabilities: INTERNET&NOT_RESTRICTED&TRUSTED] ], android.os.BinderProxy@fb57e7)
2019-03-19 11:12:25.883 1064-1274/? I/MediaFocusControl: AudioFocus removeFocusStackEntryOnDeath(): removing entry for android.os.BinderProxy@376ff94
2019-03-19 11:12:25.884 1064-2366/? I/ActivityManager: Process com.google.android.apps.speechservices:search (pid 3834) has died: vis BFGS
2019-03-19 11:12:25.884 1064-2366/? W/ActivityManager: Service crashed 2 times, stopping: ServiceRecord{71eca50 u0 com.google.android.apps.speechservices/com.google.android.voicesearch.serviceapi.GoogleRecognitionService}
2019-03-19 11:12:25.884 1064-1080/? W/zygote64: kill(-3834, 9) failed: No such process
2019-03-19 11:12:25.884 1064-2366/? W/ActivityManager: Service crashed 2 times, stopping: ServiceRecord{56bf26f u0 com.google.android.apps.speechservices/com.google.android.apps.gsa.search.core.service.SearchService}
2019-03-19 11:12:25.895 3897-3897/? D/AndroidRuntime: Shutting down VM
2019-03-19 11:12:25.895 3897-3897/? E/AndroidRuntime: FATAL EXCEPTION: main Process: com.google.android.apps.speechservices:crash_report, PID: 3897 java.lang.SecurityException: GoogleCertificatesRslt: not whitelisted: pkg=com.google.android.apps.speechservices, sha1=38918a453d07199354f8b19af05ec6562ced5788, atk=false, ver=15090019.true
at android.os.Parcel.readException(Parcel.java:1944)
at android.os.Parcel.readException(Parcel.java:1890)
at com.google.android.gms.common.internal.x.a(Unknown Source:36)
at com.google.android.gms.common.internal.an.a(Unknown Source:39)
at com.google.android.gms.common.api.internal.q.UZ(Unknown Source:14)
at com.google.android.gms.common.api.internal.v.run(Unknown Source:5)
at java.util.concurrent.Executors$RunnableAdapter.call(Executors.java:457)
at java.util.concurrent.FutureTask.run(FutureTask.java:266)
at java.util.concurrent.ThreadPoolExecutor.runWorker(ThreadPoolExecutor.java:1162)
at java.util.concurrent.ThreadPoolExecutor$Worker.run(ThreadPoolExecutor.java:636)
at com.google.android.gms.internal.x.run(Unknown Source:7)
at java.lang.Thread.run(Thread.java:764)
2019-03-19 11:12:25.937 1064-1080/? W/zygote64: kill(-3834, 9) failed: No such process
2019-03-19 11:12:25.937 1064-1080/? I/zygote64: Successfully killed process cgroup uid 10074 pid 3834 in 52ms
2019-03-19 11:12:25.948 1064-3920/? W/ActivityManager: Process com.google.android.apps.speechservices:search has crashed too many times: killing!
2019-03-19 11:12:25.949 1064-3920/? I/ActivityManager: Killing 3897:com.google.android.apps.speechservices:crash_report/u0a74 (adj 0): crash
2019-03-19 11:12:25.949 1064-1080/? W/zygote64: kill(-3897, 9) failed: No such process
2019-03-19 11:12:25.956 1064-1078/? W/BroadcastQueue: Background execution not allowed: receiving Intent { act=android.intent.action.DROPBOX_ENTRY_ADDED flg=0x10 (has extras) } to com.google.android.gms/.stats.service.DropBoxEntryAddedReceiver
2019-03-19 11:12:25.956 1064-1078/? W/BroadcastQueue: Background execution not allowed: receiving Intent { act=android.intent.action.DROPBOX_ENTRY_ADDED flg=0x10 (has extras) } to com.google.android.gms/.chimera.GmsIntentOperationService$PersistentTrustedReceiver
2019-03-19 11:12:25.956 1064-1078/? W/BroadcastQueue: Unable to launch app com.google.android.apps.speechservices/10074 for broadcast Intent { flg=0x10 cmp=com.google.android.apps.speechservices/com.google.android.apps.gsa.silentfeedback.SilentFeedbackReceiver (has extras) }: process is bad
2019-03-19 11:12:25.956 1064-1078/? W/BroadcastQueue: Background execution not allowed: receiving Intent { act=android.intent.action.DROPBOX_ENTRY_ADDED flg=0x10 (has extras) } to com.google.android.gms/.stats.service.DropBoxEntryAddedReceiver
2019-03-19 11:12:25.957 1064-1078/? W/BroadcastQueue: Background execution not allowed: receiving Intent { act=android.intent.action.DROPBOX_ENTRY_ADDED flg=0x10 (has extras) } to com.google.android.gms/.chimera.GmsIntentOperationService$PersistentTrustedReceiver
2019-03-19 11:12:26.000 1064-1080/? W/zygote64: kill(-3897, 9) failed: No such process
2019-03-19 11:12:26.000 1064-1080/? I/zygote64: Successfully killed process cgroup uid 10074 pid 3897 in 50ms
2019-03-19 11:12:27.308 3586-3602/? I/Unity: enter (Filename: ./Runtime/Export/Debug.bindings.h Line: 45)
2019-03-19 11:12:28.228 2208-3681/? I/Finsky: [111] cyn.doInBackground(36): Patch apply task for com.google.android.apps.photos (com.google.android.apps.photos) (format 5) completed in 19539 ms
2019-03-19 11:12:28.290 2208-2208/? I/Finsky: [2] cyn.onPostExecute(11): Successfully applied patch to update com.google.android.apps.photos (com.google.android.apps.photos)
2019-03-19 11:12:28.307 2037-2322/? V/DownloadManager: Deleting /data/data/com.android.providers.downloads/cache/downloadfile.bin via provider delete
2019-03-19 11:12:28.319 2208-2208/? I/Finsky: [2] kao.a(26): Downloading patch for com.google.android.apps.photos:3294962 (adid: ..split.config.xxhdpi , isid: sF6EtRv1QgWUYR5iEgMtVw)
2019-03-19 11:12:28.320 2208-2208/? I/Finsky: [2] hli.a(3): Duplicate state set for 'com.google.android.apps.photos' (0). Already in that state
2019-03-19 11:12:28.320 2208-2208/? I/Finsky: [2] hlr.e(6): Download com.google.android.apps.photos added to DownloadQueue
2019-03-19 11:12:28.322 2208-2208/? I/Finsky: [2] hli.a(5): com.google.android.apps.photos from 0 to 1.
2019-03-19 11:12:28.328 2208-2208/? I/Finsky: [2] hma.a(12): Download com.google.android.apps.photos starting
2019-03-19 11:12:28.389 2208-2208/? I/Finsky: [2] hly.onPostExecute(3): Enqueued com.google.android.apps.photos as content://downloads/my_downloads/196
2019-03-19 11:12:28.389 2208-2208/? I/Finsky: [2] hli.a(5): com.google.android.apps.photos from 1 to 2.
2019-03-19 11:12:28.389 2208-2208/? I/Finsky: [2] hlr.d(8): com.google.android.apps.photos: onStart
2019-03-19 11:12:28.401 2037-3931/? D/DownloadManager: [196] Starting
2019-03-19 11:12:28.433 1064-1216/? W/TelecomManager: Telecom Service not found.
2019-03-19 11:12:28.434 2037-3931/? D/NetworkSecurityConfig: No Network Security Config specified, using platform default
2019-03-19 11:12:28.442 2208-2208/? I/Finsky: [2] hlr.b(15): com.google.android.apps.photos: onProgress 0/-1 Status: 192 URI: content://downloads/my_downloads/196.
2019-03-19 11:12:28.743 1064-1074/? W/TelecomManager: Telecom Service not found.
2019-03-19 11:12:28.775 1064-1309/? W/TelecomManager: Telecom Service not found.
2019-03-19 11:12:28.778 2037-3931/? D/DownloadManager: [196] Finished with status SUCCESS
2019-03-19 11:12:28.815 2208-2208/? I/Finsky: [2] com.google.android.finsky.download.DownloadBroadcastReceiver.b(1): Intent received at DownloadBroadcastReceiver
2019-03-19 11:12:28.817 2208-2208/? I/Finsky: [2] hlr.b(15): com.google.android.apps.photos: onProgress 111273/111273 Status: 200 URI: content://downloads/my_downloads/196.
2019-03-19 11:12:28.818 2955-2955/? W/Isotope: UID: [10020] PID: [2955] DownloadDataStoreImpl : No matching entry found, returning null.
2019-03-19 11:12:28.818 2955-2955/? I/Isotope: UID: [10020] PID: [2955] DownloadDataStoreImpl : no data for downloadId 196
2019-03-19 11:12:28.818 2955-2955/? I/Finsky:instant_app_inst: [2] com.google.android.finsky.instantapps.dna.ArchiveDownloadBroadcastReceiver.onReceive(5): Skipping download id 196, not a prefetch
2019-03-19 11:12:28.818 1064-1064/? W/TelecomManager: Telecom Service not found.
2019-03-19 11:12:28.845 2208-2208/? I/Finsky: [2] hli.a(5): com.google.android.apps.photos from 2 to 3.
2019-03-19 11:12:28.845 2208-2208/? I/Finsky: [2] hlr.a(28): com.google.android.apps.photos: onComplete
2019-03-19 11:12:28.845 2208-2208/? I/Finsky: [2] hlr.i(1): Download com.google.android.apps.photos removed from DownloadQueue
2019-03-19 11:12:28.854 2208-2208/? I/Finsky: [2] jzo.a(139): Prepare to patch com.google.android.apps.photos (adid: ..split.config.xxhdpi , isid: sF6EtRv1QgWUYR5iEgMtVw) from content://downloads/my_downloads/196 format 5
2019-03-19 11:12:28.893 2208-3683/? I/Finsky: [113] cyf.a(1): APK integrity will be verified using [SHA-256] method
2019-03-19 11:12:28.992 3586-3602/? I/Unity: Staff (Game1Staff) (Filename: ./Runtime/Export/Debug.bindings.h Line: 45)
2019-03-19 11:12:28.994 3586-3602/? I/Unity: voice: g1staff1 (Filename: ./Runtime/Export/Debug.bindings.h Line: 45)
2019-03-19 11:12:29.087 2208-3683/? I/Finsky: [113] cyn.doInBackground(36): Patch apply task for com.google.android.apps.photos (..split.config.xxhdpi) (format 5) completed in 229 ms
2019-03-19 11:12:29.106 2208-2208/? I/Finsky: [2] cyn.onPostExecute(11): Successfully applied patch to update com.google.android.apps.photos (..split.config.xxhdpi)
2019-03-19 11:12:29.120 2037-2722/? V/DownloadManager: Deleting /data/data/com.android.providers.downloads/cache/downloadfile.bin via provider delete
2019-03-19 11:12:29.123 2208-2208/? I/Finsky: [2] kao.a(26): Downloading patch for com.google.android.apps.photos:3294962 (adid: ..split.config.zh , isid: sF6EtRv1QgWUYR5iEgMtVw)
2019-03-19 11:12:29.124 2208-2208/? I/Finsky: [2] hli.a(3): Duplicate state set for 'com.google.android.apps.photos' (0). Already in that state
2019-03-19 11:12:29.124 2208-2208/? I/Finsky: [2] hlr.e(6): Download com.google.android.apps.photos added to DownloadQueue
2019-03-19 11:12:29.127 2208-2208/? I/Finsky: [2] hli.a(5): com.google.android.apps.photos from 0 to 1.
2019-03-19 11:12:29.131 2208-2208/? I/Finsky: [2] hma.a(12): Download com.google.android.apps.photos starting
2019-03-19 11:12:29.178 2208-2208/? I/Finsky: [2] hly.onPostExecute(3): Enqueued com.google.android.apps.photos as content://downloads/my_downloads/197
2019-03-19 11:12:29.178 2208-2208/? I/Finsky: [2] hli.a(5): com.google.android.apps.photos from 1 to 2.
2019-03-19 11:12:29.178 2208-2208/? I/Finsky: [2] hlr.d(8): com.google.android.apps.photos: onStart
2019-03-19 11:12:29.185 2208-2208/? I/Finsky: [2] hlr.b(15): com.google.android.apps.photos: onProgress 0/-1 Status: 190 URI: content://downloads/my_downloads/197.
2019-03-19 11:12:29.195 2037-3937/? D/DownloadManager: [197] Starting
2019-03-19 11:12:29.229 1064-1074/? W/TelecomManager: Telecom Service not found.
2019-03-19 11:12:29.233 2037-3937/? D/NetworkSecurityConfig: No Network Security Config specified, using platform default
2019-03-19 11:12:29.245 2208-2208/? I/Finsky: [2] hlr.b(15): com.google.android.apps.photos: onProgress 0/-1 Status: 192 URI: content://downloads/my_downloads/197.
2019-03-19 11:12:29.500 1064-1216/? W/TelecomManager: Telecom Service not found.
2019-03-19 11:12:29.530 2037-3937/? D/DownloadManager: [197] Finished with status SUCCESS
2019-03-19 11:12:29.551 1446-1650/? E/native: filter_update_base.cc:101 Mapped visual feature update failed when computing its residual and Jacobian.
2019-03-19 11:12:29.560 1064-1064/? W/TelecomManager: Telecom Service not found.
2019-03-19 11:12:29.560 2208-2208/? I/Finsky: [2] com.google.android.finsky.download.DownloadBroadcastReceiver.b(1): Intent received at DownloadBroadcastReceiver
2019-03-19 11:12:29.564 2955-2955/? W/Isotope: UID: [10020] PID: [2955] DownloadDataStoreImpl : No matching entry found, returning null.
2019-03-19 11:12:29.564 2955-2955/? I/Isotope: UID: [10020] PID: [2955] DownloadDataStoreImpl : no data for downloadId 197
2019-03-19 11:12:29.564 2955-2955/? I/Finsky:instant_app_inst: [2] com.google.android.finsky.instantapps.dna.ArchiveDownloadBroadcastReceiver.onReceive(5): Skipping download id 197, not a prefetch
2019-03-19 11:12:29.567 2208-2208/? I/Finsky: [2] hlr.b(15): com.google.android.apps.photos: onProgress 25149/25149 Status: 200 URI: content://downloads/my_downloads/197.
2019-03-19 11:12:29.581 2208-2208/? I/Finsky: [2] hli.a(5): com.google.android.apps.photos from 2 to 3.
2019-03-19 11:12:29.582 2208-2208/? I/Finsky: [2] hlr.a(28): com.google.android.apps.photos: onComplete
2019-03-19 11:12:29.582 2208-2208/? I/Finsky: [2] hlr.i(1): Download com.google.android.apps.photos removed from DownloadQueue
2019-03-19 11:12:29.589 2208-2208/? I/Finsky: [2] jzo.a(139): Prepare to patch com.google.android.apps.photos (adid: ..split.config.zh , isid: sF6EtRv1QgWUYR5iEgMtVw) from content://downloads/my_downloads/197 format 5
2019-03-19 11:12:29.637 2208-3685/? I/Finsky: [115] cyf.a(1): APK integrity will be verified using [SHA-256] method
2019-03-19 11:12:29.658 1446-1649/? E/native: filter_update_base.cc:101 Mapped visual feature update failed when computing its residual and Jacobian.
2019-03-19 11:12:29.696 2208-3685/? I/Finsky: [115] cyn.doInBackground(36): Patch apply task for com.google.android.apps.photos (..split.config.zh) (format 5) completed in 106 ms
2019-03-19 11:12:29.707 2208-2208/? I/Finsky: [2] cyn.onPostExecute(11): Successfully applied patch to update com.google.android.apps.photos (..split.config.zh)
2019-03-19 11:12:29.735 2208-2208/? I/Finsky: [2] kao.a(26): Downloading patch for com.google.android.apps.photos:3294962 (adid: ..split.config.en , isid: sF6EtRv1QgWUYR5iEgMtVw)
2019-03-19 11:12:29.736 2037-2322/? V/DownloadManager: Deleting /data/data/com.android.providers.downloads/cache/downloadfile.bin via provider delete
2019-03-19 11:12:29.736 2208-2208/? I/Finsky: [2] hli.a(3): Duplicate state set for 'com.google.android.apps.photos' (0). Already in that state
2019-03-19 11:12:29.737 2208-2208/? I/Finsky: [2] hlr.e(6): Download com.google.android.apps.photos added to DownloadQueue
2019-03-19 11:12:29.743 2208-2208/? I/Finsky: [2] hli.a(5): com.google.android.apps.photos from 0 to 1.
2019-03-19 11:12:29.747 2208-2208/? I/Finsky: [2] hma.a(12): Download com.google.android.apps.photos starting
2019-03-19 11:12:29.788 2208-2208/? I/Finsky: [2] hly.onPostExecute(3): Enqueued com.google.android.apps.photos as content://downloads/my_downloads/198
2019-03-19 11:12:29.789 2208-2208/? I/Finsky: [2] hli.a(5): com.google.android.apps.photos from 1 to 2.
2019-03-19 11:12:29.789 2208-2208/? I/Finsky: [2] hlr.d(8): com.google.android.apps.photos: onStart
2019-03-19 11:12:29.799 2037-3942/? D/DownloadManager: [198] Starting
2019-03-19 11:12:29.819 1064-1309/? W/TelecomManager: Telecom Service not found.
2019-03-19 11:12:29.825 2037-3942/? D/NetworkSecurityConfig: No Network Security Config specified, using platform default
2019-03-19 11:12:29.832 2208-2208/? I/Finsky: [2] hlr.b(15): com.google.android.apps.photos: onProgress 0/-1 Status: 192 URI: content://downloads/my_downloads/198.
2019-03-19 11:12:30.042 1446-1647/? E/native: filter_update_base.cc:101 Mapped visual feature update failed when computing its residual and Jacobian.
2019-03-19 11:12:30.045 1064-1216/? W/TelecomManager: Telecom Service not found.
2019-03-19 11:12:30.062 2037-3942/? D/DownloadManager: [198] Finished with status SUCCESS
2019-03-19 11:12:30.062 1195-1201/? I/zygote64: Do partial code cache collection, code=245KB, data=158KB
2019-03-19 11:12:30.063 1195-1201/? I/zygote64: After code cache collection, code=245KB, data=158KB
2019-03-19 11:12:30.063 1195-1201/? I/zygote64: Increasing code cache capacity to 1024KB
2019-03-19 11:12:30.105 1064-1064/? W/TelecomManager: Telecom Service not found.
2019-03-19 11:12:30.108 2208-2208/? I/Finsky: [2] com.google.android.finsky.download.DownloadBroadcastReceiver.b(1): Intent received at DownloadBroadcastReceiver
2019-03-19 11:12:30.112 2955-2955/? W/Isotope: UID: [10020] PID: [2955] DownloadDataStoreImpl : No matching entry found, returning null.
2019-03-19 11:12:30.112 2955-2955/? I/Isotope: UID: [10020] PID: [2955] DownloadDataStoreImpl : no data for downloadId 198
2019-03-19 11:12:30.112 2955-2955/? I/Finsky:instant_app_inst: [2] com.google.android.finsky.instantapps.dna.ArchiveDownloadBroadcastReceiver.onReceive(5): Skipping download id 198, not a prefetch
2019-03-19 11:12:30.113 2208-2208/? I/Finsky: [2] hlr.b(15): com.google.android.apps.photos: onProgress 16278/16278 Status: 200 URI: content://downloads/my_downloads/198.
2019-03-19 11:12:30.129 2208-2208/? I/Finsky: [2] hli.a(5): com.google.android.apps.photos from 2 to 3.
2019-03-19 11:12:30.130 2208-2208/? I/Finsky: [2] hlr.a(28): com.google.android.apps.photos: onComplete
2019-03-19 11:12:30.130 2208-2208/? I/Finsky: [2] hlr.i(1): Download com.google.android.apps.photos removed from DownloadQueue
2019-03-19 11:12:30.137 2208-2208/? I/Finsky: [2] jzo.a(139): Prepare to patch com.google.android.apps.photos (adid: ..split.config.en , isid: sF6EtRv1QgWUYR5iEgMtVw) from content://downloads/my_downloads/198 format 5
2019-03-19 11:12:30.188 2208-3682/? I/Finsky: [112] cyf.a(1): APK integrity will be verified using [SHA-256] method
2019-03-19 11:12:30.238 2208-3682/? I/Finsky: [112] cyn.doInBackground(36): Patch apply task for com.google.android.apps.photos (..split.config.en) (format 5) completed in 95 ms
2019-03-19 11:12:30.252 2208-2208/? I/Finsky: [2] cyn.onPostExecute(11): Successfully applied patch to update com.google.android.apps.photos (..split.config.en)
2019-03-19 11:12:30.257 2037-2322/? V/DownloadManager: Deleting /data/data/com.android.providers.downloads/cache/downloadfile.bin via provider delete
2019-03-19 11:12:30.267 2208-2208/? I/Finsky: [2] jzo.b(51): Begin install of com.google.android.apps.photos (isid: sF6EtRv1QgWUYR5iEgMtVw)
2019-03-19 11:12:30.273 1064-1309/? W/TelecomManager: Telecom Service not found.
2019-03-19 11:12:30.286 2208-2208/? W/ResourceType: ResTable_typeSpec entry count inconsistent: given 1310, previously 1357
2019-03-19 11:12:30.460 1446-1652/? E/native: filter_update_base.cc:101 Mapped visual feature update failed when computing its residual and Jacobian.
2019-03-19 11:12:31.150 1064-1090/? I/ActivityManager: Start proc 3945:com.android.defcontainer/u0a6 for service com.android.defcontainer/.DefaultContainerService
2019-03-19 11:12:30.945 1446-1652/? E/native: filter_update_base.cc:101 Mapped visual feature update failed when computing its residual and Jacobian.
2019-03-19 11:12:31.221 2208-2208/? I/Finsky: [2] tqg.a(5): Verification requested, id = 0
2019-03-19 11:12:31.224 2208-2208/? W/Finsky: [2] cml.a(24): Null bundle, which breaks event chain!. Creating a new logging context.
2019-03-19 11:12:31.228 2208-2291/? I/Finsky: [55] tvf.c(1): Skipping verification because own installation
2019-03-19 11:12:31.228 2208-2291/? I/Finsky: [55] tvf.c(1): Skipping anti malware verification due to pre-check failure
2019-03-19 11:12:31.229 2208-2208/? I/Finsky: [2] txc.c(3): Verifying id=0, result=1
2019-03-19 11:12:31.232 2208-2208/? I/Finsky: [2] txc.b(6): Verification complete: id=0, package_name=com.google.android.apps.photos
2019-03-19 11:12:31.240 1064-1090/? W/ResourceType: ResTable_typeSpec entry count inconsistent: given 1315, previously 1359
2019-03-19 11:12:31.251 3586-3602/? I/Unity: Staff (Game1Staff) (Filename: ./Runtime/Export/Debug.bindings.h Line: 45)
2019-03-19 11:12:31.251 3586-3602/? I/Unity: StartRecording... (Filename: ./Runtime/Export/Debug.bindings.h Line: 45)
2019-03-19 11:12:31.252 1064-1090/? W/PackageParser: No actions in intent filter at /data/app/vmdl1209177765.tmp/base.apk Binary XML file line #1864
2019-03-19 11:12:31.264 1064-1288/? I/ActivityManager: Start proc 3961:com.google.android.apps.speechservices:search/u0a74 for service com.google.android.apps.speechservices/com.google.android.voicesearch.serviceapi.GoogleRecognitionService
2019-03-19 11:12:31.267 3961-3961/? W/zygote: Using default instruction set features for ARM CPU variant (cortex-a9) using conservative defaults
2019-03-19 11:12:31.340 3961-3961/? I/GRecognitionServiceImpl: #startListening [en-US]
2019-03-19 11:12:31.343 1064-1090/? I/PackageManager.DexOptimizer: Running dexopt (dexoptNeeded=1) on: /data/app/vmdl1209177765.tmp/base.apk pkg=com.google.android.apps.photos isa=arm64 dexoptFlags=boot_complete,public target-filter=quicken oatDir=/data/app/vmdl1209177765.tmp/oat sharedLibraries=null
2019-03-19 11:12:31.376 3961-3961/? E/WorkerLoader: No worker found for workerId microdetection.
2019-03-19 11:12:31.379 3961-3961/? I/SearchService: We were killed and are starting back!
2019-03-19 11:12:31.380 1064-1309/? W/ActivityManager: Unable to start service Intent { act=com.google.android.apps.gsa.search.core.BroadcastListenerService.action.START cmp=com.google.android.apps.speechservices/com.google.android.apps.gsa.search.core.BroadcastListenerService } U=0: not found
2019-03-19 11:12:31.380 3983-3983/? I/dex2oat: /system/bin/dex2oat --input-vdex-fd=-1 --output-vdex-fd=14 --compiler-filter=quicken --classpath-dir=/data/app/vmdl1209177765.tmp
2019-03-19 11:12:31.405 3961-3961/? E/WorkerLoader: No worker found for workerId networkmonitor.
2019-03-19 11:12:31.406 3961-3961/? E/WorkerLoader: No worker found for workerId sharedmicrodetection.
2019-03-19 11:12:31.408 3961-3961/? E/WorkerLoader: No worker found for workerId actions.
2019-03-19 11:12:31.421 3961-3961/? I/AudioRouter: Route changed: ROUTE_NO_AUDIO->ROUTE_NO_BLUETOOTH,CONNECTION_TYPE_NONE->CONNECTION_TYPE_NONE
2019-03-19 11:12:31.421 3961-3991/? W/AudioManager: Use of stream types is deprecated for operations other than volume control
2019-03-19 11:12:31.421 3961-3991/? W/AudioManager: See the documentation of requestAudioFocus() for what to use instead with android.media.AudioAttributes to qualify your playback use case
2019-03-19 11:12:31.423 1064-1288/? I/MediaFocusControl: AudioFocus requestAudioFocus() from uid/pid 10074/3961 clientId=android.media.AudioManager@4c72bddcom.google.android.apps.gsa.speech.audio.c.b@2193352 req=4 flags=0x0
2019-03-19 11:12:31.449 3961-3961/? I/AudioController: Created new AudioSource
2019-03-19 11:12:31.453 3961-3989/? I/MicrophoneInputStream: mic_starting com.google.android.apps.gsa.speech.audio.ae@f33d129
2019-03-19 11:12:31.454 595-595/? W/DeviceHAL: Device 0xec558000 open_input_stream: Invalid argument
2019-03-19 11:12:31.461 3586-3586/? I/KKSpeechRecognizer: onReadyForSpeech
2019-03-19 11:12:31.464 664-3997/? I/AudioFlinger: AudioFlinger's thread 0xf0b03dc0 tid=3997 ready to run
2019-03-19 11:12:31.469 3961-3994/? I/S3RecognizerInfoBuilder: S3PreambleType 0
2019-03-19 11:12:31.482 1635-1635/? W/ChimeraUtils: Non Chimera context
2019-03-19 11:12:31.483 1635-1635/? W/ChimeraUtils: Non Chimera context
2019-03-19 11:12:31.488 3961-4000/? D/CronetProvider: Tried to load org.chromium.net.impl.NativeCronetProvider provider class but it wasn't included in the app classpath
2019-03-19 11:12:31.489 3961-3989/? I/MicrophoneInputStream: mic_started com.google.android.apps.gsa.speech.audio.ae@f33d129
2019-03-19 11:12:31.490 595-4003/? D/libperfdclientstub: perf_lock_acq stub called by pid: 595
2019-03-19 11:12:31.490 595-4003/? D/audio_route: Apply path: echo-reference
2019-03-19 11:12:31.492 595-4003/? D/audio_hw_primary: enable_snd_device: snd_device(80: voice-rec-dmic-ef-fluence)
2019-03-19 11:12:31.492 595-4003/? D/audio_route: Apply path: voice-rec-dmic-ef-fluence
2019-03-19 11:12:31.492 593-593/? W//system/bin/hw/android.hidl.allocator@1.0-service: ashmem_create_region(3840) returning hidl_memory(0x7400c2c350, 3840)
2019-03-19 11:12:31.494 593-593/? W//system/bin/hw/android.hidl.allocator@1.0-service: ashmem_create_region(3840) returning hidl_memory(0x7400c2c350, 3840)
2019-03-19 11:12:31.498 3961-4000/? W/zygote: Skipping duplicate class check due to unrecognized classloader
2019-03-19 11:12:31.499 3961-3961/? I/BgTaskExecutorImpl: Starting EXCLUSIVE background task fetch_location_reporting_state.
2019-03-19 11:12:31.501 3961-4000/? I/DynamiteModule: Considering local module com.google.android.gms.cronet_dynamite:0 and remote module com.google.android.gms.cronet_dynamite:1207
2019-03-19 11:12:31.501 3961-4000/? I/DynamiteModule: Selected remote version of com.google.android.gms.cronet_dynamite, version >= 1207
2019-03-19 11:12:31.507 3961-3998/? I/FavoriteContactNamesSup: get()
2019-03-19 11:12:31.507 3961-3998/? I/FavoriteContactNamesSup: get() : Execute directly (BG thread)
2019-03-19 11:12:31.508 3961-3998/? I/FavoriteContactNamesSup: get()
2019-03-19 11:12:31.508 3961-3998/? I/FavoriteContactNamesSup: get() : Execute directly (BG thread)
2019-03-19 11:12:31.508 3961-3998/? I/FavoriteContactNamesSup: get()
2019-03-19 11:12:31.508 3961-3998/? I/FavoriteContactNamesSup: get() : Execute directly (BG thread)
2019-03-19 11:12:31.515 595-4003/? D/ACDB-LOADER: ACDB -> send_audio_cal, acdb_id = 111, path = 1, app id = 0x11132, sample rate = 48000
2019-03-19 11:12:31.515 595-4003/? D/ACDB-LOADER: ACDB -> send_asm_topology
2019-03-19 11:12:31.515 595-4003/? D/ACDB-LOADER: ACDB -> ACDB_CMD_GET_AUDPROC_STREAM_TOPOLOGY_ID
2019-03-19 11:12:31.515 595-4003/? D/ACDB-LOADER: ACDB -> send_adm_topology
2019-03-19 11:12:31.515 595-4003/? D/ACDB-LOADER: ACDB -> ACDB_CMD_GET_AUDPROC_COMMON_TOPOLOGY_ID
2019-03-19 11:12:31.515 595-4003/? D/ACDB-LOADER: ACDB -> send_audtable
2019-03-19 11:12:31.515 595-4003/? D/ACDB-LOADER: ACDB -> ACDB_CMD_GET_AUDPROC_COMMON_TABLE_SIZE
2019-03-19 11:12:31.515 595-4003/? D/ACDB-LOADER: ACDB -> ACDB_CMD_GET_AUDPROC_COMMON_TABLE
2019-03-19 11:12:31.515 595-4003/? D/ACDB-LOADER: ACDB -> AUDIO_SET_AUDPROC_CAL
2019-03-19 11:12:31.515 595-4003/? D/ACDB-LOADER: ACDB -> send_audvoltable
2019-03-19 11:12:31.515 595-4003/? D/ACDB-LOADER: ACDB -> ACDB_CMD_GET_AUDPROC_VOL_STEP_TABLE_SIZE
2019-03-19 11:12:31.516 595-4003/? D/ACDB-LOADER: ACDB -> ACDB_CMD_GET_AUDPROC_GAIN_DEP_STEP_TABLE, vol index 0
2019-03-19 11:12:31.516 595-4003/? E/ACDB-LOADER: Error: ACDB AudProc vol returned = -19
2019-03-19 11:12:31.516 595-4003/? D/ACDB-LOADER: ACDB -> AUDIO_SET_VOL_CAL cal type = 12
2019-03-19 11:12:31.516 595-4003/? D/ACDB-LOADER: ACDB -> ACDB_CMD_GET_AUDPROC_STREAM_TABLE_SIZE
2019-03-19 11:12:31.516 595-4003/? D/ACDB-LOADER: ACDB -> send_audstrmtable
2019-03-19 11:12:31.516 595-4003/? D/ACDB-LOADER: ACDB -> ACDB_CMD_GET_AUDPROC_STREAM_TABLE_V2
2019-03-19 11:12:31.516 595-4003/? D/ACDB-LOADER: ACDB -> audstrm_cal->cal_type.cal_data.cal_size = 16
2019-03-19 11:12:31.516 595-4003/? D/ACDB-LOADER: ACDB -> send_afe_topology
2019-03-19 11:12:31.516 595-4003/? D/ACDB-LOADER: ACDB -> ACDB_CMD_GET_AFE_TOPOLOGY_ID
2019-03-19 11:12:31.516 595-4003/? D/ACDB-LOADER: ACDB -> GET_AFE_TOPOLOGY_ID for adcd_id 111, Topology Id 112fb
2019-03-19 11:12:31.516 595-4003/? D/ACDB-LOADER: ACDB -> send_afe_cal
2019-03-19 11:12:31.516 595-4003/? D/ACDB-LOADER: ACDB -> ACDB_CMD_GET_AFE_COMMON_TABLE_SIZE
2019-03-19 11:12:31.516 595-4003/? E/ACDB-LOADER: Error: ACDB_CMD_GET_AFE_COMMON_TABLE_SIZE Returned = -19
2019-03-19 11:12:31.516 595-4003/? D/ACDB-LOADER: ACDB -> ACDB_CMD_GET_AFE_COMMON_TABLE
2019-03-19 11:12:31.516 595-4003/? E/ACDB-LOADER: Error: ACDB AFE returned = -19
2019-03-19 11:12:31.516 595-4003/? D/ACDB-LOADER: ACDB -> AUDIO_SET_AFE_CAL
2019-03-19 11:12:31.516 595-4003/? D/ACDB-LOADER: ACDB -> send_hw_delay : acdb_id = 111 path = 1
2019-03-19 11:12:31.516 595-4003/? D/ACDB-LOADER: ACDB -> ACDB_AVSYNC_INFO: ACDB_CMD_GET_DEVICE_PROPERTY
2019-03-19 11:12:31.516 595-4003/? D/audio_hw_primary: enable_audio_route: usecase(9) apply and update mixer path: audio-record
2019-03-19 11:12:31.516 595-4003/? D/audio_route: Apply path: audio-record
2019-03-19 11:12:31.519 3961-4004/? I/OMXClient: Treble IOmx obtained
2019-03-19 11:12:31.522 682-1268/? I/OMXMaster: makeComponentInstance(OMX.google.amrwb.encoder) in omx@1.0-service process
2019-03-19 11:12:31.525 682-1268/? E/OMXNodeInstance: getConfig(0xeb322ae0:google.amrwb.encoder, ConfigAndroidVendorExtension(0x6f100004)) ERROR: Undefined(0x80001001)
2019-03-19 11:12:31.528 593-593/? W//system/bin/hw/android.hidl.allocator@1.0-service: ashmem_create_region(640) returning hidl_memory(0x7400c2c350, 640)
2019-03-19 11:12:31.531 3961-4005/? W/BgTaskExecutorImpl: EXCLUSIVE background task fetch_location_reporting_state was not found. com.google.android.apps.gsa.tasks.p: Could not find background task: fetch_location_reporting_state
at com.google.android.apps.gsa.tasks.b.b.run(SourceFile:2)
at java.util.concurrent.Executors$RunnableAdapter.call(Executors.java:457)
at java.util.concurrent.FutureTask.run(FutureTask.java:266)
at java.util.concurrent.Executors$RunnableAdapter.call(Executors.java:457)
at java.util.concurrent.FutureTask.run(FutureTask.java:266)
at com.google.android.apps.gsa.shared.util.concurrent.a.h.run(Unknown Source:2)
at com.google.android.apps.gsa.shared.util.concurrent.a.ap.run(SourceFile:1)
at com.google.android.apps.gsa.shared.util.concurrent.a.ap.run(SourceFile:1)
at java.util.concurrent.ThreadPoolExecutor.runWorker(ThreadPoolExecutor.java:1162)
at java.util.concurrent.ThreadPoolExecutor$Worker.run(ThreadPoolExecutor.java:636)
at java.lang.Thread.run(Thread.java:764)
at com.google.android.apps.gsa.shared.util.concurrent.a.l.run(SourceFile:5)
2019-03-19 11:12:31.532 593-593/? W//system/bin/hw/android.hidl.allocator@1.0-service: ashmem_create_region(640) returning hidl_memory(0x7400c2c350, 640)
2019-03-19 11:12:31.533 3961-4000/? W/zygote: Skipping duplicate class check due to unrecognized classloader
2019-03-19 11:12:31.533 593-593/? W//system/bin/hw/android.hidl.allocator@1.0-service: ashmem_create_region(640) returning hidl_memory(0x7400c2c350, 640)
2019-03-19 11:12:31.534 593-593/? W//system/bin/hw/android.hidl.allocator@1.0-service: ashmem_create_region(640) returning hidl_memory(0x7400c2c350, 640)
2019-03-19 11:12:31.536 593-593/? W//system/bin/hw/android.hidl.allocator@1.0-service: ashmem_create_region(8192) returning hidl_memory(0x7400c2c350, 8192)
2019-03-19 11:12:31.536 593-593/? I/chatty: uid=1000(system) allocator@1.0-s identical 2 lines
2019-03-19 11:12:31.537 593-593/? W//system/bin/hw/android.hidl.allocator@1.0-service: ashmem_create_region(8192) returning hidl_memory(0x7400c2c350, 8192)
2019-03-19 11:12:31.541 3961-4000/? D/CronetProvider: Tried to load org.chromium.net.impl.NativeCronetProvider provider class but it wasn't included in the app classpath
2019-03-19 11:12:31.548 595-4003/? D/libperfdclientstub: perf_lock_rel stub called by pid: 595
2019-03-19 11:12:31.561 3961-4000/? I/cr_CronetLibraryLoader: Cronet version: 70.0.3538.80, arch: armv8l
2019-03-19 11:12:31.566 3961-3988/? W/CronetHttpEngine: Upload request without a content type.
2019-03-19 11:12:31.586 3961-3989/? W/SpeechLevelGenerator: Really low audio levels detected. The audio input may have issues.
2019-03-19 11:12:31.630 3961-4018/? D/NetworkSecurityConfig: No Network Security Config specified, using platform default
2019-03-19 11:12:31.864 664-797/? W/AudioFlinger::EffectModule: EffectModule 0xf2999000 destructor called with unreleased interface
2019-03-19 11:12:31.864 664-797/? W/AudioFlinger::EffectHandle: disconnect Effect handle 0xf2991040 disconnected after thread destruction
2019-03-19 11:12:31.947 1446-1652/? E/native: filter_update_base.cc:101 Mapped visual feature update failed when computing its residual and Jacobian.
2019-03-19 11:12:32.184 3961-3979/? W/RecognitionDispatcher: Could not stop engine: 3.
2019-03-19 11:12:32.185 3586-3586/? I/KKSpeechRecognizer: onBeginningOfSpeech
2019-03-19 11:12:32.358 3586-3602/? I/Unity: GotPartialResult (Filename: ./Runtime/Export/Debug.bindings.h Line: 45)
2019-03-19 11:12:32.479 3586-3602/? I/chatty: uid=10076(com.bds.ymtcpsvr) UnityMain identical 2 lines
2019-03-19 11:12:32.530 3586-3602/? I/Unity: GotPartialResult (Filename: ./Runtime/Export/Debug.bindings.h Line: 45)
2019-03-19 11:12:32.657 1446-1652/? E/native: filter_update_base.cc:101 Mapped visual feature update failed when computing its residual and Jacobian.
2019-03-19 11:12:32.827 3983-3983/? I/dex2oat: Large app, accepted running with swap.
2019-03-19 11:12:33.037 3586-3602/? I/Unity: GotPartialResult (Filename: ./Runtime/Export/Debug.bindings.h Line: 45)
2019-03-19 11:12:33.387 3586-3602/? I/chatty: uid=10076(com.bds.ymtcpsvr) UnityMain identical 3 lines
2019-03-19 11:12:33.456 3586-3602/? I/Unity: GotPartialResult (Filename: ./Runtime/Export/Debug.bindings.h Line: 45)
